{"id":14072,"date":"2006-10-19T00:00:00","date_gmt":"2006-10-19T00:00:00","guid":{"rendered":"https:\/\/fcmanrique.org\/fcm-actividad\/jameos-del-agua-javier-maderuelo\/"},"modified":"2026-04-23T23:19:29","modified_gmt":"2026-04-23T23:19:29","slug":"jameos-del-agua-javier-maderuelo","status":"publish","type":"fcm_actividad","link":"https:\/\/ludiccc.ddns.net\/en\/fcm-actividad\/jameos-del-agua-javier-maderuelo\/","title":{"rendered":"Presentaci\u00f3n del libro <em>Jameos del Agua<\/em> de Javier Maderuelo"},"content":{"rendered":"<div class=\"wp-block-columns fcm-page-migration-columns is-layout-flex wp-container-core-columns-is-layout-9d6595d7 wp-block-columns-is-layout-flex\"><div class=\"wp-block-column is-layout-flow wp-block-column-is-layout-flow\" style=\"flex-basis:66.66%\"><figure class=\"wp-block-image size-full\"><img fetchpriority=\"high\" width=\"400\" height=\"340\" src=\"https:\/\/fcm.local\/wp-content\/uploads\/fc-manrique-presentacion-jameos-del-agua-javier-maderuelo.jpg\" class=\"wp-image-24725\" alt=\"Presentaci\u00f3n del libro Jameos del Agua de Javier Maderuelo\" loading=\"eager\" decoding=\"async\" srcset=\"https:\/\/fcm.local\/wp-content\/uploads\/fc-manrique-presentacion-jameos-del-agua-javier-maderuelo.jpg 400w, https:\/\/fcm.local\/wp-content\/uploads\/fc-manrique-presentacion-jameos-del-agua-javier-maderuelo-300x255.jpg 300w, https:\/\/fcm.local\/wp-content\/uploads\/fc-manrique-presentacion-jameos-del-agua-javier-maderuelo-289x246.jpg 289w\" sizes=\"(max-width: 400px) 100vw, 400px\" \/><\/figure>\n<p>El 19 de octubre de 2006, se present\u00f3 en la sede de la FCM el libro <a href=\"https:\/\/fcmanrique.org\/fcm-publicacion\/jameos-del-agua\/?cpg=1\" target=\"_blank\" rel=\"noopener\"><strong><em>Jameos del Agua<\/em><\/strong><\/a>, de Javier Maderuelo.<\/p>\n<p>La publicaci\u00f3n, editada por la FCM, con la colaboraci\u00f3n de la Caja de Canarias, se incluye en la<strong> colecci\u00f3n \u201cLugares\u201d<\/strong>, dedicada a estudios monogr\u00e1ficos de cada una de las intervenciones paisaj\u00edsticas de C\u00e9sar Manrique, en la que ya se han publicado<em> Timanfaya. Restaurante El Diablo<\/em>, de L\u00e1zaro Santana, <em>Mirador del R\u00edo<\/em>, de Francisco Galante, y<em> Jard\u00edn de Cactus<\/em>, de Juan Ram\u00edrez de Lucas. Maderuelo recorre, en los sucesivos cap\u00edtulos del libro, la figura del artista, la g\u00e9nesis de Jameos del Agua, la historia de su realizaci\u00f3n y sus valores arquitect\u00f3nicos y paisaj\u00edsticos.<\/p>\n<p>La publicaci\u00f3n se complementa con un amplio repertorio de im\u00e1genes de Jameos del Agua y su entorno, realizado por el fot\u00f3grafo Pedro Mart\u00ednez de Albornoz.<\/p>\n<p><strong>Javier Maderuelo<\/strong> (Madrid, 1950) es Doctor en Arquitectura por la Universidad de Valladolid, Doctor en Historia del Arte por la Universidad de Zaragoza, y Catedr\u00e1tico de Arquitectura del Paisaje en el Departamento de Arquitectura de la Universidad de Alcal\u00e1. Ha sido, adem\u00e1s, profesor invitado en las universidades Nacional de Chile y Lisboa.<\/p>\n<p>Ha participado como profesor en m\u00e1s de cien cursos monogr\u00e1ficos y seminarios y ha impartido cursos de doctorado en las universidades de Valladolid, Polit\u00e9cnica de Valencia, del Pa\u00eds Vasco y en la Escola Superior Art\u00edstica do Porto, Oporto.<\/p>\n<p>Ejerce como cr\u00edtico y ensayista, escribiendo asiduamente sobre arte y arquitectura. Ha sido cr\u00edtico de arte en diario <em>El Independiente<\/em> y en la revista <em>Cyan<\/em>, si\u00e9ndolo del diario <em>El Pa\u00eds<\/em> desde 1993.<\/p>\n<p>Maderuelo dirige el programa <em>Arte y Naturaleza<\/em> de la Diputaci\u00f3n de Huesca y las publicaciones editadas bajo ese t\u00edtulo, as\u00ed como los cursos que se han celebrado entre 1995 y 1999. Como continuaci\u00f3n de ese programa, dirige los cursos sobre <em>Paisaje<\/em> del CDAN-Fundaci\u00f3n Beulas de Huesca. <\/p>\n<p>Es autor, entre otros, de los siguientes libros: <em>El espacio raptado. Interferencias entre arquitectura y escultura<\/em>, Mondadori, Madrid, 1990; <em>Arte p\u00fablico<\/em>, Diputaci\u00f3n de Huesca, Huesca, 1994; <em>La p\u00e9rdida del pedestal<\/em>, C\u00edrculo de Bellas Artes &#8211; Visor, Madrid, 1994; <em>Cristina Iglesias. Cinco proyectos<\/em>, Argentaria, Madrid, 1996; <em>Andreu Alfaro. Espacio P\u00fablico<\/em>, Fundaci\u00f3n CAM, Alicante, 1996; <em>Nuevas visiones de lo pintoresco: El paisaje como arte<\/em>, Fundaci\u00f3n C\u00e9sar Manrique, Teguise, Lanzarote, 1996; <em>El paisaje. G\u00e9nesis de un concepto<\/em>, Abada, Madrid, 2005; <em>Jameos del Agua<\/em>, Fundaci\u00f3n C\u00e9sar Manrique, Teguise, Lanzarote, 2006.<\/p>\n<p>Adem\u00e1s, Maderuelo ha sido editor y coautor de los siguientes libros: <em>Arte y Naturaleza<\/em>, Diputaci\u00f3n de Huesca, Huesca, 1996; <em>El Paisaje<\/em>, Diputaci\u00f3n de Huesca, Huesca, 1997; <em>El jard\u00edn como arte<\/em>, Diputaci\u00f3n de Huesca, Huesca, 1998; <em>Desde la ciudad<\/em>, Diputaci\u00f3n de Huesca, Huesca, 1999; <em>Arte p\u00fablico<\/em>, Diputaci\u00f3n de Huesca, Huesca, 2000; <em>Arte p\u00fablico: Naturaleza y ciudad, <\/em>Fundaci\u00f3n C\u00e9sar Manrique, Teguise, 2001; GILPIN, William, <em>Tres ensayos sobre la belleza pintoresca<\/em>, Abada, Madrid, 2004; <em>Medio siglo de arte. \u00daltimas tendencias 1955-2005<\/em>, Abada, Madrid, 2006.<\/p>\n<p>Pedro Mart\u00ednez de Albornoz se dedica profesionalmente a la fotograf\u00eda desde el a\u00f1o 1987. Ha trabajado en la reproducci\u00f3n de obras de arte y de arquitectura, en el retrato y en el mundo editorial. Es miembro fundador del archivo fotogr\u00e1fico ZAS, y su obra ha estado presentada en distintas exposiciones colectivas.<\/p><\/div><div class=\"wp-block-column is-layout-flow wp-block-column-is-layout-flow\" style=\"flex-basis:33.33%\"><div class=\"wp-block-group detail-panel detail-media wp-block-group-\"><div class=\"wp-block-group__inner-container is-layout-flow wp-block-group-is-layout-flow\"><p><a href=\"https:\/\/fcmanrique.org\/wp-content\/uploads\/thmb_presentjameos_640.jpg\"><\/a><\/p><\/div><\/div><\/div><\/div>","protected":false},"featured_media":24725,"parent":0,"template":"","meta":{"_acf_changed":false,"ngg_post_thumbnail":0,"footnotes":""},"actividad_tipo":[36],"actividad_lugar":[46],"actividad_departamento":[31],"actividad_ciclo":[],"class_list":["post-14072","fcm_actividad","type-fcm_actividad","status-publish","has-post-thumbnail","hentry","actividad_tipo-presentacion-libros","actividad_lugar-lugar-fcm","actividad_departamento-departamento-de-programas-culturales"],"acf":[],"_links":{"self":[{"href":"https:\/\/ludiccc.ddns.net\/en\/wp-json\/wp\/v2\/fcm_actividad\/14072","targetHints":{"allow":["GET"]}}],"collection":[{"href":"https:\/\/ludiccc.ddns.net\/en\/wp-json\/wp\/v2\/fcm_actividad"}],"about":[{"href":"https:\/\/ludiccc.ddns.net\/en\/wp-json\/wp\/v2\/types\/fcm_actividad"}],"version-history":[{"count":4,"href":"https:\/\/ludiccc.ddns.net\/en\/wp-json\/wp\/v2\/fcm_actividad\/14072\/revisions"}],"predecessor-version":[{"id":27052,"href":"https:\/\/ludiccc.ddns.net\/en\/wp-json\/wp\/v2\/fcm_actividad\/14072\/revisions\/27052"}],"wp:featuredmedia":[{"embeddable":true,"href":"https:\/\/ludiccc.ddns.net\/en\/wp-json\/wp\/v2\/media\/24725"}],"wp:attachment":[{"href":"https:\/\/ludiccc.ddns.net\/en\/wp-json\/wp\/v2\/media?parent=14072"}],"wp:term":[{"taxonomy":"actividad_tipo","embeddable":true,"href":"https:\/\/ludiccc.ddns.net\/en\/wp-json\/wp\/v2\/actividad_tipo?post=14072"},{"taxonomy":"actividad_lugar","embeddable":true,"href":"https:\/\/ludiccc.ddns.net\/en\/wp-json\/wp\/v2\/actividad_lugar?post=14072"},{"taxonomy":"actividad_departamento","embeddable":true,"href":"https:\/\/ludiccc.ddns.net\/en\/wp-json\/wp\/v2\/actividad_departamento?post=14072"},{"taxonomy":"actividad_ciclo","embeddable":true,"href":"https:\/\/ludiccc.ddns.net\/en\/wp-json\/wp\/v2\/actividad_ciclo?post=14072"}],"curies":[{"name":"wp","href":"https:\/\/api.w.org\/{rel}","templated":true}]}}

Presentación del libro <em>Jameos del Agua</em> de Javier Maderuelo

<div class="wp-block-columns fcm-page-migration-columns is-layout-flex wp-container-core-columns-is-layout-9d6595d7 wp-block-columns-is-layout-flex"><div class="wp-block-column is-layout-flow wp-block-column-is-layout-flow" style="flex-basis:66.66%"><figure class="wp-block-image size-full"><img fetchpriority="high" width="400" height="340" src="https://fcm.local/wp-content/uploads/fc-manrique-presentacion-jameos-del-agua-javier-maderuelo.jpg" class="wp-image-24725" alt="Presentación del libro Jameos del Agua de Javier Maderuelo" loading="eager" decoding="async" srcset="https://fcm.local/wp-content/uploads/fc-manrique-presentacion-jameos-del-agua-javier-maderuelo.jpg 400w, https://fcm.local/wp-content/uploads/fc-manrique-presentacion-jameos-del-agua-javier-maderuelo-300x255.jpg 300w, https://fcm.local/wp-content/uploads/fc-manrique-presentacion-jameos-del-agua-javier-maderuelo-289x246.jpg 289w" sizes="(max-width: 400px) 100vw, 400px" /></figure>
<p>El 19 de octubre de 2006, se presentó en la sede de la FCM el libro <a href="https://fcmanrique.org/fcm-publicacion/jameos-del-agua/?cpg=1" target="_blank" rel="noopener"><strong><em>Jameos del Agua</em></strong></a>, de Javier Maderuelo.</p>
<p>La publicación, editada por la FCM, con la colaboración de la Caja de Canarias, se incluye en la<strong> colección “Lugares”</strong>, dedicada a estudios monográficos de cada una de las intervenciones paisajísticas de César Manrique, en la que ya se han publicado<em> Timanfaya. Restaurante El Diablo</em>, de Lázaro Santana, <em>Mirador del Río</em>, de Francisco Galante, y<em> Jardín de Cactus</em>, de Juan Ramírez de Lucas. Maderuelo recorre, en los sucesivos capítulos del libro, la figura del artista, la génesis de Jameos del Agua, la historia de su realización y sus valores arquitectónicos y paisajísticos.</p>
<p>La publicación se complementa con un amplio repertorio de imágenes de Jameos del Agua y su entorno, realizado por el fotógrafo Pedro Martínez de Albornoz.</p>
<p><strong>Javier Maderuelo</strong> (Madrid, 1950) es Doctor en Arquitectura por la Universidad de Valladolid, Doctor en Historia del Arte por la Universidad de Zaragoza, y Catedrático de Arquitectura del Paisaje en el Departamento de Arquitectura de la Universidad de Alcalá. Ha sido, además, profesor invitado en las universidades Nacional de Chile y Lisboa.</p>
<p>Ha participado como profesor en más de cien cursos monográficos y seminarios y ha impartido cursos de doctorado en las universidades de Valladolid, Politécnica de Valencia, del País Vasco y en la Escola Superior Artística do Porto, Oporto.</p>
<p>Ejerce como crítico y ensayista, escribiendo asiduamente sobre arte y arquitectura. Ha sido crítico de arte en diario <em>El Independiente</em> y en la revista <em>Cyan</em>, siéndolo del diario <em>El País</em> desde 1993.</p>
<p>Maderuelo dirige el programa <em>Arte y Naturaleza</em> de la Diputación de Huesca y las publicaciones editadas bajo ese título, así como los cursos que se han celebrado entre 1995 y 1999. Como continuación de ese programa, dirige los cursos sobre <em>Paisaje</em> del CDAN-Fundación Beulas de Huesca. </p>
<p>Es autor, entre otros, de los siguientes libros: <em>El espacio raptado. Interferencias entre arquitectura y escultura</em>, Mondadori, Madrid, 1990; <em>Arte público</em>, Diputación de Huesca, Huesca, 1994; <em>La pérdida del pedestal</em>, Círculo de Bellas Artes &#8211; Visor, Madrid, 1994; <em>Cristina Iglesias. Cinco proyectos</em>, Argentaria, Madrid, 1996; <em>Andreu Alfaro. Espacio Público</em>, Fundación CAM, Alicante, 1996; <em>Nuevas visiones de lo pintoresco: El paisaje como arte</em>, Fundación César Manrique, Teguise, Lanzarote, 1996; <em>El paisaje. Génesis de un concepto</em>, Abada, Madrid, 2005; <em>Jameos del Agua</em>, Fundación César Manrique, Teguise, Lanzarote, 2006.</p>
<p>Además, Maderuelo ha sido editor y coautor de los siguientes libros: <em>Arte y Naturaleza</em>, Diputación de Huesca, Huesca, 1996; <em>El Paisaje</em>, Diputación de Huesca, Huesca, 1997; <em>El jardín como arte</em>, Diputación de Huesca, Huesca, 1998; <em>Desde la ciudad</em>, Diputación de Huesca, Huesca, 1999; <em>Arte público</em>, Diputación de Huesca, Huesca, 2000; <em>Arte público: Naturaleza y ciudad, </em>Fundación César Manrique, Teguise, 2001; GILPIN, William, <em>Tres ensayos sobre la belleza pintoresca</em>, Abada, Madrid, 2004; <em>Medio siglo de arte. Últimas tendencias 1955-2005</em>, Abada, Madrid, 2006.</p>
<p>Pedro Martínez de Albornoz se dedica profesionalmente a la fotografía desde el año 1987. Ha trabajado en la reproducción de obras de arte y de arquitectura, en el retrato y en el mundo editorial. Es miembro fundador del archivo fotográfico ZAS, y su obra ha estado presentada en distintas exposiciones colectivas.</p></div><div class="wp-block-column is-layout-flow wp-block-column-is-layout-flow" style="flex-basis:33.33%"><div class="wp-block-group detail-panel detail-media wp-block-group-"><div class="wp-block-group__inner-container is-layout-flow wp-block-group-is-layout-flow"><p><a href="https://fcmanrique.org/wp-content/uploads/thmb_presentjameos_640.jpg"></a></p></div></div></div></div>
