{"id":13982,"date":"2005-09-01T00:00:00","date_gmt":"2005-09-01T00:00:00","guid":{"rendered":"https:\/\/fcmanrique.org\/fcm-actividad\/andres-sanchez-robayna\/"},"modified":"2026-04-23T23:19:19","modified_gmt":"2026-04-23T23:19:19","slug":"andres-sanchez-robayna","status":"publish","type":"fcm_actividad","link":"https:\/\/ludiccc.ddns.net\/en\/fcm-actividad\/andres-sanchez-robayna\/","title":{"rendered":"Andr\u00e9s S\u00e1nchez Robayna"},"content":{"rendered":"<div class=\"wp-block-columns fcm-page-migration-columns is-layout-flex wp-container-core-columns-is-layout-9d6595d7 wp-block-columns-is-layout-flex\"><div class=\"wp-block-column is-layout-flow wp-block-column-is-layout-flow\" style=\"flex-basis:66.66%\"><figure class=\"wp-block-image size-full\"><img width=\"135\" height=\"100\" src=\"https:\/\/fcm.local\/wp-content\/uploads\/thmb_thmb_andressanchez_135x100.jpg\" class=\"wp-image-13983\" alt=\"Andr\u00e9s S\u00e1nchez Robayna\" loading=\"eager\" decoding=\"async\" \/><\/figure>\n<p>Andr\u00e9s S\u00e1nchez Robayna es poeta y ensayista, Doctor en Filolog\u00eda Hisp\u00e1nica por la Universidad de Barcelona y Catedr\u00e1tico de Literatura Espa\u00f1ola en la Universidad de La Laguna desde 1995. Ha sido conferenciante y profesor en diversas universidades espa\u00f1olas y en algunas extranjeras \u2014Universidad de Austin-Texas, S\u00e3o Paulo, Nueva York, Florencia, Puerto Rico, entre otras. En la actualidad pertenece al Consejo Editorial de diversas revistas especializadas: <em>Voz y Letra<\/em>, <em>Contemporary Spain<\/em>, <em>Eutop\u00edas<\/em>, <em>Estudios Canarios<\/em>, <em>Letras Libres<\/em>, <em>Anuario de Estudios Atl\u00e1nticos<\/em>, etc. <\/p>\n<p>S\u00e1nchez Robayna es miembro directivo del Instituto de Estudios Canarios en la Universidad de La Laguna y presidente de la Secci\u00f3n de Bibliograf\u00eda del mismo Instituto, en el que dirige, adem\u00e1s, varias colecciones editoriales. Es fundador y director de las revistas <em>Literradura <\/em>(Barcelona, 1976) y <em>Syntaxis <\/em>(Tenerife, 1983-1993). Fue Director de la Sede canaria de la Universidad Internacional Men\u00e9ndez Pelayo, as\u00ed como director del Departamento de Debate y Pensamiento del Centro Atl\u00e1ntico de Arte Moderno (CAAM). <\/p>\n<p>Recibi\u00f3 el Premio de la Cr\u00edtica por su libro de poemas <em>La roca <\/em>(1984), as\u00ed como el Premio Nacional de Traducci\u00f3n (1982) por su versi\u00f3n de la Poes\u00eda Completa de Salvador Espriu. Es especialista en literatura de los Siglos de Oro, y ha editado obras de varios autores del siglo XX (Tom\u00e1s Morales, Juan Goytisolo, Jos\u00e9 \u00c1ngel Valente etc.). Ha desarrollado una amplia labor de traducci\u00f3n po\u00e9tica (Wallace Stevens, William Wordsworth, Salvador Espriu, Haroldo de Campos, Joan Brossa, Ram\u00f3n Xirau, etc.). Actualmente dirige el Taller de Traducci\u00f3n Literaria de la Universidad de La Laguna, as\u00ed como la serie editorial del mismo nombre. <\/p>\n<p>Entre sus libros de poes\u00eda se\u00f1alamos <em>D\u00eda de aire (Tiempo de efigies)<\/em> (1970); <em>Clima<\/em> (1978); <em>La roca<\/em> (1984); <em>Poemas 1970-1985 <\/em>(1987); <em>Palmas sobre la losa fr\u00eda<\/em> (1989); <em>Fuego blanco<\/em> (1992); <em>Poemas 1970-1995<\/em> (1997); <em>Inscripciones <\/em>(1999),<em> Poemas 1970-1999 <\/em>(2000),<em> Sobre una confidencia del mar griego <\/em>(2005). <\/p>\n<p>En cuanto a sus libros de cr\u00edtica, ha publicado, entre otros: <em>El primer Alonso Quesada <\/em>(1977);<em> Tres estudios sobre G\u00f3ngora<\/em> (1983);<em> Poetas canarios de los Siglos de Oro <\/em>(1990); <em>Para leer \u2018Primero sue\u00f1o\u2019 de sor Juana In\u00e9s de la Cruz <\/em>(1991); <em>Estudios sobre Cairasco de Figueroa<\/em> (1992);<em> Silva gongorina <\/em>(1993) y<em> La sombra del mundo<\/em> (1999). <\/p>\n<p>El jueves 1 de diciembre de 2005, Andr\u00e9s S\u00e1nchez Robayna nos acerc\u00f3 a las claves de su obra, comenzando la presentaci\u00f3n con un recuerdo a dos escritores que le hab\u00edan acompa\u00f1ado en sus anteriores intervenciones en la FCM, Jos\u00e9 \u00c1ngel Valente y Juan Goytisolo. Inicialmente reflexion\u00f3 sobre po\u00e9tica y creaci\u00f3n po\u00e9tica. Se refiri\u00f3 primero, a la evoluci\u00f3n de su escritura desde sus inicios con <em>D\u00edas de aire<\/em> (1970), pasando por la tem\u00e1tica metaf\u00edsica como una constante en su producci\u00f3n. En este sentido, afirm\u00f3 que \u201cno se posee una po\u00e9tica, sino que se es pose\u00eddo por ella\u201d. Posteriormente se centr\u00f3 en la lectura y an\u00e1lisis de 12 de sus poemas. <\/p>\n<p>Durante la lectura, rindi\u00f3 homenaje a uno de sus maestros, Haroldo de Campos. Tambi\u00e9n recit\u00f3 poemas dedicados a los atentados de marzo en Madrid, a su viaje a Cuba, a las vivencias de su visita al museo del pintor Morandi en Bolonia, o a Maria Zambrano y la experiencia del exilio de los derrotados de la guerra civil espa\u00f1ola.<\/p>\n<p>Para finalizar, S\u00e1nchez Robayna respondi\u00f3 a las preguntas del p\u00fablico y explic\u00f3 su trabajo en el Taller de Traducci\u00f3n Literaria de la Universidad de La Laguna.<\/p><\/div><div class=\"wp-block-column is-layout-flow wp-block-column-is-layout-flow\" style=\"flex-basis:33.33%\"><div class=\"wp-block-group detail-panel detail-media wp-block-group-\"><div class=\"wp-block-group__inner-container is-layout-flow wp-block-group-is-layout-flow\"><p><a href=\"https:\/\/fcmanrique.org\/wp-content\/uploads\/thmb_andressanchez_640.jpg\"><\/a><\/p><\/div><\/div><\/div><\/div>","protected":false},"featured_media":13983,"parent":0,"template":"","meta":{"_acf_changed":false,"ngg_post_thumbnail":0,"footnotes":""},"actividad_tipo":[34],"actividad_lugar":[46],"actividad_departamento":[31],"actividad_ciclo":[70],"class_list":["post-13982","fcm_actividad","type-fcm_actividad","status-publish","has-post-thumbnail","hentry","actividad_tipo-conferencias","actividad_lugar-lugar-fcm","actividad_departamento-departamento-de-programas-culturales","actividad_ciclo-el-autor-y-su-obra"],"acf":[],"_links":{"self":[{"href":"https:\/\/ludiccc.ddns.net\/en\/wp-json\/wp\/v2\/fcm_actividad\/13982","targetHints":{"allow":["GET"]}}],"collection":[{"href":"https:\/\/ludiccc.ddns.net\/en\/wp-json\/wp\/v2\/fcm_actividad"}],"about":[{"href":"https:\/\/ludiccc.ddns.net\/en\/wp-json\/wp\/v2\/types\/fcm_actividad"}],"version-history":[{"count":1,"href":"https:\/\/ludiccc.ddns.net\/en\/wp-json\/wp\/v2\/fcm_actividad\/13982\/revisions"}],"predecessor-version":[{"id":26948,"href":"https:\/\/ludiccc.ddns.net\/en\/wp-json\/wp\/v2\/fcm_actividad\/13982\/revisions\/26948"}],"wp:featuredmedia":[{"embeddable":true,"href":"https:\/\/ludiccc.ddns.net\/en\/wp-json\/wp\/v2\/media\/13983"}],"wp:attachment":[{"href":"https:\/\/ludiccc.ddns.net\/en\/wp-json\/wp\/v2\/media?parent=13982"}],"wp:term":[{"taxonomy":"actividad_tipo","embeddable":true,"href":"https:\/\/ludiccc.ddns.net\/en\/wp-json\/wp\/v2\/actividad_tipo?post=13982"},{"taxonomy":"actividad_lugar","embeddable":true,"href":"https:\/\/ludiccc.ddns.net\/en\/wp-json\/wp\/v2\/actividad_lugar?post=13982"},{"taxonomy":"actividad_departamento","embeddable":true,"href":"https:\/\/ludiccc.ddns.net\/en\/wp-json\/wp\/v2\/actividad_departamento?post=13982"},{"taxonomy":"actividad_ciclo","embeddable":true,"href":"https:\/\/ludiccc.ddns.net\/en\/wp-json\/wp\/v2\/actividad_ciclo?post=13982"}],"curies":[{"name":"wp","href":"https:\/\/api.w.org\/{rel}","templated":true}]}}

Andrés Sánchez Robayna

<div class="wp-block-columns fcm-page-migration-columns is-layout-flex wp-container-core-columns-is-layout-9d6595d7 wp-block-columns-is-layout-flex"><div class="wp-block-column is-layout-flow wp-block-column-is-layout-flow" style="flex-basis:66.66%"><figure class="wp-block-image size-full"><img width="135" height="100" src="https://fcm.local/wp-content/uploads/thmb_thmb_andressanchez_135x100.jpg" class="wp-image-13983" alt="Andrés Sánchez Robayna" loading="eager" decoding="async" /></figure>
<p>Andrés Sánchez Robayna es poeta y ensayista, Doctor en Filología Hispánica por la Universidad de Barcelona y Catedrático de Literatura Española en la Universidad de La Laguna desde 1995. Ha sido conferenciante y profesor en diversas universidades españolas y en algunas extranjeras —Universidad de Austin-Texas, São Paulo, Nueva York, Florencia, Puerto Rico, entre otras. En la actualidad pertenece al Consejo Editorial de diversas revistas especializadas: <em>Voz y Letra</em>, <em>Contemporary Spain</em>, <em>Eutopías</em>, <em>Estudios Canarios</em>, <em>Letras Libres</em>, <em>Anuario de Estudios Atlánticos</em>, etc. </p>
<p>Sánchez Robayna es miembro directivo del Instituto de Estudios Canarios en la Universidad de La Laguna y presidente de la Sección de Bibliografía del mismo Instituto, en el que dirige, además, varias colecciones editoriales. Es fundador y director de las revistas <em>Literradura </em>(Barcelona, 1976) y <em>Syntaxis </em>(Tenerife, 1983-1993). Fue Director de la Sede canaria de la Universidad Internacional Menéndez Pelayo, así como director del Departamento de Debate y Pensamiento del Centro Atlántico de Arte Moderno (CAAM). </p>
<p>Recibió el Premio de la Crítica por su libro de poemas <em>La roca </em>(1984), así como el Premio Nacional de Traducción (1982) por su versión de la Poesía Completa de Salvador Espriu. Es especialista en literatura de los Siglos de Oro, y ha editado obras de varios autores del siglo XX (Tomás Morales, Juan Goytisolo, José Ángel Valente etc.). Ha desarrollado una amplia labor de traducción poética (Wallace Stevens, William Wordsworth, Salvador Espriu, Haroldo de Campos, Joan Brossa, Ramón Xirau, etc.). Actualmente dirige el Taller de Traducción Literaria de la Universidad de La Laguna, así como la serie editorial del mismo nombre. </p>
<p>Entre sus libros de poesía señalamos <em>Día de aire (Tiempo de efigies)</em> (1970); <em>Clima</em> (1978); <em>La roca</em> (1984); <em>Poemas 1970-1985 </em>(1987); <em>Palmas sobre la losa fría</em> (1989); <em>Fuego blanco</em> (1992); <em>Poemas 1970-1995</em> (1997); <em>Inscripciones </em>(1999),<em> Poemas 1970-1999 </em>(2000),<em> Sobre una confidencia del mar griego </em>(2005). </p>
<p>En cuanto a sus libros de crítica, ha publicado, entre otros: <em>El primer Alonso Quesada </em>(1977);<em> Tres estudios sobre Góngora</em> (1983);<em> Poetas canarios de los Siglos de Oro </em>(1990); <em>Para leer ‘Primero sueño’ de sor Juana Inés de la Cruz </em>(1991); <em>Estudios sobre Cairasco de Figueroa</em> (1992);<em> Silva gongorina </em>(1993) y<em> La sombra del mundo</em> (1999). </p>
<p>El jueves 1 de diciembre de 2005, Andrés Sánchez Robayna nos acercó a las claves de su obra, comenzando la presentación con un recuerdo a dos escritores que le habían acompañado en sus anteriores intervenciones en la FCM, José Ángel Valente y Juan Goytisolo. Inicialmente reflexionó sobre poética y creación poética. Se refirió primero, a la evolución de su escritura desde sus inicios con <em>Días de aire</em> (1970), pasando por la temática metafísica como una constante en su producción. En este sentido, afirmó que “no se posee una poética, sino que se es poseído por ella”. Posteriormente se centró en la lectura y análisis de 12 de sus poemas. </p>
<p>Durante la lectura, rindió homenaje a uno de sus maestros, Haroldo de Campos. También recitó poemas dedicados a los atentados de marzo en Madrid, a su viaje a Cuba, a las vivencias de su visita al museo del pintor Morandi en Bolonia, o a Maria Zambrano y la experiencia del exilio de los derrotados de la guerra civil española.</p>
<p>Para finalizar, Sánchez Robayna respondió a las preguntas del público y explicó su trabajo en el Taller de Traducción Literaria de la Universidad de La Laguna.</p></div><div class="wp-block-column is-layout-flow wp-block-column-is-layout-flow" style="flex-basis:33.33%"><div class="wp-block-group detail-panel detail-media wp-block-group-"><div class="wp-block-group__inner-container is-layout-flow wp-block-group-is-layout-flow"><p><a href="https://fcmanrique.org/wp-content/uploads/thmb_andressanchez_640.jpg"></a></p></div></div></div></div>
