{"id":13972,"date":"2006-05-25T00:00:00","date_gmt":"2006-05-25T00:00:00","guid":{"rendered":"https:\/\/fcmanrique.org\/fcm-actividad\/el-mediterraneo-y-la-democracia-el\/"},"modified":"2026-04-23T23:19:20","modified_gmt":"2026-04-23T23:19:20","slug":"el-mediterraneo-y-la-democracia-el","status":"publish","type":"fcm_actividad","link":"https:\/\/ludiccc.ddns.net\/en\/fcm-actividad\/el-mediterraneo-y-la-democracia-el\/","title":{"rendered":"Encuentro internacional \u00abEl Mediterr\u00e1neo y la democracia: el caso de los pa\u00edses de la orilla Sur\u00bb"},"content":{"rendered":"<div class=\"wp-block-columns fcm-page-migration-columns is-layout-flex wp-container-core-columns-is-layout-9d6595d7 wp-block-columns-is-layout-flex\"><div class=\"wp-block-column is-layout-flow wp-block-column-is-layout-flow\" style=\"flex-basis:66.66%\"><figure class=\"wp-block-image size-full\"><img fetchpriority=\"high\" width=\"400\" height=\"340\" src=\"https:\/\/fcm.local\/wp-content\/uploads\/fc-manrique-encuentro-mediterraneo-democracias.jpg\" class=\"wp-image-24750\" alt=\"Encuentro internacional \u00abEl Mediterr\u00e1neo y la democracia: el caso de los pa\u00edses de la orilla Sur\u00bb\" loading=\"eager\" decoding=\"async\" srcset=\"https:\/\/fcm.local\/wp-content\/uploads\/fc-manrique-encuentro-mediterraneo-democracias.jpg 400w, https:\/\/fcm.local\/wp-content\/uploads\/fc-manrique-encuentro-mediterraneo-democracias-300x255.jpg 300w, https:\/\/fcm.local\/wp-content\/uploads\/fc-manrique-encuentro-mediterraneo-democracias-289x246.jpg 289w\" sizes=\"(max-width: 400px) 100vw, 400px\" \/><\/figure>\n<p>Los d\u00edas 25 y 26 de mayo de 2006, en la sede de la Fundaci\u00f3n C\u00e9sar Manrique, tuvo lugar el Encuentro internacional <strong>\u201cEl Mediterr\u00e1neo y la democracia: el caso de los pa\u00edses de la orilla Sur\u201d<\/strong>, que fue dirigido por Sami Na\u00efr, catedr\u00e1tico de Ciencias Pol\u00edticas en la Universidad de Par\u00eds VIII, organizado por la FCM.<\/p>\n<p>Se trat\u00f3 de un Encuentro entre pensadores del m\u00e1s alto nivel internacional, que debatieron sobre el contenido de la democracia en los pa\u00edses del sur del Mediterr\u00e1neo y la modernizaci\u00f3n de las sociedades \u00e1rabes musulmanas. Los ponentes, procedentes de Argelia, T\u00fanez, Francia, L\u00edbano y Marruecos, se plantearon las relaciones entre Occidente y el mundo \u00e1rabe abord\u00e1ndolas desde la situaci\u00f3n geopol\u00edtica tras la guerra de Irak y el conflicto palestino-israel\u00ed.<\/p>\n<p>El coordinador de este Encuentro fue <strong>Sami Na\u00efr,<\/strong> fil\u00f3sofo y soci\u00f3logo. Considerado como uno de los grandes especialistas europeos en migraciones, codesarrollo y asuntos mediterr\u00e1neos, es colaborador habitual en diversos diarios internacionales. Ha ocupado puestos de responsabilidad pol\u00edtica como delegado interministerial para las pol\u00edticas de migraciones internacionales bajo el gobierno de Lionel Jospin.<\/p>\n<p>En la <strong>primera sesi\u00f3n del Encuentro<\/strong>, que inaugur\u00f3 Fernando G\u00f3mez Aguilera, director de Actividades de la FCM, Sami Na\u00efr intervino con la ponencia <em>El Mediterr\u00e1neo: fracturas y complementariedades<\/em>. <\/p>\n<p>Posteriormente, la escritora <strong>H\u00e9l\u00e9 B\u00e9ji<\/strong>, disert\u00f3 sobre <em>La democracia, entre modernidad y tradici\u00f3n<\/em>. H\u00e9l\u00e9 B\u00e9ji es profesora de letras modernas en Par\u00eds y de literatura francesa en la Universidad de T\u00fanez, ex embajadora de T\u00fanez y asesora internacional para la UNESCO. Autora de numerosos ensayos, novelas y art\u00edculos sobre islamismo, pa\u00edses \u00e1rabes, procesos descolonizadores, etc. Ha sido distinguida con varios premios literarios: Premio Afrique m\u00e9diterran\u00e9enne (Par\u00eds, 1982), Premio Cr\u00e9ation Litt\u00e9raire (CREDIF, T\u00fanez 1998) y el Gran Premio de la Association d\u2019amiti\u00e9 France-Tunisie (T\u00fanez, 2000). <\/p>\n<p>Cerr\u00f3 la primera sesi\u00f3n el fil\u00f3sofo y escritor R\u00e9gis Debray con la ponencia <em>La democracia, entre modernidad y tradici\u00f3n<\/em>. Debray, profundamente influido por el marxismo, viaj\u00f3 a Cuba en 1960 y conoci\u00f3 a Fidel Castro y Ernesto Che Guevara. Sigui\u00f3 a este \u00faltimo a Bolivia, participando en el movimiento guerrillero que pretend\u00eda poner fin al r\u00e9gimen de Ren\u00e9 Barrientos, como primer paso para extender la revoluci\u00f3n por toda Am\u00e9rica Latina. Fue detenido y encarcelado en abril de 1967 por el Ej\u00e9rcito boliviano y amnistiado en 1969. A partir de 1973 se reinstala en Francia.<\/p>\n<p><strong>R\u00e9gis Debray<\/strong> fue consejero para las relaciones internacionales del Presidente de la Rep\u00fablica francesa Fran\u00e7ois Mitterrand, y Secretario General del Consejo del Pac\u00edfico Sur. Ha sido presidente del Consejo Cient\u00edfico de la Escuela Nacional Superior de Ciencias de la Informaci\u00f3n y de Bibliotecas (ENSIBB) y profesor de filosof\u00eda en la Universidad Jean Moulin, Lyon III. En 2005 fue nombrado Presidente de Honor del Instituto Europeo de Ciencias de las Religiones. Es autor de ensayos sobre filosof\u00eda pol\u00edtica, teolog\u00eda y medios de comunicaci\u00f3n. <\/p>\n<p>El <strong>segundo d\u00eda del Encuentro,<\/strong> particip\u00f3 Nassif Hitti con la ponencia <em>\u00bfPuede imponerse la democracia desde el exterior?<\/em> <\/p>\n<p><strong>Nassif Hitti<\/strong> est\u00e1 doctorado en Ciencias Pol\u00edticas por la Universidad estadounidense de Beirut y es doctor en Relaciones Internacionales por la Universidad Sur de California. Embajador y director de la misi\u00f3n de la Liga de Estados \u00c1rabes en Francia y observador permanente en la UNESCO. Paralelamente, ha trabajado como Profesor de Relaciones Internacionales y de estudios sobre Oriente Medio en la Universidad Americana de El Cairo y como profesor visitante en la Academia Mediterr\u00e1nea de Estudios Diplom\u00e1ticos en Malta. Es autor de numerosos art\u00edculos sobre actualidad internacional, Oriente Medio y los pa\u00edses mediterr\u00e1neos.<\/p>\n<p>Posteriormente, intervino <strong>Yahya Hakim<\/strong>, que analiz\u00f3 <em>El nacionalismo laico \u00e1rabe y el auge del Islam pol\u00edtico integrista<\/em>. Hakim es antrop\u00f3logo social, economista (especializado por varias universidades en Administraci\u00f3n de empresas, marketing y contabilidad), etn\u00f3logo y est\u00e1 especializado en sociedades de Oriente Medio y el Imperio Otomano. Hakim es asesor del Presidente de la Rep\u00fablica en el L\u00edbano y de diversos ministros libaneses para la Reforma Administrativa. Es asesor de gesti\u00f3n en el Sector P\u00fablico del PNUD y asesor del Gobernador del Banco Central del L\u00edbano. Asesor del Ministro de Transporte liban\u00e9s para la Reforma y el Desarrollo. Director General del diario publicado en ingl\u00e9s <em>The Daily Star<\/em>, asociado al peri\u00f3dico internacional <em>The International Herald Tribune<\/em>, en Oriente Medio. Asesor del servicio de prensa en el Ministerio de la Informaci\u00f3n de Kuwait. Miembro del Consejo de Administraci\u00f3n de la filial libanesa de \u201cTransparency Internacional\u201d. Cofundador y director de multitud de organismos e instituciones internacionales. Autor de varias obras, estudios y art\u00edculos en los campos de la administraci\u00f3n de empresas, las finanzas, el marketing, la etnolog\u00eda, la estrategia y la historia.<\/p>\n<p>Cerr\u00f3 el encuentro el escritor <strong>Tahar Ben Jelloun<\/strong>, con la ponencia <em>Libertad y democracia en el sur del Mediterr\u00e1neo<\/em>. Ben Jelloun es escritor, fil\u00f3sofo y doctor en psiquiatr\u00eda social. Ha publicado numerosos ensayos, novelas y poemas por los que le han proporcionado el Premio Goncourt, (fue el primer escritor magreb\u00ed en conseguirlo) en 1987 con <em>La noche sagrada<\/em>, y desde entonces se ha consagrado como uno de los escritores m\u00e1s s\u00f3lidos y populares de la literatura europea actual. En 2004 recibi\u00f3 el Premio Internacional Impac, por su novela <em>Sufr\u00edan por la luz<\/em>. Algunos de sus libros han sido traducidos a 43 idiomas. Su libro El racismo explicado a mi hija, le vali\u00f3 multitud de premios en todo el mundo, convirti\u00e9ndose en un referente moral de menci\u00f3n obligada.<\/p><\/div><div class=\"wp-block-column is-layout-flow wp-block-column-is-layout-flow\" style=\"flex-basis:33.33%\"><div class=\"wp-block-group detail-panel detail-media wp-block-group-\"><div class=\"wp-block-group__inner-container is-layout-flow wp-block-group-is-layout-flow\"><p><a href=\"https:\/\/fcmanrique.org\/wp-content\/uploads\/thmb_thmb_encuentrosami_241.jpg\"><\/a><\/p><\/div><\/div>\n<div class=\"wp-block-group detail-panel detail-media wp-block-group-\"><div class=\"wp-block-group__inner-container is-layout-flow wp-block-group-is-layout-flow\"><ul class=\"wp-block-list\"><li><a href=\"\/recursos\/actividad\/dipticoelmedit.pdf\" class=\"fcm-pdf-download-link\">D\u00edptico del encuentro<\/a><\/li><\/ul><\/div><\/div><\/div><\/div>","protected":false},"featured_media":24750,"parent":0,"template":"","meta":{"_acf_changed":false,"ngg_post_thumbnail":0,"footnotes":""},"actividad_tipo":[35],"actividad_lugar":[46],"actividad_departamento":[31],"actividad_ciclo":[],"class_list":["post-13972","fcm_actividad","type-fcm_actividad","status-publish","has-post-thumbnail","hentry","actividad_tipo-cursos-y-talleres","actividad_lugar-lugar-fcm","actividad_departamento-departamento-de-programas-culturales"],"acf":[],"_links":{"self":[{"href":"https:\/\/ludiccc.ddns.net\/en\/wp-json\/wp\/v2\/fcm_actividad\/13972","targetHints":{"allow":["GET"]}}],"collection":[{"href":"https:\/\/ludiccc.ddns.net\/en\/wp-json\/wp\/v2\/fcm_actividad"}],"about":[{"href":"https:\/\/ludiccc.ddns.net\/en\/wp-json\/wp\/v2\/types\/fcm_actividad"}],"version-history":[{"count":3,"href":"https:\/\/ludiccc.ddns.net\/en\/wp-json\/wp\/v2\/fcm_actividad\/13972\/revisions"}],"predecessor-version":[{"id":26984,"href":"https:\/\/ludiccc.ddns.net\/en\/wp-json\/wp\/v2\/fcm_actividad\/13972\/revisions\/26984"}],"wp:featuredmedia":[{"embeddable":true,"href":"https:\/\/ludiccc.ddns.net\/en\/wp-json\/wp\/v2\/media\/24750"}],"wp:attachment":[{"href":"https:\/\/ludiccc.ddns.net\/en\/wp-json\/wp\/v2\/media?parent=13972"}],"wp:term":[{"taxonomy":"actividad_tipo","embeddable":true,"href":"https:\/\/ludiccc.ddns.net\/en\/wp-json\/wp\/v2\/actividad_tipo?post=13972"},{"taxonomy":"actividad_lugar","embeddable":true,"href":"https:\/\/ludiccc.ddns.net\/en\/wp-json\/wp\/v2\/actividad_lugar?post=13972"},{"taxonomy":"actividad_departamento","embeddable":true,"href":"https:\/\/ludiccc.ddns.net\/en\/wp-json\/wp\/v2\/actividad_departamento?post=13972"},{"taxonomy":"actividad_ciclo","embeddable":true,"href":"https:\/\/ludiccc.ddns.net\/en\/wp-json\/wp\/v2\/actividad_ciclo?post=13972"}],"curies":[{"name":"wp","href":"https:\/\/api.w.org\/{rel}","templated":true}]}}

Encuentro internacional «El Mediterráneo y la democracia: el caso de los países de la orilla Sur»

<div class="wp-block-columns fcm-page-migration-columns is-layout-flex wp-container-core-columns-is-layout-9d6595d7 wp-block-columns-is-layout-flex"><div class="wp-block-column is-layout-flow wp-block-column-is-layout-flow" style="flex-basis:66.66%"><figure class="wp-block-image size-full"><img fetchpriority="high" width="400" height="340" src="https://fcm.local/wp-content/uploads/fc-manrique-encuentro-mediterraneo-democracias.jpg" class="wp-image-24750" alt="Encuentro internacional «El Mediterráneo y la democracia: el caso de los países de la orilla Sur»" loading="eager" decoding="async" srcset="https://fcm.local/wp-content/uploads/fc-manrique-encuentro-mediterraneo-democracias.jpg 400w, https://fcm.local/wp-content/uploads/fc-manrique-encuentro-mediterraneo-democracias-300x255.jpg 300w, https://fcm.local/wp-content/uploads/fc-manrique-encuentro-mediterraneo-democracias-289x246.jpg 289w" sizes="(max-width: 400px) 100vw, 400px" /></figure>
<p>Los días 25 y 26 de mayo de 2006, en la sede de la Fundación César Manrique, tuvo lugar el Encuentro internacional <strong>“El Mediterráneo y la democracia: el caso de los países de la orilla Sur”</strong>, que fue dirigido por Sami Naïr, catedrático de Ciencias Políticas en la Universidad de París VIII, organizado por la FCM.</p>
<p>Se trató de un Encuentro entre pensadores del más alto nivel internacional, que debatieron sobre el contenido de la democracia en los países del sur del Mediterráneo y la modernización de las sociedades árabes musulmanas. Los ponentes, procedentes de Argelia, Túnez, Francia, Líbano y Marruecos, se plantearon las relaciones entre Occidente y el mundo árabe abordándolas desde la situación geopolítica tras la guerra de Irak y el conflicto palestino-israelí.</p>
<p>El coordinador de este Encuentro fue <strong>Sami Naïr,</strong> filósofo y sociólogo. Considerado como uno de los grandes especialistas europeos en migraciones, codesarrollo y asuntos mediterráneos, es colaborador habitual en diversos diarios internacionales. Ha ocupado puestos de responsabilidad política como delegado interministerial para las políticas de migraciones internacionales bajo el gobierno de Lionel Jospin.</p>
<p>En la <strong>primera sesión del Encuentro</strong>, que inauguró Fernando Gómez Aguilera, director de Actividades de la FCM, Sami Naïr intervino con la ponencia <em>El Mediterráneo: fracturas y complementariedades</em>. </p>
<p>Posteriormente, la escritora <strong>Hélé Béji</strong>, disertó sobre <em>La democracia, entre modernidad y tradición</em>. Hélé Béji es profesora de letras modernas en París y de literatura francesa en la Universidad de Túnez, ex embajadora de Túnez y asesora internacional para la UNESCO. Autora de numerosos ensayos, novelas y artículos sobre islamismo, países árabes, procesos descolonizadores, etc. Ha sido distinguida con varios premios literarios: Premio Afrique méditerranéenne (París, 1982), Premio Création Littéraire (CREDIF, Túnez 1998) y el Gran Premio de la Association d’amitié France-Tunisie (Túnez, 2000). </p>
<p>Cerró la primera sesión el filósofo y escritor Régis Debray con la ponencia <em>La democracia, entre modernidad y tradición</em>. Debray, profundamente influido por el marxismo, viajó a Cuba en 1960 y conoció a Fidel Castro y Ernesto Che Guevara. Siguió a este último a Bolivia, participando en el movimiento guerrillero que pretendía poner fin al régimen de René Barrientos, como primer paso para extender la revolución por toda América Latina. Fue detenido y encarcelado en abril de 1967 por el Ejército boliviano y amnistiado en 1969. A partir de 1973 se reinstala en Francia.</p>
<p><strong>Régis Debray</strong> fue consejero para las relaciones internacionales del Presidente de la República francesa François Mitterrand, y Secretario General del Consejo del Pacífico Sur. Ha sido presidente del Consejo Científico de la Escuela Nacional Superior de Ciencias de la Información y de Bibliotecas (ENSIBB) y profesor de filosofía en la Universidad Jean Moulin, Lyon III. En 2005 fue nombrado Presidente de Honor del Instituto Europeo de Ciencias de las Religiones. Es autor de ensayos sobre filosofía política, teología y medios de comunicación. </p>
<p>El <strong>segundo día del Encuentro,</strong> participó Nassif Hitti con la ponencia <em>¿Puede imponerse la democracia desde el exterior?</em> </p>
<p><strong>Nassif Hitti</strong> está doctorado en Ciencias Políticas por la Universidad estadounidense de Beirut y es doctor en Relaciones Internacionales por la Universidad Sur de California. Embajador y director de la misión de la Liga de Estados Árabes en Francia y observador permanente en la UNESCO. Paralelamente, ha trabajado como Profesor de Relaciones Internacionales y de estudios sobre Oriente Medio en la Universidad Americana de El Cairo y como profesor visitante en la Academia Mediterránea de Estudios Diplomáticos en Malta. Es autor de numerosos artículos sobre actualidad internacional, Oriente Medio y los países mediterráneos.</p>
<p>Posteriormente, intervino <strong>Yahya Hakim</strong>, que analizó <em>El nacionalismo laico árabe y el auge del Islam político integrista</em>. Hakim es antropólogo social, economista (especializado por varias universidades en Administración de empresas, marketing y contabilidad), etnólogo y está especializado en sociedades de Oriente Medio y el Imperio Otomano. Hakim es asesor del Presidente de la República en el Líbano y de diversos ministros libaneses para la Reforma Administrativa. Es asesor de gestión en el Sector Público del PNUD y asesor del Gobernador del Banco Central del Líbano. Asesor del Ministro de Transporte libanés para la Reforma y el Desarrollo. Director General del diario publicado en inglés <em>The Daily Star</em>, asociado al periódico internacional <em>The International Herald Tribune</em>, en Oriente Medio. Asesor del servicio de prensa en el Ministerio de la Información de Kuwait. Miembro del Consejo de Administración de la filial libanesa de “Transparency Internacional”. Cofundador y director de multitud de organismos e instituciones internacionales. Autor de varias obras, estudios y artículos en los campos de la administración de empresas, las finanzas, el marketing, la etnología, la estrategia y la historia.</p>
<p>Cerró el encuentro el escritor <strong>Tahar Ben Jelloun</strong>, con la ponencia <em>Libertad y democracia en el sur del Mediterráneo</em>. Ben Jelloun es escritor, filósofo y doctor en psiquiatría social. Ha publicado numerosos ensayos, novelas y poemas por los que le han proporcionado el Premio Goncourt, (fue el primer escritor magrebí en conseguirlo) en 1987 con <em>La noche sagrada</em>, y desde entonces se ha consagrado como uno de los escritores más sólidos y populares de la literatura europea actual. En 2004 recibió el Premio Internacional Impac, por su novela <em>Sufrían por la luz</em>. Algunos de sus libros han sido traducidos a 43 idiomas. Su libro El racismo explicado a mi hija, le valió multitud de premios en todo el mundo, convirtiéndose en un referente moral de mención obligada.</p></div><div class="wp-block-column is-layout-flow wp-block-column-is-layout-flow" style="flex-basis:33.33%"><div class="wp-block-group detail-panel detail-media wp-block-group-"><div class="wp-block-group__inner-container is-layout-flow wp-block-group-is-layout-flow"><p><a href="https://fcmanrique.org/wp-content/uploads/thmb_thmb_encuentrosami_241.jpg"></a></p></div></div>
<div class="wp-block-group detail-panel detail-media wp-block-group-"><div class="wp-block-group__inner-container is-layout-flow wp-block-group-is-layout-flow"><ul class="wp-block-list"><li><a href="/recursos/actividad/dipticoelmedit.pdf" class="fcm-pdf-download-link">Díptico del encuentro</a></li></ul></div></div></div></div>
