{"id":13968,"date":"2006-02-23T00:00:00","date_gmt":"2006-02-23T00:00:00","guid":{"rendered":"https:\/\/fcmanrique.org\/fcm-actividad\/tzvetan-todorov-la-democracia-y-sus\/"},"modified":"2026-04-23T23:19:30","modified_gmt":"2026-04-23T23:19:30","slug":"tzvetan-todorov-la-democracia-y-sus","status":"publish","type":"fcm_actividad","link":"https:\/\/ludiccc.ddns.net\/en\/fcm-actividad\/tzvetan-todorov-la-democracia-y-sus\/","title":{"rendered":"Tzvetan Todorov. <em>La democracia y sus enemigos<\/em>"},"content":{"rendered":"<div class=\"wp-block-columns fcm-page-migration-columns is-layout-flex wp-container-core-columns-is-layout-9d6595d7 wp-block-columns-is-layout-flex\"><div class=\"wp-block-column is-layout-flow wp-block-column-is-layout-flow\" style=\"flex-basis:66.66%\"><figure class=\"wp-block-image size-full\"><img width=\"135\" height=\"100\" src=\"https:\/\/fcm.local\/wp-content\/uploads\/thmb_thmb_todorov_135x100.jpg\" class=\"wp-image-13969\" alt=\"Tzvetan Todorov. La democracia y sus enemigos\" loading=\"eager\" decoding=\"async\" \/><\/figure>\n<p>El jueves 23 de febrero de 2006, Tzvetan Todorov pronunci\u00f3 la conferencia <em>La democracia y sus enemigos<\/em>, con la que la FCM inaugur\u00f3 la actividad cultural del a\u00f1o 2006. <\/p>\n<p>Tzvetan Todorov (Bulgaria, 1939) es ling\u00fcista, ensayista y fil\u00f3sofo, y actualmente es director de investigaci\u00f3n en el Centro Nacional de Investigaci\u00f3n Cient\u00edfica de Francia. <\/p>\n<p>En la d\u00e9cada de los sesenta, Todorov emigr\u00f3 a Par\u00eds, donde estudi\u00f3 Filosof\u00eda del Lenguaje con Roland Barthes e integr\u00f3 el c\u00edrculo de estructuralistas franceses agrupados en torno a la Escuela de Altos Estudios en Ciencias Sociales de Par\u00eds.<\/p>\n<p>Tras un primer trabajo de cr\u00edtica literaria dedicado a la po\u00e9tica de los formalistas rusos, su inter\u00e9s se extendi\u00f3 a la filosof\u00eda del lenguaje, disciplina que concibi\u00f3 como parte de la semi\u00f3tica o ciencia del signo en general. <\/p>\n<p>Es autor de trabajos como <em>Literatura y significaci\u00f3n<\/em>; <em>Po\u00e9tica<\/em>; <em>Gram\u00e1tica del Decamer\u00f3n<\/em>; <em>Introducci\u00f3n a la literatura fant\u00e1stica<\/em>; <em>Po\u00e9tica de la prosa<\/em>; <em>Diccionario enciclop\u00e9dico de las ciencias del lenguaje<\/em>; o <em>Los g\u00e9neros del discurso<\/em>. <\/p>\n<p>M\u00e1s tarde emprendi\u00f3 las investigaciones <em>Teor\u00edas del s\u00edmbolo<\/em>; <em>Simbolismo e interpretaci\u00f3n<\/em>; y <em>Cr\u00edtica de la cr\u00edtica<\/em>; ya en la transici\u00f3n hacia nuevos intereses, se encuadra <em>Mikha\u00efl Bakhtine. El principio dial\u00f3gico<\/em>, sobre el gran te\u00f3rico ruso de las ciencias humanas. <\/p>\n<p>A esos estudios se sumaron otros sobre la diversidad cultural: <em>La conquista de Am\u00e9rica<\/em>; <em>Fr\u00e1gil felicidad<\/em>; <em>Nosotros y los otros<\/em>; <em>Cruce de culturas y mestizaje cultura<\/em>l; <em>Las morales de la historia <\/em>(premio Rousseau 1991); <em>Frente al l\u00edmite<\/em>; <em>Elogio de lo cotidiano<\/em>; <em>Una tragedia francesa; La vida en com\u00fan; El hombre desplazado<\/em>; o <em>Benjamin Constant<\/em>. Sus trabajos \u2014claros e imaginativos\u2014 se han traducido al castellano con regularidad. <\/p>\n<p>Por sus an\u00e1lisis sobre la cultura, la democracia, la memoria hist\u00f3rica, y en general por sus aportaciones al pensamiento contempor\u00e1neo, Tzvetan Todorov est\u00e1 considerado como uno de los grandes intelectuales de nuestro tiempo.<\/p>\n<p>En el transcurso de su intervenci\u00f3n, Todorov repas\u00f3 los elementos que constituyen una democracia moderna, y aludi\u00f3 a su gran enemigo del siglo XX, el totalitarismo. Trat\u00f3, asimismo, la cuesti\u00f3n de sus enemigos contempor\u00e1neos, en particular el terrorismo (manifestado en los atentados recientes) y, en el marco de la lucha antiterrorista, lo que podr\u00eda llamarse la \u201ctentaci\u00f3n del bien\u201d (tomando como ejemplo de la misma el supuesto \u201cderecho de injerencia\u201d).<\/p><\/div><div class=\"wp-block-column is-layout-flow wp-block-column-is-layout-flow\" style=\"flex-basis:33.33%\"><div class=\"wp-block-group detail-panel detail-media wp-block-group-\"><div class=\"wp-block-group__inner-container is-layout-flow wp-block-group-is-layout-flow\"><p><a href=\"https:\/\/fcmanrique.org\/wp-content\/uploads\/thmb_todorov_600.jpg\"><\/a><\/p><\/div><\/div><\/div><\/div>","protected":false},"featured_media":13969,"parent":0,"template":"","meta":{"_acf_changed":false,"ngg_post_thumbnail":0,"footnotes":""},"actividad_tipo":[34],"actividad_lugar":[46],"actividad_departamento":[31],"actividad_ciclo":[75],"class_list":["post-13968","fcm_actividad","type-fcm_actividad","status-publish","has-post-thumbnail","hentry","actividad_tipo-conferencias","actividad_lugar-lugar-fcm","actividad_departamento-departamento-de-programas-culturales","actividad_ciclo-conferencias-inaugurales"],"acf":[],"_links":{"self":[{"href":"https:\/\/ludiccc.ddns.net\/en\/wp-json\/wp\/v2\/fcm_actividad\/13968","targetHints":{"allow":["GET"]}}],"collection":[{"href":"https:\/\/ludiccc.ddns.net\/en\/wp-json\/wp\/v2\/fcm_actividad"}],"about":[{"href":"https:\/\/ludiccc.ddns.net\/en\/wp-json\/wp\/v2\/types\/fcm_actividad"}],"version-history":[{"count":1,"href":"https:\/\/ludiccc.ddns.net\/en\/wp-json\/wp\/v2\/fcm_actividad\/13968\/revisions"}],"predecessor-version":[{"id":27080,"href":"https:\/\/ludiccc.ddns.net\/en\/wp-json\/wp\/v2\/fcm_actividad\/13968\/revisions\/27080"}],"wp:featuredmedia":[{"embeddable":true,"href":"https:\/\/ludiccc.ddns.net\/en\/wp-json\/wp\/v2\/media\/13969"}],"wp:attachment":[{"href":"https:\/\/ludiccc.ddns.net\/en\/wp-json\/wp\/v2\/media?parent=13968"}],"wp:term":[{"taxonomy":"actividad_tipo","embeddable":true,"href":"https:\/\/ludiccc.ddns.net\/en\/wp-json\/wp\/v2\/actividad_tipo?post=13968"},{"taxonomy":"actividad_lugar","embeddable":true,"href":"https:\/\/ludiccc.ddns.net\/en\/wp-json\/wp\/v2\/actividad_lugar?post=13968"},{"taxonomy":"actividad_departamento","embeddable":true,"href":"https:\/\/ludiccc.ddns.net\/en\/wp-json\/wp\/v2\/actividad_departamento?post=13968"},{"taxonomy":"actividad_ciclo","embeddable":true,"href":"https:\/\/ludiccc.ddns.net\/en\/wp-json\/wp\/v2\/actividad_ciclo?post=13968"}],"curies":[{"name":"wp","href":"https:\/\/api.w.org\/{rel}","templated":true}]}}

<div class="wp-block-columns fcm-page-migration-columns is-layout-flex wp-container-core-columns-is-layout-9d6595d7 wp-block-columns-is-layout-flex"><div class="wp-block-column is-layout-flow wp-block-column-is-layout-flow" style="flex-basis:66.66%"><figure class="wp-block-image size-full"><img width="135" height="100" src="https://fcm.local/wp-content/uploads/thmb_thmb_todorov_135x100.jpg" class="wp-image-13969" alt="Tzvetan Todorov. La democracia y sus enemigos" loading="eager" decoding="async" /></figure>
<p>El jueves 23 de febrero de 2006, Tzvetan Todorov pronunció la conferencia <em>La democracia y sus enemigos</em>, con la que la FCM inauguró la actividad cultural del año 2006. </p>
<p>Tzvetan Todorov (Bulgaria, 1939) es lingüista, ensayista y filósofo, y actualmente es director de investigación en el Centro Nacional de Investigación Científica de Francia. </p>
<p>En la década de los sesenta, Todorov emigró a París, donde estudió Filosofía del Lenguaje con Roland Barthes e integró el círculo de estructuralistas franceses agrupados en torno a la Escuela de Altos Estudios en Ciencias Sociales de París.</p>
<p>Tras un primer trabajo de crítica literaria dedicado a la poética de los formalistas rusos, su interés se extendió a la filosofía del lenguaje, disciplina que concibió como parte de la semiótica o ciencia del signo en general. </p>
<p>Es autor de trabajos como <em>Literatura y significación</em>; <em>Poética</em>; <em>Gramática del Decamerón</em>; <em>Introducción a la literatura fantástica</em>; <em>Poética de la prosa</em>; <em>Diccionario enciclopédico de las ciencias del lenguaje</em>; o <em>Los géneros del discurso</em>. </p>
<p>Más tarde emprendió las investigaciones <em>Teorías del símbolo</em>; <em>Simbolismo e interpretación</em>; y <em>Crítica de la crítica</em>; ya en la transición hacia nuevos intereses, se encuadra <em>Mikhaïl Bakhtine. El principio dialógico</em>, sobre el gran teórico ruso de las ciencias humanas. </p>
<p>A esos estudios se sumaron otros sobre la diversidad cultural: <em>La conquista de América</em>; <em>Frágil felicidad</em>; <em>Nosotros y los otros</em>; <em>Cruce de culturas y mestizaje cultura</em>l; <em>Las morales de la historia </em>(premio Rousseau 1991); <em>Frente al límite</em>; <em>Elogio de lo cotidiano</em>; <em>Una tragedia francesa; La vida en común; El hombre desplazado</em>; o <em>Benjamin Constant</em>. Sus trabajos —claros e imaginativos— se han traducido al castellano con regularidad. </p>
<p>Por sus análisis sobre la cultura, la democracia, la memoria histórica, y en general por sus aportaciones al pensamiento contemporáneo, Tzvetan Todorov está considerado como uno de los grandes intelectuales de nuestro tiempo.</p>
<p>En el transcurso de su intervención, Todorov repasó los elementos que constituyen una democracia moderna, y aludió a su gran enemigo del siglo XX, el totalitarismo. Trató, asimismo, la cuestión de sus enemigos contemporáneos, en particular el terrorismo (manifestado en los atentados recientes) y, en el marco de la lucha antiterrorista, lo que podría llamarse la “tentación del bien” (tomando como ejemplo de la misma el supuesto “derecho de injerencia”).</p></div><div class="wp-block-column is-layout-flow wp-block-column-is-layout-flow" style="flex-basis:33.33%"><div class="wp-block-group detail-panel detail-media wp-block-group-"><div class="wp-block-group__inner-container is-layout-flow wp-block-group-is-layout-flow"><p><a href="https://fcmanrique.org/wp-content/uploads/thmb_todorov_600.jpg"></a></p></div></div></div></div>
