{"id":25349,"date":"2024-06-07T11:28:10","date_gmt":"2024-06-07T11:28:10","guid":{"rendered":"https:\/\/fcmanrique.org\/?post_type=fcm_video&#038;p=25349"},"modified":"2024-07-10T11:45:59","modified_gmt":"2024-07-10T11:45:59","slug":"mirian-garcia-borrador","status":"publish","type":"fcm_video","link":"https:\/\/ludiccc.ddns.net\/de\/fcm-video\/mirian-garcia-borrador\/","title":{"rendered":"\u00abEl <em>deseo de la orilla<\/em> o la reinvenci\u00f3n de la costa\u00bb"},"content":{"rendered":"<p><strong>Foro de reflexi\u00f3n. Fronteras y direcciones del progreso<\/strong><\/p>\n<p>La Fundaci\u00f3n C\u00e9sar Manrique (FCM) acogi\u00f3 el pasado jueves 6 de junio de 2024, la conferencia titulada \u201cEl <em>deseo de la orilla<\/em> o la reinvenci\u00f3n de la costa\u201d, que imparti\u00f3 Miriam Garc\u00eda, arquitecta, paisajista y directora del laboratorio de paisajes LAND LAB. El acto tuvo lugar en la sala Jos\u00e9 Saramago (La Plazuela, Arrecife) y fue transmitido en directo a trav\u00e9s de la web y el canal de Youtube de la FCM.<\/p>\n<p>Durante su conferencia, Garc\u00eda explic\u00f3 c\u00f3mo el <em>deseo de la orilla <\/em>o el despertar del inter\u00e9s por la costa comienza a mediados del siglo XVIII y es un proceso largo y lento, que se inicia con las clases pudientes y se afianza con las clases proletarias. Este fen\u00f3meno se consolida en algo menos de una centuria y est\u00e1 vinculado a la invenci\u00f3n del verano mediterr\u00e1neo y de la costa, tal y como la conocemos hoy.<\/p>\n<p><strong>Cr\u00f3nica de la conferencia:&nbsp;<\/strong><a href=\"https:\/\/fcmanrique.org\/fcm-actividad\/miriam-garcia\/\" target=\"_blank\" rel=\"noopener\">Cr\u00f3nica<\/a><\/p>\n<p><strong>M\u00e1s informaci\u00f3n:<\/strong> <a href=\"https:\/\/fcmanrique.org\/wp-content\/uploads\/fc-manrique-conferencia-miriam-garcia-landlab.pdf\" target=\"_blank\" rel=\"noopener\">Nota de prensa<\/a><\/p>","protected":false},"featured_media":25650,"parent":0,"template":"","meta":{"_acf_changed":false,"ngg_post_thumbnail":0,"footnotes":""},"video_coleccion":[97],"class_list":["post-25349","fcm_video","type-fcm_video","status-publish","has-post-thumbnail","hentry","video_coleccion-conferencia"],"acf":[],"_links":{"self":[{"href":"https:\/\/ludiccc.ddns.net\/de\/wp-json\/wp\/v2\/fcm_video\/25349","targetHints":{"allow":["GET"]}}],"collection":[{"href":"https:\/\/ludiccc.ddns.net\/de\/wp-json\/wp\/v2\/fcm_video"}],"about":[{"href":"https:\/\/ludiccc.ddns.net\/de\/wp-json\/wp\/v2\/types\/fcm_video"}],"version-history":[{"count":22,"href":"https:\/\/ludiccc.ddns.net\/de\/wp-json\/wp\/v2\/fcm_video\/25349\/revisions"}],"predecessor-version":[{"id":25354,"href":"https:\/\/ludiccc.ddns.net\/de\/wp-json\/wp\/v2\/fcm_video\/25349\/revisions\/25354"}],"wp:featuredmedia":[{"embeddable":true,"href":"https:\/\/ludiccc.ddns.net\/de\/wp-json\/wp\/v2\/media\/25650"}],"wp:attachment":[{"href":"https:\/\/ludiccc.ddns.net\/de\/wp-json\/wp\/v2\/media?parent=25349"}],"wp:term":[{"taxonomy":"video_coleccion","embeddable":true,"href":"https:\/\/ludiccc.ddns.net\/de\/wp-json\/wp\/v2\/video_coleccion?post=25349"}],"curies":[{"name":"wp","href":"https:\/\/api.w.org\/{rel}","templated":true}]}}

«El <em>deseo de la orilla</em> o la reinvención de la costa»

<p><strong>Foro de reflexión. Fronteras y direcciones del progreso</strong></p>
<p>La Fundación César Manrique (FCM) acogió el pasado jueves 6 de junio de 2024, la conferencia titulada “El <em>deseo de la orilla</em> o la reinvención de la costa”, que impartió Miriam García, arquitecta, paisajista y directora del laboratorio de paisajes LAND LAB. El acto tuvo lugar en la sala José Saramago (La Plazuela, Arrecife) y fue transmitido en directo a través de la web y el canal de Youtube de la FCM.</p>
<p>Durante su conferencia, García explicó cómo el <em>deseo de la orilla </em>o el despertar del interés por la costa comienza a mediados del siglo XVIII y es un proceso largo y lento, que se inicia con las clases pudientes y se afianza con las clases proletarias. Este fenómeno se consolida en algo menos de una centuria y está vinculado a la invención del verano mediterráneo y de la costa, tal y como la conocemos hoy.</p>
<p><strong>Crónica de la conferencia:&nbsp;</strong><a href="https://fcmanrique.org/fcm-actividad/miriam-garcia/" target="_blank" rel="noopener">Crónica</a></p>
<p><strong>Más información:</strong> <a href="https://fcmanrique.org/wp-content/uploads/fc-manrique-conferencia-miriam-garcia-landlab.pdf" target="_blank" rel="noopener">Nota de prensa</a></p>
