{"id":16352,"date":"2009-12-29T00:00:00","date_gmt":"2009-12-29T00:00:00","guid":{"rendered":"https:\/\/fcmanrique.org\/fcm-publicacion\/gabriel-fernandez-martin\/"},"modified":"2023-11-29T13:40:36","modified_gmt":"2023-11-29T13:40:36","slug":"gabriel-fernandez-martin","status":"publish","type":"fcm_publicacion","link":"https:\/\/ludiccc.ddns.net\/de\/fcm-publicacion\/gabriel-fernandez-martin\/","title":{"rendered":"Gabriel Fern\u00e1ndez Mart\u00edn"},"content":{"rendered":"<p><!-- [if gte mso 10]>\n\n\n\n<style>\n \/* Style Definitions *\/<br \/> table.MsoNormalTable<br \/>\t{mso-style-name:\"Tabla normal\";<br \/>\tmso-style-parent:\"\";<br \/>\t\"Times New Roman\";}<br \/><\/style>\n\n<![endif]--><strong><em><span style=\"ofont-size: 10pt;\">Gabriel Fern\u00e1ndez Mart\u00edn<\/span><\/em><\/strong><span style=\"ofont-size: 10pt;\">, estudia la trayectoria de uno de los principales fot\u00f3grafos de Lanzarote que, desde finales de los a\u00f1os 50 hasta su muerte en 1985, realiz\u00f3 un importante trabajo como cronista visual, colaborando en la construcci\u00f3n de la imagen de la isla con la utilizaci\u00f3n de recursos iconogr\u00e1ficos y formales sugestivos, muchos de ellos implantados hoy en el imaginario insular.<\/span><\/p>\n<p><strong><span style=\"ofont-size: 10pt; color: black; ofont-weight: normal;\">F\u00e9lix Delgado L\u00f3pez <\/span><\/strong><span style=\"ofont-size: 10pt; color: black; ofont-weight: normal;\">(Arrecife, 1972) es licenciado en Historia del Arte por la Universidad Aut\u00f3noma de Barcelona. Actualmente, ejerce como profesor de Historia del Arte, T\u00e9cnicas y medios art\u00edsticos, Iconograf\u00eda y mitolog\u00eda en la U.N.E.D. (Centro Asociado de Arrecife). Se ha dedicado a la archiv\u00edstica y colabora en el Censo del Patrimonio Documental de Canarias, patrocinado por el Ministerio de Educaci\u00f3n, Cultura y Deportes y la Comunidad Aut\u00f3noma de Canarias, con la elaboraci\u00f3n de los Censos de diversas sociedades privadas de la isla. Es autor de art\u00edculos de investigaci\u00f3n sobre archivos municipales y privados canarios y sobre pintores del barroco espa\u00f1ol como Vicente Carducho o S\u00e1nchez Cot\u00e1n.<\/span><\/p>\n<p><strong>Presentaci\u00f3n del libro, el 8 de abril de 2010, en la Sala Saramago:&nbsp;<\/strong><a href=\"https:\/\/fcmanrique.org\/fcm-actividad\/jose-molina-y-gabriel-fernandez-se\/?cpg=4\" target=\"_blank\" rel=\"noopener\">Acto de presentaci\u00f3n<\/a><\/p>","protected":false},"featured_media":16353,"parent":0,"template":"","meta":{"_acf_changed":false,"ngg_post_thumbnail":0,"footnotes":""},"publicacion_coleccion":[61],"class_list":["post-16352","fcm_publicacion","type-fcm_publicacion","status-publish","has-post-thumbnail","hentry","publicacion_coleccion-islas-de-memoria"],"acf":[],"_links":{"self":[{"href":"https:\/\/ludiccc.ddns.net\/de\/wp-json\/wp\/v2\/fcm_publicacion\/16352","targetHints":{"allow":["GET"]}}],"collection":[{"href":"https:\/\/ludiccc.ddns.net\/de\/wp-json\/wp\/v2\/fcm_publicacion"}],"about":[{"href":"https:\/\/ludiccc.ddns.net\/de\/wp-json\/wp\/v2\/types\/fcm_publicacion"}],"version-history":[{"count":2,"href":"https:\/\/ludiccc.ddns.net\/de\/wp-json\/wp\/v2\/fcm_publicacion\/16352\/revisions"}],"predecessor-version":[{"id":24740,"href":"https:\/\/ludiccc.ddns.net\/de\/wp-json\/wp\/v2\/fcm_publicacion\/16352\/revisions\/24740"}],"wp:featuredmedia":[{"embeddable":true,"href":"https:\/\/ludiccc.ddns.net\/de\/wp-json\/wp\/v2\/media\/16353"}],"wp:attachment":[{"href":"https:\/\/ludiccc.ddns.net\/de\/wp-json\/wp\/v2\/media?parent=16352"}],"wp:term":[{"taxonomy":"publicacion_coleccion","embeddable":true,"href":"https:\/\/ludiccc.ddns.net\/de\/wp-json\/wp\/v2\/publicacion_coleccion?post=16352"}],"curies":[{"name":"wp","href":"https:\/\/api.w.org\/{rel}","templated":true}]}}

Gabriel Fernández Martín

<p><!-- [if gte mso 10]>



<style>
 /* Style Definitions */<br /> table.MsoNormalTable<br />	{mso-style-name:"Tabla normal";<br />	mso-style-parent:"";<br />	"Times New Roman";}<br /></style>

<![endif]--><strong><em><span style="ofont-size: 10pt;">Gabriel Fernández Martín</span></em></strong><span style="ofont-size: 10pt;">, estudia la trayectoria de uno de los principales fotógrafos de Lanzarote que, desde finales de los años 50 hasta su muerte en 1985, realizó un importante trabajo como cronista visual, colaborando en la construcción de la imagen de la isla con la utilización de recursos iconográficos y formales sugestivos, muchos de ellos implantados hoy en el imaginario insular.</span></p>
<p><strong><span style="ofont-size: 10pt; color: black; ofont-weight: normal;">Félix Delgado López </span></strong><span style="ofont-size: 10pt; color: black; ofont-weight: normal;">(Arrecife, 1972) es licenciado en Historia del Arte por la Universidad Autónoma de Barcelona. Actualmente, ejerce como profesor de Historia del Arte, Técnicas y medios artísticos, Iconografía y mitología en la U.N.E.D. (Centro Asociado de Arrecife). Se ha dedicado a la archivística y colabora en el Censo del Patrimonio Documental de Canarias, patrocinado por el Ministerio de Educación, Cultura y Deportes y la Comunidad Autónoma de Canarias, con la elaboración de los Censos de diversas sociedades privadas de la isla. Es autor de artículos de investigación sobre archivos municipales y privados canarios y sobre pintores del barroco español como Vicente Carducho o Sánchez Cotán.</span></p>
<p><strong>Presentación del libro, el 8 de abril de 2010, en la Sala Saramago:&nbsp;</strong><a href="https://fcmanrique.org/fcm-actividad/jose-molina-y-gabriel-fernandez-se/?cpg=4" target="_blank" rel="noopener">Acto de presentación</a></p>
