{"id":16169,"date":"2004-03-31T00:00:00","date_gmt":"2004-03-31T00:00:00","guid":{"rendered":"https:\/\/fcmanrique.org\/fcm-publicacion\/toma-de-decisiones-colectivas-y-politica-del-suelo\/"},"modified":"2023-11-23T12:50:51","modified_gmt":"2023-11-23T12:50:51","slug":"toma-de-decisiones-colectivas-y-politica-del-suelo","status":"publish","type":"fcm_publicacion","link":"https:\/\/ludiccc.ddns.net\/de\/fcm-publicacion\/toma-de-decisiones-colectivas-y-politica-del-suelo\/","title":{"rendered":"Toma de decisiones colectivas y pol\u00edtica del suelo"},"content":{"rendered":"<p><\/p>\n<p class=\"MsoNormal\" style=\"text-align: left;\"><span style=\"ofont-family: Arial;\">El libro <strong><em>Toma de decisiones colectivas y pol\u00edtica del suelo<\/em><\/strong>, cuya <strong>edici\u00f3n<\/strong> ha corrido a cargo de<strong> Juan S\u00e1nchez Garc\u00eda<\/strong>, constituye uno de los <strong>resultados parciales del proyecto de investigaci\u00f3n <\/strong>SEC 1999-0253 titulado <strong><em>Valoraci\u00f3n ambiental, desarrollo sostenible y decisiones colectivas; gesti\u00f3n del agua y del suelo en la isla de Tenerife<\/em><\/strong>, financiado por el Ministerio de Ciencia y Tecnolog\u00eda. En \u00e9l se analizan las v\u00edas utilizadas por la ciudadan\u00eda a la hora de expresar y defender sus valores en relaci\u00f3n al medio ambiente cuando estos son afectados negativamente por decisiones pol\u00edticas. El objetivo \u00faltimo de la publicaci\u00f3n es la evaluaci\u00f3n del mantenimiento de los valores y c\u00f3mo se integra la expresi\u00f3n de los mismos en procesos de tomas de decisiones, enriqueciendo a estos y a la democracia.<\/span><\/p>\n<p class=\"MsoNormal\" style=\"text-align: left;\"><span style=\"ofont-family: Arial;\">Un numeroso equipo de redactores, varios de ellos colaboradores en otros estudios de la FCM, se ocupa de distintos aspectos parciales del tema. El editor de <em>La metodolog\u00eda VALSE (<\/em>VAluation for Sustenaible Environments<em>): Su aplicaci\u00f3n en conflictos de usos de suelo en Tenerife<\/em>; Jos\u00e9 Manuel de C\u00f3zar Escalante y Juan S\u00e1nchez Garc\u00eda, del <em>Planteamiento urban\u00edstico y procesos sociales deliberativos: La Playa de las Teresitas en Santa Cruz de Tenerife<\/em>; Ram\u00f3n Trujillo Morales de <em>La Playa de las Teresitas (Santa Cruz de Tenerife): Historia de un conflicto<\/em>; Luz Marina Garc\u00eda Herrera y Neil Smith de <em>Planeamiento, desalojos e inversi\u00f3n inmobiliaria en El Cabo-Los Llanos (Santa Cruz de Tenerife)<\/em>; Federico Aguilera Klink y Juan S\u00e1nchez Garc\u00eda de <em>El Rinc\u00f3n (La Orotava, Tenerife). Un ejemplo de participaci\u00f3n social y ajuste institucional ante un conflicto de usos del suelo<\/em>; Juan Pedro Hern\u00e1ndez Hern\u00e1ndez, Juan S\u00e1nchez Garc\u00eda y Mar\u00eda Helena S\u00e1nchez Jord\u00e1n de <em>Movimientos sociales, toma de decisiones sobre planeamiento y gobernanza urbana: el eje temporal de un conflicto permanente (La Orotava, Tenerife)<\/em>; el volumen se completa con la trascripci\u00f3n de las participaciones en la Mesa Redonda: <em>Toma de decisiones colectivas y pol\u00edtica del suelo en Canarias<\/em>.\u201d<\/span><\/p>\n<p><\/p>","protected":false},"featured_media":16170,"parent":0,"template":"","meta":{"_acf_changed":false,"ngg_post_thumbnail":0,"footnotes":""},"publicacion_coleccion":[67],"class_list":["post-16169","fcm_publicacion","type-fcm_publicacion","status-publish","has-post-thumbnail","hentry","publicacion_coleccion-torcusa"],"acf":[],"_links":{"self":[{"href":"https:\/\/ludiccc.ddns.net\/de\/wp-json\/wp\/v2\/fcm_publicacion\/16169","targetHints":{"allow":["GET"]}}],"collection":[{"href":"https:\/\/ludiccc.ddns.net\/de\/wp-json\/wp\/v2\/fcm_publicacion"}],"about":[{"href":"https:\/\/ludiccc.ddns.net\/de\/wp-json\/wp\/v2\/types\/fcm_publicacion"}],"version-history":[{"count":1,"href":"https:\/\/ludiccc.ddns.net\/de\/wp-json\/wp\/v2\/fcm_publicacion\/16169\/revisions"}],"predecessor-version":[{"id":24533,"href":"https:\/\/ludiccc.ddns.net\/de\/wp-json\/wp\/v2\/fcm_publicacion\/16169\/revisions\/24533"}],"wp:featuredmedia":[{"embeddable":true,"href":"https:\/\/ludiccc.ddns.net\/de\/wp-json\/wp\/v2\/media\/16170"}],"wp:attachment":[{"href":"https:\/\/ludiccc.ddns.net\/de\/wp-json\/wp\/v2\/media?parent=16169"}],"wp:term":[{"taxonomy":"publicacion_coleccion","embeddable":true,"href":"https:\/\/ludiccc.ddns.net\/de\/wp-json\/wp\/v2\/publicacion_coleccion?post=16169"}],"curies":[{"name":"wp","href":"https:\/\/api.w.org\/{rel}","templated":true}]}}

Toma de decisiones colectivas y política del suelo

<p></p>
<p class="MsoNormal" style="text-align: left;"><span style="ofont-family: Arial;">El libro <strong><em>Toma de decisiones colectivas y política del suelo</em></strong>, cuya <strong>edición</strong> ha corrido a cargo de<strong> Juan Sánchez García</strong>, constituye uno de los <strong>resultados parciales del proyecto de investigación </strong>SEC 1999-0253 titulado <strong><em>Valoración ambiental, desarrollo sostenible y decisiones colectivas; gestión del agua y del suelo en la isla de Tenerife</em></strong>, financiado por el Ministerio de Ciencia y Tecnología. En él se analizan las vías utilizadas por la ciudadanía a la hora de expresar y defender sus valores en relación al medio ambiente cuando estos son afectados negativamente por decisiones políticas. El objetivo último de la publicación es la evaluación del mantenimiento de los valores y cómo se integra la expresión de los mismos en procesos de tomas de decisiones, enriqueciendo a estos y a la democracia.</span></p>
<p class="MsoNormal" style="text-align: left;"><span style="ofont-family: Arial;">Un numeroso equipo de redactores, varios de ellos colaboradores en otros estudios de la FCM, se ocupa de distintos aspectos parciales del tema. El editor de <em>La metodología VALSE (</em>VAluation for Sustenaible Environments<em>): Su aplicación en conflictos de usos de suelo en Tenerife</em>; José Manuel de Cózar Escalante y Juan Sánchez García, del <em>Planteamiento urbanístico y procesos sociales deliberativos: La Playa de las Teresitas en Santa Cruz de Tenerife</em>; Ramón Trujillo Morales de <em>La Playa de las Teresitas (Santa Cruz de Tenerife): Historia de un conflicto</em>; Luz Marina García Herrera y Neil Smith de <em>Planeamiento, desalojos e inversión inmobiliaria en El Cabo-Los Llanos (Santa Cruz de Tenerife)</em>; Federico Aguilera Klink y Juan Sánchez García de <em>El Rincón (La Orotava, Tenerife). Un ejemplo de participación social y ajuste institucional ante un conflicto de usos del suelo</em>; Juan Pedro Hernández Hernández, Juan Sánchez García y María Helena Sánchez Jordán de <em>Movimientos sociales, toma de decisiones sobre planeamiento y gobernanza urbana: el eje temporal de un conflicto permanente (La Orotava, Tenerife)</em>; el volumen se completa con la trascripción de las participaciones en la Mesa Redonda: <em>Toma de decisiones colectivas y política del suelo en Canarias</em>.”</span></p>
<p></p>
