{"id":16123,"date":"1998-09-07T00:00:00","date_gmt":"1998-09-07T00:00:00","guid":{"rendered":"https:\/\/fcmanrique.org\/fcm-publicacion\/la-economia-ecologica-como-ecologia-humana\/"},"modified":"1998-09-07T00:00:00","modified_gmt":"1998-09-07T00:00:00","slug":"la-economia-ecologica-como-ecologia-humana","status":"publish","type":"fcm_publicacion","link":"https:\/\/ludiccc.ddns.net\/de\/fcm-publicacion\/la-economia-ecologica-como-ecologia-humana\/","title":{"rendered":"La econom\u00eda ecol\u00f3gica como ecolog\u00eda humana"},"content":{"rendered":"<p><\/p>\n<p class=\"MsoNormal\"><span style=\"ofont-size: 10pt; ofont-family: Arial;\">Joan Mart&iacute;nez-Alier (Barcelona, 1939) es catedr&aacute;tico de Econom&iacute;a e Historia Econ&oacute;mica de la Universidad Aut&oacute;noma de Barcelona. Fue investigador de la Universidad de Oxford, entre 1966 y 1973, profesor visitante en Oxford, Berl&iacute;n, Standford (California) y en la FLACSO de Quito (Ecuador), donde en la actualidad es rector honorario del Instituto de Estudios Ecologistas del Tercer Mundo. Vinculado durante la dictadura franquista a la editorial Ruedo Ib&eacute;rico, fue candidato por los Verdes en la circunscripci&oacute;n de Barcelona en las elecciones parlamentarias de 1993.<o:p><\/o:p><\/span><\/p>\n<p class=\"MsoNormal\"><span style=\"ofont-size: 10pt; ofont-family: Arial;\">Pionero de la Econom&iacute;a Ecol&oacute;gica, ha realizado trabajos de campo sobre temas agrarios en Andaluc&iacute;a, Cuba y la Sierra del Per&uacute;, de los que ha publicado varios libros, entre los que destacan, <em >Ecological Economics<\/em> (1987) y <em >Varieties of Environmentalism<\/em> (1997). Es director de la revista <em >Ecolog&iacute;a Pol&iacute;tica<\/em>, miembro del consejo directivo de la International Society for Ecological Economics, socio fundador del Centre d&rsquo;Ecolog&iacute;a i projectes Alternatius, en Catalu&ntilde;a y, desde octubre de 1997, director del primer programa de doctorado en Econom&iacute;a Ecol&oacute;gica y Pol&iacute;tica Ambiental de la Universidad Aut&oacute;noma de Barcelona.<o:p><\/o:p><\/span><\/p>\n<p><em ><span style=\"ofont-size: 10pt; ofont-family: Arial;\">La econom&iacute;a ecol&oacute;gica como ecolog&iacute;a humana<\/span><\/em><span style=\"ofont-size: 10pt; ofont-family: Arial;\"> recoge la conferencia que el profesor Mart&iacute;nez-Alier pronunci&oacute; el 5 de junio de 1997 en la sede de la FCM. La econom&iacute;a ecol&oacute;gica no recurre a una escala de valores &uacute;nica expresada en un solo numerario. Por el contrario, la econom&iacute;a ecol&oacute;gica abarca la econom&iacute;a convencional neocl&aacute;sica de los recursos y el medio ambiente, y va m&aacute;s all&aacute;, al incorporar la evaluaci&oacute;n f&iacute;sica de los impactos ambientales de la econom&iacute;a humana. Por lo tanto, la econom&iacute;a ecol&oacute;gica no es una rama o subdisciplina de la econom&iacute;a sino, m&aacute;s bien, otra manera de denominar a la ecolog&iacute;a humana.<br \/><\/span><\/p>","protected":false},"featured_media":16124,"parent":0,"template":"","meta":{"_acf_changed":false,"ngg_post_thumbnail":0,"footnotes":""},"publicacion_coleccion":[57],"class_list":["post-16123","fcm_publicacion","type-fcm_publicacion","status-publish","has-post-thumbnail","hentry","publicacion_coleccion-cuadernas"],"acf":[],"_links":{"self":[{"href":"https:\/\/ludiccc.ddns.net\/de\/wp-json\/wp\/v2\/fcm_publicacion\/16123","targetHints":{"allow":["GET"]}}],"collection":[{"href":"https:\/\/ludiccc.ddns.net\/de\/wp-json\/wp\/v2\/fcm_publicacion"}],"about":[{"href":"https:\/\/ludiccc.ddns.net\/de\/wp-json\/wp\/v2\/types\/fcm_publicacion"}],"version-history":[{"count":0,"href":"https:\/\/ludiccc.ddns.net\/de\/wp-json\/wp\/v2\/fcm_publicacion\/16123\/revisions"}],"wp:featuredmedia":[{"embeddable":true,"href":"https:\/\/ludiccc.ddns.net\/de\/wp-json\/wp\/v2\/media\/16124"}],"wp:attachment":[{"href":"https:\/\/ludiccc.ddns.net\/de\/wp-json\/wp\/v2\/media?parent=16123"}],"wp:term":[{"taxonomy":"publicacion_coleccion","embeddable":true,"href":"https:\/\/ludiccc.ddns.net\/de\/wp-json\/wp\/v2\/publicacion_coleccion?post=16123"}],"curies":[{"name":"wp","href":"https:\/\/api.w.org\/{rel}","templated":true}]}}

La economía ecológica como ecología humana
