{"id":14728,"date":"2018-02-15T23:35:01","date_gmt":"2018-02-15T23:35:01","guid":{"rendered":"https:\/\/fcmanrique.org\/fcm-obra\/agustin-cardenas-femme-au-repos\/"},"modified":"2026-04-23T11:30:05","modified_gmt":"2026-04-23T11:30:05","slug":"agustin-cardenas-femme-au-repos","status":"publish","type":"fcm_obra","link":"https:\/\/ludiccc.ddns.net\/de\/fcm-obra\/agustin-cardenas-femme-au-repos\/","title":{"rendered":"Agust\u00edn C\u00e1rdenas. Femme au reposAgust\u00edn C\u00e1rdenas. Femme au reposAgust\u00edn C\u00e1rdenas. Femme au repos"},"content":{"rendered":"<p><\/p>\n<div><strong>Autor<\/strong>: Agust\u00edn C\u00e1rdenas<\/div>\n<div><strong>T\u00edtulo<\/strong>: Femme au repos<\/div>\n<div><strong>A\u00f1o<\/strong>: 1979<\/div>\n<div><strong>T\u00e9cnica<\/strong>: Bronce fundido<\/div>\n<div><strong>Medidas<\/strong>: 25 x 67 x 41 cm<\/div>\n<p><\/p>","protected":false},"featured_media":14730,"parent":0,"template":"","meta":{"_acf_changed":false,"ngg_post_thumbnail":0,"footnotes":""},"tipo_de_obra":[18],"coleccion_de_obra":[23],"class_list":["post-14728","fcm_obra","type-fcm_obra","status-publish","has-post-thumbnail","hentry","tipo_de_obra-escultura","coleccion_de_obra-fondos"],"acf":[],"_links":{"self":[{"href":"https:\/\/ludiccc.ddns.net\/de\/wp-json\/wp\/v2\/fcm_obra\/14728","targetHints":{"allow":["GET"]}}],"collection":[{"href":"https:\/\/ludiccc.ddns.net\/de\/wp-json\/wp\/v2\/fcm_obra"}],"about":[{"href":"https:\/\/ludiccc.ddns.net\/de\/wp-json\/wp\/v2\/types\/fcm_obra"}],"version-history":[{"count":3,"href":"https:\/\/ludiccc.ddns.net\/de\/wp-json\/wp\/v2\/fcm_obra\/14728\/revisions"}],"predecessor-version":[{"id":26885,"href":"https:\/\/ludiccc.ddns.net\/de\/wp-json\/wp\/v2\/fcm_obra\/14728\/revisions\/26885"}],"wp:featuredmedia":[{"embeddable":true,"href":"https:\/\/ludiccc.ddns.net\/de\/wp-json\/wp\/v2\/media\/14730"}],"wp:attachment":[{"href":"https:\/\/ludiccc.ddns.net\/de\/wp-json\/wp\/v2\/media?parent=14728"}],"wp:term":[{"taxonomy":"tipo_de_obra","embeddable":true,"href":"https:\/\/ludiccc.ddns.net\/de\/wp-json\/wp\/v2\/tipo_de_obra?post=14728"},{"taxonomy":"coleccion_de_obra","embeddable":true,"href":"https:\/\/ludiccc.ddns.net\/de\/wp-json\/wp\/v2\/coleccion_de_obra?post=14728"}],"curies":[{"name":"wp","href":"https:\/\/api.w.org\/{rel}","templated":true}]}}

Agustín Cárdenas. Femme au reposAgustín Cárdenas. Femme au reposAgustín Cárdenas. Femme au repos

<p></p>
<div><strong>Autor</strong>: Agustín Cárdenas</div>
<div><strong>Título</strong>: Femme au repos</div>
<div><strong>Año</strong>: 1979</div>
<div><strong>Técnica</strong>: Bronce fundido</div>
<div><strong>Medidas</strong>: 25 x 67 x 41 cm</div>
<p></p>
