{"id":4715,"date":"2017-10-19T10:58:40","date_gmt":"2017-10-19T10:58:40","guid":{"rendered":"https:\/\/fcmanrique.org\/?p=4715"},"modified":"2026-04-16T12:42:37","modified_gmt":"2026-04-16T12:42:37","slug":"la-fcm-pide-respeto-para-cesar-manrique-ante-la-controversia-suscitada-en-relacion-a-la-denominacion-del-aeropuerto-de-lanzarote-como-aeropuerto-cesar-manrique-lanzarote","status":"publish","type":"fcm_informe","link":"https:\/\/ludiccc.ddns.net\/de\/fcm-informe\/la-fcm-pide-respeto-para-cesar-manrique-ante-la-controversia-suscitada-en-relacion-a-la-denominacion-del-aeropuerto-de-lanzarote-como-aeropuerto-cesar-manrique-lanzarote\/","title":{"rendered":"LA FCM PIDE RESPETO PARA C\u00c9SAR MANRIQUE ANTE LA CONTROVERSIA SUSCITADA EN RELACI\u00d3N A LA DENOMINACI\u00d3N DEL AEROPUERTO DE LANZAROTE COMO AEROPUERTO C\u00c9SAR MANRIQUE-LANZAROTE"},"content":{"rendered":"<p>Ante la controversia suscitada en d\u00edas pasados en relaci\u00f3n a la posible denominaci\u00f3n del aeropuerto de Lanzarote como Aeropuerto C\u00e9sar Manrique-Lanzarote, la Fundaci\u00f3n C\u00e9sar Manrique solicita a las distintas administraciones y organizaciones pol\u00edticas apartar el nombre del artista de la disputa partidaria en la que se ha visto envuelto por motivos vinculados al coste econ\u00f3mico que conllevar\u00eda su ejecuci\u00f3n.<\/p>\n<p>Para la FCM est\u00e1 fuera de toda duda la oportunidad y justicia de poner el nombre de C\u00e9sar Manrique al aeropuerto de Lanzarote por razones que son obvias. Basta recordar, entre otras, la contribuci\u00f3n hist\u00f3rica de sus ideas y propuestas creativas a mejorar la vida de los habitantes de Lanzarote, as\u00ed como su deseo y determinaci\u00f3n de favorecer un nuevo paradigma econ\u00f3mico en el territorio insular, que ha resultado fundamental en la definici\u00f3n moderna de Lanzarote, por otra parte, sin parang\u00f3n en la cultura espa\u00f1ola de la segunda mitad del siglo XX. A juicio de la FCM, tal nombramiento es una iniciativa m\u00e1s que justificada, m\u00e1xime cuando nos acercamos al centenario de su nacimiento.<\/p>\n<p>Por todo ello, la FCM considera que la toma de decisiones para formalizar este asunto ha de hacerse de manera cuidadosa, al margen de tensiones indeseadas que, de alg\u00fan modo, vuelvan a poner sobre la mesa aquellas a las que lamentablemente fue sometido C\u00e9sar en vida, con las dos veces frustradas de su declaraci\u00f3n como Hijo Predilecto de Lanzarote. Problematizar el cambio de nombre por su coste econ\u00f3mico, que es, a todas luces, menor, en la escala de los presupuestos y asignaciones que manejan las administraciones p\u00fablicas, carece de sentido, y deber\u00eda solventarse inmediatamente por parte de las administraciones locales y canarias o, de otro modo, retirar la propuesta.<\/p>\n<p>El nombre de C\u00e9sar Manrique no se merece estar en medio de refriegas pol\u00edticas o disputas entre administraciones por cuestiones irrelevantes en t\u00e9rminos monetarios, si se pone en comparaci\u00f3n con la aportaci\u00f3n del artista al bienestar pasado, presente y futuro de la isla. Por otra parte, el comportamiento que ha tenido AENA desde el comienzo en todo este asunto merece el reproche de la Fundaci\u00f3n, por su insensibilidad y displicencia hacia quien fue un reiterado colaborador de la empresa p\u00fablica desde los a\u00f1os cincuenta del pasado siglo.&nbsp;<\/p>\n<p>La FCM agradece la iniciativa p\u00fablica de denominar al aeropuerto con el nombre de C\u00e9sar Manrique vinculado al de Lanzarote, pero reclama respeto hacia su figura, generosidad y altura de miras para que, por todos los actores implicados en el eventual cambio de nombre del aeropuerto, se sepa valorar su aportaci\u00f3n al bien com\u00fan de Lanzarote y de Canarias. La respuesta a esa circunstancia deber\u00eda producirse en t\u00e9rminos justos, dignos y respetuosos, incluso de gratitud, m\u00e1s all\u00e1 de la demagogia desconsiderada.<\/p>","protected":false},"featured_media":22589,"parent":0,"template":"","meta":{"_acf_changed":false,"ngg_post_thumbnail":0,"footnotes":""},"informe_tipo":[161],"class_list":["post-4715","fcm_informe","type-fcm_informe","status-publish","has-post-thumbnail","hentry","informe_tipo-posiciones-publicas"],"acf":[],"_links":{"self":[{"href":"https:\/\/ludiccc.ddns.net\/de\/wp-json\/wp\/v2\/fcm_informe\/4715","targetHints":{"allow":["GET"]}}],"collection":[{"href":"https:\/\/ludiccc.ddns.net\/de\/wp-json\/wp\/v2\/fcm_informe"}],"about":[{"href":"https:\/\/ludiccc.ddns.net\/de\/wp-json\/wp\/v2\/types\/fcm_informe"}],"version-history":[{"count":6,"href":"https:\/\/ludiccc.ddns.net\/de\/wp-json\/wp\/v2\/fcm_informe\/4715\/revisions"}],"predecessor-version":[{"id":25034,"href":"https:\/\/ludiccc.ddns.net\/de\/wp-json\/wp\/v2\/fcm_informe\/4715\/revisions\/25034"}],"wp:featuredmedia":[{"embeddable":true,"href":"https:\/\/ludiccc.ddns.net\/de\/wp-json\/wp\/v2\/media\/22589"}],"wp:attachment":[{"href":"https:\/\/ludiccc.ddns.net\/de\/wp-json\/wp\/v2\/media?parent=4715"}],"wp:term":[{"taxonomy":"informe_tipo","embeddable":true,"href":"https:\/\/ludiccc.ddns.net\/de\/wp-json\/wp\/v2\/informe_tipo?post=4715"}],"curies":[{"name":"wp","href":"https:\/\/api.w.org\/{rel}","templated":true}]}}

LA FCM PIDE RESPETO PARA CÉSAR MANRIQUE ANTE LA CONTROVERSIA SUSCITADA EN RELACIÓN A LA DENOMINACIÓN DEL AEROPUERTO DE LANZAROTE COMO AEROPUERTO CÉSAR MANRIQUE-LANZAROTE

<p>Ante la controversia suscitada en días pasados en relación a la posible denominación del aeropuerto de Lanzarote como Aeropuerto César Manrique-Lanzarote, la Fundación César Manrique solicita a las distintas administraciones y organizaciones políticas apartar el nombre del artista de la disputa partidaria en la que se ha visto envuelto por motivos vinculados al coste económico que conllevaría su ejecución.</p>
<p>Para la FCM está fuera de toda duda la oportunidad y justicia de poner el nombre de César Manrique al aeropuerto de Lanzarote por razones que son obvias. Basta recordar, entre otras, la contribución histórica de sus ideas y propuestas creativas a mejorar la vida de los habitantes de Lanzarote, así como su deseo y determinación de favorecer un nuevo paradigma económico en el territorio insular, que ha resultado fundamental en la definición moderna de Lanzarote, por otra parte, sin parangón en la cultura española de la segunda mitad del siglo XX. A juicio de la FCM, tal nombramiento es una iniciativa más que justificada, máxime cuando nos acercamos al centenario de su nacimiento.</p>
<p>Por todo ello, la FCM considera que la toma de decisiones para formalizar este asunto ha de hacerse de manera cuidadosa, al margen de tensiones indeseadas que, de algún modo, vuelvan a poner sobre la mesa aquellas a las que lamentablemente fue sometido César en vida, con las dos veces frustradas de su declaración como Hijo Predilecto de Lanzarote. Problematizar el cambio de nombre por su coste económico, que es, a todas luces, menor, en la escala de los presupuestos y asignaciones que manejan las administraciones públicas, carece de sentido, y debería solventarse inmediatamente por parte de las administraciones locales y canarias o, de otro modo, retirar la propuesta.</p>
<p>El nombre de César Manrique no se merece estar en medio de refriegas políticas o disputas entre administraciones por cuestiones irrelevantes en términos monetarios, si se pone en comparación con la aportación del artista al bienestar pasado, presente y futuro de la isla. Por otra parte, el comportamiento que ha tenido AENA desde el comienzo en todo este asunto merece el reproche de la Fundación, por su insensibilidad y displicencia hacia quien fue un reiterado colaborador de la empresa pública desde los años cincuenta del pasado siglo.&nbsp;</p>
<p>La FCM agradece la iniciativa pública de denominar al aeropuerto con el nombre de César Manrique vinculado al de Lanzarote, pero reclama respeto hacia su figura, generosidad y altura de miras para que, por todos los actores implicados en el eventual cambio de nombre del aeropuerto, se sepa valorar su aportación al bien común de Lanzarote y de Canarias. La respuesta a esa circunstancia debería producirse en términos justos, dignos y respetuosos, incluso de gratitud, más allá de la demagogia desconsiderada.</p>
