{"id":14349,"date":"2010-02-10T00:00:00","date_gmt":"2010-02-10T00:00:00","guid":{"rendered":"https:\/\/fcmanrique.org\/fcm-actividad\/alegaciones-a-la-aprobacion-inicial\/"},"modified":"2026-04-16T12:42:20","modified_gmt":"2026-04-16T12:42:20","slug":"alegaciones-a-la-aprobacion-inicial","status":"publish","type":"fcm_informe","link":"https:\/\/ludiccc.ddns.net\/de\/fcm-informe\/alegaciones-a-la-aprobacion-inicial\/","title":{"rendered":"Alegaciones a la Aprobaci\u00f3n Inicial del Plan Especial de La Geria presentadas por la FCM"},"content":{"rendered":"<p><!-- [if gte mso 9]><xml>\n\nNormal\n0\n21\n\nMicrosoftInternetExplorer4\n\n<\/xml><![endif]--><!-- [if gte mso 10]>\n\n\n\n<style>\n \/* Style Definitions *\/<br \/> table.MsoNormalTable<br \/>\t{mso-style-name:\"Tabla normal\";<br \/>\tmso-style-parent:\"\";<br \/>\t\"Times New Roman\";}<br \/><\/style>\n\n<![endif]-->En febrero de <strong>2010<\/strong>, la FCM present\u00f3 ante la Direcci\u00f3n General de Ordenaci\u00f3n del Territorio, <strong>alegaciones a la Aprobaci\u00f3n Inicial del Plan Especial del Paisaje Protegido de La Geria<\/strong>, durante el per\u00edodo de informaci\u00f3n p\u00fablica.<\/p>\n<p>En el documento presentado por la FCM se realizaron consideraciones a las reestructuraciones agr\u00edcolas que se est\u00e1n produciendo actualmente en La Geria, proponiendo la necesidad de fijar criterios para limitar la extracci\u00f3n de pic\u00f3n de las fincas y las zonas susceptibles de ser protegidas plenamente frente a estas reestructuraciones.<\/p>\n<p><strong>Otros aspectos<\/strong> incluidos en el documento fueron:<\/p>\n<p style=\"margin-left: 35.4pt;\">&#8211; La actividad bodeguera como recurso econ\u00f3mico y tur\u00edstico y la atenci\u00f3n a la posibilidad latente que supone que el paisaje se convierta en parque tem\u00e1tico<\/p>\n<p style=\"margin-left: 35.4pt;\">&#8211; Aspectos relacionados con la carretera que atraviesa el paisaje protegido<\/p>\n<p style=\"margin-left: 35.4pt;\">&#8211; Las nuevas edificaciones en el suelo r\u00fastico clasificado como de asentamiento agr\u00edcola<\/p>\n<p style=\"margin-left: 35.4pt;\">&#8211; Los perjuicios de instalar un mirador en Tinasoria, favoreciendo la explotaci\u00f3n masiva de turismo en cotas altas y la alteraci\u00f3n del entorno<\/p>\n<p style=\"margin-left: 35.4pt;\">&#8211; La posibilidad de subvencionar cuadrillas de personas que trabajen en tareas de mantenimiento del paisaje y el apoyo para asociarse en cooperativas<\/p>\n<p style=\"margin-left: 35.4pt;\">&#8211; La restauraci\u00f3n ambiental de zonas degradadas y la adecuaci\u00f3n de un dep\u00f3sito de materiales volc\u00e1nicos gestionado por la administraci\u00f3n p\u00fablica.<\/p>\n<p><\/p>","protected":false},"featured_media":26020,"parent":0,"template":"","meta":{"_acf_changed":false,"ngg_post_thumbnail":0,"footnotes":""},"informe_tipo":[160],"class_list":["post-14349","fcm_informe","type-fcm_informe","status-publish","has-post-thumbnail","hentry","informe_tipo-alegaciones-y-sugerencias"],"acf":[],"_links":{"self":[{"href":"https:\/\/ludiccc.ddns.net\/de\/wp-json\/wp\/v2\/fcm_informe\/14349","targetHints":{"allow":["GET"]}}],"collection":[{"href":"https:\/\/ludiccc.ddns.net\/de\/wp-json\/wp\/v2\/fcm_informe"}],"about":[{"href":"https:\/\/ludiccc.ddns.net\/de\/wp-json\/wp\/v2\/types\/fcm_informe"}],"version-history":[{"count":2,"href":"https:\/\/ludiccc.ddns.net\/de\/wp-json\/wp\/v2\/fcm_informe\/14349\/revisions"}],"predecessor-version":[{"id":26024,"href":"https:\/\/ludiccc.ddns.net\/de\/wp-json\/wp\/v2\/fcm_informe\/14349\/revisions\/26024"}],"wp:featuredmedia":[{"embeddable":true,"href":"https:\/\/ludiccc.ddns.net\/de\/wp-json\/wp\/v2\/media\/26020"}],"wp:attachment":[{"href":"https:\/\/ludiccc.ddns.net\/de\/wp-json\/wp\/v2\/media?parent=14349"}],"wp:term":[{"taxonomy":"informe_tipo","embeddable":true,"href":"https:\/\/ludiccc.ddns.net\/de\/wp-json\/wp\/v2\/informe_tipo?post=14349"}],"curies":[{"name":"wp","href":"https:\/\/api.w.org\/{rel}","templated":true}]}}

Alegaciones a la Aprobación Inicial del Plan Especial de La Geria presentadas por la FCM

<p><!-- [if gte mso 9]><xml>

Normal
0
21

MicrosoftInternetExplorer4

</xml><![endif]--><!-- [if gte mso 10]>



<style>
 /* Style Definitions */<br /> table.MsoNormalTable<br />	{mso-style-name:"Tabla normal";<br />	mso-style-parent:"";<br />	"Times New Roman";}<br /></style>

<![endif]-->En febrero de <strong>2010</strong>, la FCM presentó ante la Dirección General de Ordenación del Territorio, <strong>alegaciones a la Aprobación Inicial del Plan Especial del Paisaje Protegido de La Geria</strong>, durante el período de información pública.</p>
<p>En el documento presentado por la FCM se realizaron consideraciones a las reestructuraciones agrícolas que se están produciendo actualmente en La Geria, proponiendo la necesidad de fijar criterios para limitar la extracción de picón de las fincas y las zonas susceptibles de ser protegidas plenamente frente a estas reestructuraciones.</p>
<p><strong>Otros aspectos</strong> incluidos en el documento fueron:</p>
<p style="margin-left: 35.4pt;">&#8211; La actividad bodeguera como recurso económico y turístico y la atención a la posibilidad latente que supone que el paisaje se convierta en parque temático</p>
<p style="margin-left: 35.4pt;">&#8211; Aspectos relacionados con la carretera que atraviesa el paisaje protegido</p>
<p style="margin-left: 35.4pt;">&#8211; Las nuevas edificaciones en el suelo rústico clasificado como de asentamiento agrícola</p>
<p style="margin-left: 35.4pt;">&#8211; Los perjuicios de instalar un mirador en Tinasoria, favoreciendo la explotación masiva de turismo en cotas altas y la alteración del entorno</p>
<p style="margin-left: 35.4pt;">&#8211; La posibilidad de subvencionar cuadrillas de personas que trabajen en tareas de mantenimiento del paisaje y el apoyo para asociarse en cooperativas</p>
<p style="margin-left: 35.4pt;">&#8211; La restauración ambiental de zonas degradadas y la adecuación de un depósito de materiales volcánicos gestionado por la administración pública.</p>
<p></p>
