{"id":15132,"date":"2018-02-21T11:31:06","date_gmt":"2018-02-21T11:31:06","guid":{"rendered":"https:\/\/fcmanrique.org\/fcm-exposicion\/grandes-paisajes-de-europa\/"},"modified":"2026-04-23T23:20:11","modified_gmt":"2026-04-23T23:20:11","slug":"grandes-paisajes-de-europa","status":"publish","type":"fcm_exposicion","link":"https:\/\/ludiccc.ddns.net\/de\/fcm-exposicion\/grandes-paisajes-de-europa\/","title":{"rendered":"Grandes paisajes de Europa"},"content":{"rendered":"<div class=\"wp-block-columns fcm-page-migration-columns is-layout-flex wp-container-core-columns-is-layout-9d6595d7 wp-block-columns-is-layout-flex\"><div class=\"wp-block-column is-layout-flow wp-block-column-is-layout-flow\" style=\"flex-basis:66.66%\"><figure class=\"wp-block-image size-full\"><img fetchpriority=\"high\" width=\"289\" height=\"246\" src=\"https:\/\/fcm.local\/wp-content\/uploads\/cesar-manrique-expo-grandes-paisajes-de-Europa-th.jpg\" class=\"wp-image-16795\" alt=\"Grandes paisajes de Europa\" loading=\"eager\" decoding=\"async\" \/><\/figure>\n<p>Del 28 de febrero al 4 de mayo de 2008 se exhibi\u00f3 en la Fundaci\u00f3n C\u00e9sar Manrique la exposici\u00f3n <strong><em>Grandes paisajes de Europa<\/em><\/strong>. La muestra incluy\u00f3 un proyecto espec\u00edfico para Lanzarote encargado por la FCM al paisajista franc\u00e9s Gilles Cl\u00e9ment, que ha desarrollado en la zona de las Salinas de La Bufona, entre Arrecife y El Cable, y que fue expuesto en la Sala Jos\u00e9 Saramago de Arrecife. En la exposici\u00f3n emplazada en la sala Manrique de Taro de Tah\u00edche se mostraron, adem\u00e1s, proyectos de algunos de los m\u00e1s prestigiosos paisajistas europeos: Batlle i Roig Arquitectes y Gal\u00ed-Izard, Paolo L. B\u00fcrgi, Atelier Corajoud, Georges Descombes y grupo ADR Arquitectos, Michel Desvigne, IBA F\u00fcrst-P\u00fcckler-Land, Peter Latz + Partner y RCR Arquitectes. La muestra itiner\u00f3 a la Galer\u00eda Lucy Mackintosh, Lausanne (Suiza), entre el 14 de mayo y el 31 de julio de 2009, incorpor\u00e1ndose a los diversos actos programados en la cuarta edici\u00f3n de la manifestaci\u00f3n Lausanne Jardins 2009. <strong><u>Sala Jos\u00e9 Saramago. Arrecife<\/u><\/strong> Gilles Cl\u00e9ment es ingeniero agr\u00f3nomo, bot\u00e1nico, entom\u00f3logo, paisajista, autor de numerosos jardines peque\u00f1os y grandes, as\u00ed como de interpretaciones libres de jardines hist\u00f3ricos, si bien Cl\u00e9ment se reconoce b\u00e1sicamente como jardinero con una vertiente de experimentador. Tanto en La Vall\u00e9e, su propio jard\u00edn en la Creuse (Francia), como en los que realiza por todo el mundo, ha resumido las l\u00edneas que alimentan su pensamiento sobre el paisaje y sus reflexiones sobre el hombre simbi\u00f3tico: el Jard\u00edn en movimiento, el Jard\u00edn planetario, y el Tercer Paisaje (los territorios abandonados, indecisos, refugios de la diversidad). Entre sus proyectos ejecutados en Europa, destacan el parque Andr\u00e9 Citro\u00ebn, en Paris, el parque Henri Matisse, en Lille, y los jardines del Museo de Quai Branly, junto a Jean Nouvel, en Paris. En 2006, Cl\u00e9ment particip\u00f3 en el programa de Artistas en Residencia de la FCM y comenz\u00f3 la elaboraci\u00f3n de su proyecto, que abarca el tramo entre Arrecife y El Cable, incluyendo las antiguas salinas de La Bufona, e incorpora cuatro elementos esenciales. As\u00ed los expresa Gilles Cl\u00e9ment:<\/p>\n<ol class=\"wp-block-list\"> <li><em> Las Salinas. <\/em>Las salinas, de nuevo rellenas de agua, constituyen un motivo abstracto de formas sencillas, en contraste con las rocas que las rodean, son un jard\u00edn de agua y de color, posiblemente un jard\u00edn ornitol\u00f3gico. 2. <em>El Caos de Lava. <\/em>Atravesado por la prolongaci\u00f3n rectil\u00ednea de los diques, tambi\u00e9n se puede llegar al Caos de Lava por senderos transversales que dan paso a los \u00abSocos estrellados\u00bb, refugios en forma de huevo con orificios en la b\u00f3veda, dise\u00f1ados por la artista Carmen Perrin. 3. <em>El Paseo. <\/em>El suelo trabajado del Paseo presenta cortes y salientes agudos que evocan el grafismo de los cardiogramas, dirigidos hacia el mar o hacia las salinas. 4. <em>La autonom\u00eda energ\u00e9tica. <\/em>En el coraz\u00f3n de las salinas, una plaza pentagonal cubierta de un tejado fotovoltaico ofrece la energ\u00eda necesaria para el funcionamiento global del parque.<\/li> <\/ol>\n<p>El Jard\u00edn del Tercer Paisaje, en las antiguas Salinas de La Bufona, aborda la cuesti\u00f3n de la diversidad pionera del Tercer Paisaje, remite a la actividad volc\u00e1nica original de la isla, propone soluciones de acondicionamiento que aprovechan los materiales y las energ\u00edas existentes, se posiciona en una perspectiva completamente nueva, desde la que la gesti\u00f3n del \u00abJard\u00edn Planetario\u00bb \u2014espacio pol\u00edtico, econ\u00f3mico y social\u2014 invita al Hombre a cuidar de la diversidad de la que depende. <strong><u>Sala Manrique. Taro de Tah\u00edche<\/u><\/strong> \u201cGrandes paisajes de Europa\u201d, producida por la FCM y comisariada por Lorette Coen, present\u00f3 una selecci\u00f3n de proyectos paisaj\u00edsticos europeos ejemplares, desarrollados a gran o a muy gran escala, desde una perspectiva a largo plazo. En la muestra se incluyen nueve intervenciones de referencia en Europa: dos de Alemania, \u2014el parque paisaj\u00edstico de Duisburgo-Norte y la transformaci\u00f3n de la inmensa cuenca minera del Lausitz\u2014; dos de Suiza, uno de ellos terminado \u2014la reorganizaci\u00f3n de un paisaje de monta\u00f1a en Cardada\u2014 y otro en curso de ejecuci\u00f3n \u2014la revitalizaci\u00f3n del r\u00edo Aire y sus orillas, entre Ginebra y Saboya\u2014; dos de Francia \u2014el bosque de Sausset y el Proyecto Lyon Confluence\u2014; y dos de Espa\u00f1a \u2014la restauraci\u00f3n paisaj\u00edstica del vertedero del valle de Sant Joan, en Barcelona, y la urbanizaci\u00f3n del parque de Pedra Tosca en Les Preses, en Gerona\u2014. No cabe duda de que la cuesti\u00f3n del Gran Paisaje forma parte de la actualidad mundial m\u00e1s candente. Y sin embargo, a diferencia del jard\u00edn, el parque o el espacio p\u00fablico urbanizado, que son objeto de numerosas exposiciones y manifestaciones, tanto eruditas como populares, el tema del gran paisaje a muy amplia escala no se suele abordar en proyectos dirigidos al p\u00fablico. Quiz\u00e1 porque afecta a proyectos complejos que no se dejan abarcar con la mirada. Proyectos fr\u00e1giles, especialmente sensibles a la pol\u00edtica y la coyuntura, ya que se desarrollan a largo plazo. Todo ello, en un momento en que el abandono de la agricultura, el repliegue de la industria, el deterioro del medio ambiente natural y urbano convierten las transformaciones y recalificaciones de grandes paisajes en una necesidad creciente. Los proyectos documentados por la Fundaci\u00f3n C\u00e9sar Manrique, todos ellos situados en el espacio geogr\u00e1fico europeo, elegidos por su calidad, su car\u00e1cter ejemplar, responden a problem\u00e1ticas paisaj\u00edsticas diversas, de m\u00faltiples componentes: reorganizaci\u00f3n territorial, implantaci\u00f3n forestal, revitalizaci\u00f3n de r\u00edos, rehabilitaci\u00f3n de orillas o muelles fluviales, reestructuraci\u00f3n urbana, reconversi\u00f3n industrial, recuperaci\u00f3n de lugares deteriorados o revelaci\u00f3n de lugares naturales e hist\u00f3ricos. El hombre id\u00edlico de Caspar David Friedrich, de pie sobre su roca frente al gran paisaje, en una postura contemplativa y pensativa, pertenece a \u00e9pocas pasadas. La actitud distanciada, a menudo depredadora, duramente planificadora, se impuso tambi\u00e9n en el siglo anterior. Esta posici\u00f3n ante la naturaleza ha mostrado claramente sus l\u00edmites. \u00bfC\u00f3mo, y en qu\u00e9 lenguajes contempor\u00e1neos, los arquitectos paisajistas, enfrentados con obras inscritas en inmensos espacios y en una temporalidad larga, responden a los interrogantes socioecon\u00f3micos, medioambientales y forzosamente pol\u00edticos con los que se enfrentan hoy en d\u00eda? La exposici\u00f3n organizada por la Fundaci\u00f3n C\u00e9sar Manrique, puso de relieve el gran paisaje concebido y reorganizado como acto de cultura, como visi\u00f3n del mundo o tambi\u00e9n como esperanza. Lorette Coen, comisaria de la exposici\u00f3n, es licenciada en letras por la universidad de Lausana y posgrado de la Universidad de Par\u00eds VIII. Es ensayista y directora de proyectos culturales, y periodista perteneciente a la redacci\u00f3n de cultura del peri\u00f3dico <em>Le Temps<\/em>, Ginebra (art\u00edculos sobre dise\u00f1o, arquitectura, urbanismo, paisajismo, artes visuales, filosof\u00eda). Coen es especialista en arquitectura paisaj\u00edstica, autora de libros y documentales, comisaria de exposiciones, grandes manifestaciones como \u00abLausanne Jardins\u00bb en 1997 y 2000 y \u00abA la recherche de la cit\u00e9 id\u00e9ale\u00bb, en la Saline Royale de Arc-et-Senans, en Francia, en 2000. Es presidenta de la Comisi\u00f3n Federal Suiza de Dise\u00f1o y miembro de jurados suizos e internacionales (concurso francoalem\u00e1n del Jardin des Deux-Rives, entre Estrasburgo y Kehl, concurso del futuro Museo de Bellas Artes, en Lausana, concurso de intervenciones art\u00edsticas de la exposici\u00f3n universal de Zaragoza 2008).<\/p><\/div><div class=\"wp-block-column is-layout-flow wp-block-column-is-layout-flow\" style=\"flex-basis:33.33%\"><div class=\"wp-block-group detail-panel detail-media wp-block-group-\"><div class=\"wp-block-group__inner-container is-layout-flow wp-block-group-is-layout-flow\"><p><a href=\"https:\/\/fcmanrique.org\/wp-content\/uploads\/4822b91dthmb_expoGPE04_640.jpg\"><\/a><\/p><\/div><\/div>\n<div class=\"wp-block-group detail-panel detail-media wp-block-group-\"><div class=\"wp-block-group__inner-container is-layout-flow wp-block-group-is-layout-flow\"><ul class=\"wp-block-list\"><li><a href=\"\/recursos\/exposicion\/4b865235nota%20prensa%2007-08%20expo%20GPE%202.pdf\" class=\"fcm-pdf-download-link\">Nota de prensa Encuentro paisajistas I<\/a><\/li><li><a href=\"\/recursos\/exposicion\/4b8652a0nota%20prensa%2008-08%20expo%20GPE%203.pdf\" class=\"fcm-pdf-download-link\">Nota de prensa Encuentro paisajistas II<\/a><\/li><\/ul><\/div><\/div><\/div><\/div>","protected":false},"featured_media":16795,"parent":0,"template":"","meta":{"_acf_changed":false,"ngg_post_thumbnail":0,"footnotes":""},"exposicion_linea_discursiva":[52],"class_list":["post-15132","fcm_exposicion","type-fcm_exposicion","status-publish","has-post-thumbnail","hentry","exposicion_linea_discursiva-arte-espacio-publico"],"acf":[],"_links":{"self":[{"href":"https:\/\/ludiccc.ddns.net\/de\/wp-json\/wp\/v2\/fcm_exposicion\/15132","targetHints":{"allow":["GET"]}}],"collection":[{"href":"https:\/\/ludiccc.ddns.net\/de\/wp-json\/wp\/v2\/fcm_exposicion"}],"about":[{"href":"https:\/\/ludiccc.ddns.net\/de\/wp-json\/wp\/v2\/types\/fcm_exposicion"}],"version-history":[{"count":4,"href":"https:\/\/ludiccc.ddns.net\/de\/wp-json\/wp\/v2\/fcm_exposicion\/15132\/revisions"}],"predecessor-version":[{"id":27106,"href":"https:\/\/ludiccc.ddns.net\/de\/wp-json\/wp\/v2\/fcm_exposicion\/15132\/revisions\/27106"}],"wp:featuredmedia":[{"embeddable":true,"href":"https:\/\/ludiccc.ddns.net\/de\/wp-json\/wp\/v2\/media\/16795"}],"wp:attachment":[{"href":"https:\/\/ludiccc.ddns.net\/de\/wp-json\/wp\/v2\/media?parent=15132"}],"wp:term":[{"taxonomy":"exposicion_linea_discursiva","embeddable":true,"href":"https:\/\/ludiccc.ddns.net\/de\/wp-json\/wp\/v2\/exposicion_linea_discursiva?post=15132"}],"curies":[{"name":"wp","href":"https:\/\/api.w.org\/{rel}","templated":true}]}}

<div class="wp-block-columns fcm-page-migration-columns is-layout-flex wp-container-core-columns-is-layout-9d6595d7 wp-block-columns-is-layout-flex"><div class="wp-block-column is-layout-flow wp-block-column-is-layout-flow" style="flex-basis:66.66%"><figure class="wp-block-image size-full"><img fetchpriority="high" width="289" height="246" src="https://fcm.local/wp-content/uploads/cesar-manrique-expo-grandes-paisajes-de-Europa-th.jpg" class="wp-image-16795" alt="Grandes paisajes de Europa" loading="eager" decoding="async" /></figure>
<p>Del 28 de febrero al 4 de mayo de 2008 se exhibió en la Fundación César Manrique la exposición <strong><em>Grandes paisajes de Europa</em></strong>. La muestra incluyó un proyecto específico para Lanzarote encargado por la FCM al paisajista francés Gilles Clément, que ha desarrollado en la zona de las Salinas de La Bufona, entre Arrecife y El Cable, y que fue expuesto en la Sala José Saramago de Arrecife. En la exposición emplazada en la sala Manrique de Taro de Tahíche se mostraron, además, proyectos de algunos de los más prestigiosos paisajistas europeos: Batlle i Roig Arquitectes y Galí-Izard, Paolo L. Bürgi, Atelier Corajoud, Georges Descombes y grupo ADR Arquitectos, Michel Desvigne, IBA Fürst-Pückler-Land, Peter Latz + Partner y RCR Arquitectes. La muestra itineró a la Galería Lucy Mackintosh, Lausanne (Suiza), entre el 14 de mayo y el 31 de julio de 2009, incorporándose a los diversos actos programados en la cuarta edición de la manifestación Lausanne Jardins 2009. <strong><u>Sala José Saramago. Arrecife</u></strong> Gilles Clément es ingeniero agrónomo, botánico, entomólogo, paisajista, autor de numerosos jardines pequeños y grandes, así como de interpretaciones libres de jardines históricos, si bien Clément se reconoce básicamente como jardinero con una vertiente de experimentador. Tanto en La Vallée, su propio jardín en la Creuse (Francia), como en los que realiza por todo el mundo, ha resumido las líneas que alimentan su pensamiento sobre el paisaje y sus reflexiones sobre el hombre simbiótico: el Jardín en movimiento, el Jardín planetario, y el Tercer Paisaje (los territorios abandonados, indecisos, refugios de la diversidad). Entre sus proyectos ejecutados en Europa, destacan el parque André Citroën, en Paris, el parque Henri Matisse, en Lille, y los jardines del Museo de Quai Branly, junto a Jean Nouvel, en Paris. En 2006, Clément participó en el programa de Artistas en Residencia de la FCM y comenzó la elaboración de su proyecto, que abarca el tramo entre Arrecife y El Cable, incluyendo las antiguas salinas de La Bufona, e incorpora cuatro elementos esenciales. Así los expresa Gilles Clément:</p>
<ol class="wp-block-list"> <li><em> Las Salinas. </em>Las salinas, de nuevo rellenas de agua, constituyen un motivo abstracto de formas sencillas, en contraste con las rocas que las rodean, son un jardín de agua y de color, posiblemente un jardín ornitológico. 2. <em>El Caos de Lava. </em>Atravesado por la prolongación rectilínea de los diques, también se puede llegar al Caos de Lava por senderos transversales que dan paso a los «Socos estrellados», refugios en forma de huevo con orificios en la bóveda, diseñados por la artista Carmen Perrin. 3. <em>El Paseo. </em>El suelo trabajado del Paseo presenta cortes y salientes agudos que evocan el grafismo de los cardiogramas, dirigidos hacia el mar o hacia las salinas. 4. <em>La autonomía energética. </em>En el corazón de las salinas, una plaza pentagonal cubierta de un tejado fotovoltaico ofrece la energía necesaria para el funcionamiento global del parque.</li> </ol>
<p>El Jardín del Tercer Paisaje, en las antiguas Salinas de La Bufona, aborda la cuestión de la diversidad pionera del Tercer Paisaje, remite a la actividad volcánica original de la isla, propone soluciones de acondicionamiento que aprovechan los materiales y las energías existentes, se posiciona en una perspectiva completamente nueva, desde la que la gestión del «Jardín Planetario» —espacio político, económico y social— invita al Hombre a cuidar de la diversidad de la que depende. <strong><u>Sala Manrique. Taro de Tahíche</u></strong> “Grandes paisajes de Europa”, producida por la FCM y comisariada por Lorette Coen, presentó una selección de proyectos paisajísticos europeos ejemplares, desarrollados a gran o a muy gran escala, desde una perspectiva a largo plazo. En la muestra se incluyen nueve intervenciones de referencia en Europa: dos de Alemania, —el parque paisajístico de Duisburgo-Norte y la transformación de la inmensa cuenca minera del Lausitz—; dos de Suiza, uno de ellos terminado —la reorganización de un paisaje de montaña en Cardada— y otro en curso de ejecución —la revitalización del río Aire y sus orillas, entre Ginebra y Saboya—; dos de Francia —el bosque de Sausset y el Proyecto Lyon Confluence—; y dos de España —la restauración paisajística del vertedero del valle de Sant Joan, en Barcelona, y la urbanización del parque de Pedra Tosca en Les Preses, en Gerona—. No cabe duda de que la cuestión del Gran Paisaje forma parte de la actualidad mundial más candente. Y sin embargo, a diferencia del jardín, el parque o el espacio público urbanizado, que son objeto de numerosas exposiciones y manifestaciones, tanto eruditas como populares, el tema del gran paisaje a muy amplia escala no se suele abordar en proyectos dirigidos al público. Quizá porque afecta a proyectos complejos que no se dejan abarcar con la mirada. Proyectos frágiles, especialmente sensibles a la política y la coyuntura, ya que se desarrollan a largo plazo. Todo ello, en un momento en que el abandono de la agricultura, el repliegue de la industria, el deterioro del medio ambiente natural y urbano convierten las transformaciones y recalificaciones de grandes paisajes en una necesidad creciente. Los proyectos documentados por la Fundación César Manrique, todos ellos situados en el espacio geográfico europeo, elegidos por su calidad, su carácter ejemplar, responden a problemáticas paisajísticas diversas, de múltiples componentes: reorganización territorial, implantación forestal, revitalización de ríos, rehabilitación de orillas o muelles fluviales, reestructuración urbana, reconversión industrial, recuperación de lugares deteriorados o revelación de lugares naturales e históricos. El hombre idílico de Caspar David Friedrich, de pie sobre su roca frente al gran paisaje, en una postura contemplativa y pensativa, pertenece a épocas pasadas. La actitud distanciada, a menudo depredadora, duramente planificadora, se impuso también en el siglo anterior. Esta posición ante la naturaleza ha mostrado claramente sus límites. ¿Cómo, y en qué lenguajes contemporáneos, los arquitectos paisajistas, enfrentados con obras inscritas en inmensos espacios y en una temporalidad larga, responden a los interrogantes socioeconómicos, medioambientales y forzosamente políticos con los que se enfrentan hoy en día? La exposición organizada por la Fundación César Manrique, puso de relieve el gran paisaje concebido y reorganizado como acto de cultura, como visión del mundo o también como esperanza. Lorette Coen, comisaria de la exposición, es licenciada en letras por la universidad de Lausana y posgrado de la Universidad de París VIII. Es ensayista y directora de proyectos culturales, y periodista perteneciente a la redacción de cultura del periódico <em>Le Temps</em>, Ginebra (artículos sobre diseño, arquitectura, urbanismo, paisajismo, artes visuales, filosofía). Coen es especialista en arquitectura paisajística, autora de libros y documentales, comisaria de exposiciones, grandes manifestaciones como «Lausanne Jardins» en 1997 y 2000 y «A la recherche de la cité idéale», en la Saline Royale de Arc-et-Senans, en Francia, en 2000. Es presidenta de la Comisión Federal Suiza de Diseño y miembro de jurados suizos e internacionales (concurso francoalemán del Jardin des Deux-Rives, entre Estrasburgo y Kehl, concurso del futuro Museo de Bellas Artes, en Lausana, concurso de intervenciones artísticas de la exposición universal de Zaragoza 2008).</p></div><div class="wp-block-column is-layout-flow wp-block-column-is-layout-flow" style="flex-basis:33.33%"><div class="wp-block-group detail-panel detail-media wp-block-group-"><div class="wp-block-group__inner-container is-layout-flow wp-block-group-is-layout-flow"><p><a href="https://fcmanrique.org/wp-content/uploads/4822b91dthmb_expoGPE04_640.jpg"></a></p></div></div>
<div class="wp-block-group detail-panel detail-media wp-block-group-"><div class="wp-block-group__inner-container is-layout-flow wp-block-group-is-layout-flow"><ul class="wp-block-list"><li><a href="/recursos/exposicion/4b865235nota%20prensa%2007-08%20expo%20GPE%202.pdf" class="fcm-pdf-download-link">Nota de prensa Encuentro paisajistas I</a></li><li><a href="/recursos/exposicion/4b8652a0nota%20prensa%2008-08%20expo%20GPE%203.pdf" class="fcm-pdf-download-link">Nota de prensa Encuentro paisajistas II</a></li></ul></div></div></div></div>
