{"id":15113,"date":"2018-02-21T11:31:01","date_gmt":"2018-02-21T11:31:01","guid":{"rendered":"https:\/\/fcmanrique.org\/fcm-exposicion\/nos-otros-inmigrantes\/"},"modified":"2026-04-23T23:20:12","modified_gmt":"2026-04-23T23:20:12","slug":"nos-otros-inmigrantes","status":"publish","type":"fcm_exposicion","link":"https:\/\/ludiccc.ddns.net\/de\/fcm-exposicion\/nos-otros-inmigrantes\/","title":{"rendered":"Nos-Otros Inmigrantes"},"content":{"rendered":"<div class=\"wp-block-columns fcm-page-migration-columns is-layout-flex wp-container-core-columns-is-layout-9d6595d7 wp-block-columns-is-layout-flex\"><div class=\"wp-block-column is-layout-flow wp-block-column-is-layout-flow\" style=\"flex-basis:66.66%\"><figure class=\"wp-block-image size-full\"><img fetchpriority=\"high\" width=\"289\" height=\"246\" src=\"https:\/\/fcm.local\/wp-content\/uploads\/cesar-manrique-expo-Nos-Otros-Inmigrantes-th.jpg\" class=\"wp-image-16826\" alt=\"Nos-Otros Inmigrantes\" loading=\"eager\" decoding=\"async\" \/><\/figure>\n<p>El 24 de octubre de 2002 se inaugur\u00f3, en la sede de la FCM, la exposici\u00f3n <em>Nos-otros inmigrantes<\/em>. La muestra ha sido desplazada a Lanzarote por la FCM con la colaboraci\u00f3n de Caja Madrid, responsable de la producci\u00f3n. En este acto se encontraban presentes el director de Actividades Fundacionales de la FCM, Fernando G\u00f3mez Aguilera, el presidente de la Fundaci\u00f3n, Jos\u00e9 Juan Ram\u00edrez, y el director de la sucursal de Caja Madrid en Arrecife, Ignacio P\u00e9rez. <\/p>\n<p>En el marco de un montaje marcadamente simb\u00f3lico propuesto por la FCM, la exposici\u00f3n <em>Nos-otros inmigrantes<\/em> exhibi\u00f3 28 obras seleccionadas en la segunda edici\u00f3n del Premio Nacional de Carteles 2001 de la Obra Social de Caja Madrid, en la que se presentaron cerca de 400 obras de todas las Comunidades del Estado. Los trabajos seleccionados son una significativa muestra tanto del oficio como de las diferentes estrategias de comunicaci\u00f3n que operan en la gr\u00e1fica de nuestro pa\u00eds. <\/p>\n<p>Convocado bajo el tema gen\u00e9rico de la inmigraci\u00f3n, las obras recogidas en la exposici\u00f3n titulada por la FCM, <em>Nos-otros inmigrantes,<\/em> respond\u00edan al objetivo de reclamar la atenci\u00f3n sobre el conflicto humano y social que representa la inmigraci\u00f3n, as\u00ed como el de promover comportamientos que faciliten la integraci\u00f3n social de los inmigrantes. La dualidad creaci\u00f3n pl\u00e1stica y espacio de reflexi\u00f3n social presentes en los carteles, ofreci\u00f3 la oportunidad de expresar en t\u00e9rminos gr\u00e1ficos los grandes desaf\u00edos de convivencia que las sociedades contempor\u00e1neas tienen planteados. <\/p>\n<p>Una patera cargada con 13 monitores que recog\u00edan im\u00e1genes de anuncios publicitarios incitando al consumo daba la bienvenida. Esta patera fue recogiendo mensajes escritos por los miles de visitantes que acudieron a ver la propuesta expositiva, los cuales se mostraron, durante las \u00faltimas semanas, colgados de las rejas que tambi\u00e9n formaban parte de la muestra.<\/p>\n<p>La exposici\u00f3n se completa con 5 dibujos de humor gr\u00e1fico realizados por Jos\u00e9 Antonio Manchado, colaborador period\u00edstico, y un panel expositivo con recortes de prensa con noticias sobre inmigrantes, art\u00edculos y libros sobre inmigraci\u00f3n.<\/p>\n<p>El objetivo pretendido por la FCM se alcanz\u00f3: la reflexi\u00f3n sobre la dignidad humana, sobre los sue\u00f1os de los ocupantes de las pateras, la recuperaci\u00f3n de los rostros de los protagonistas an\u00f3nimos. <\/p>\n<p>Fernando G\u00f3mez Aguilera, manifest\u00f3 durante el acto de presentaci\u00f3n: que \u201cla inmigraci\u00f3n es una v\u00edctima m\u00e1s de la demagogia y el populismo de la pol\u00edtica que comercia con el dolor de otros\u201d y que &#8222;la cultura tiene la obligaci\u00f3n moral de participar en estos debates&#8220;. As\u00ed, la exposici\u00f3n consigui\u00f3 reclamar la visi\u00f3n del maltratado, del inmigrante, a lo que contribu\u00eda un dise\u00f1o de sala que incorporaba diversas rejas met\u00e1licas que dificultaban el tr\u00e1nsito por la galer\u00eda y la visi\u00f3n de los 28 carteles, aunando montaje y obra en el mismo concepto. <\/p>\n<p>La exposici\u00f3n recibi\u00f3 56.008 visitantes.<\/p><\/div><div class=\"wp-block-column is-layout-flow wp-block-column-is-layout-flow\" style=\"flex-basis:33.33%\"><div class=\"wp-block-group detail-panel detail-media wp-block-group-\"><div class=\"wp-block-group__inner-container is-layout-flow wp-block-group-is-layout-flow\"><p><a href=\"https:\/\/fcmanrique.org\/wp-content\/uploads\/exponosotros01_640.jpg\"><\/a><\/p><\/div><\/div><\/div><\/div>","protected":false},"featured_media":16826,"parent":0,"template":"","meta":{"_acf_changed":false,"ngg_post_thumbnail":0,"footnotes":""},"exposicion_linea_discursiva":[54],"class_list":["post-15113","fcm_exposicion","type-fcm_exposicion","status-publish","has-post-thumbnail","hentry","exposicion_linea_discursiva-educativas-y-ambientales"],"acf":[],"_links":{"self":[{"href":"https:\/\/ludiccc.ddns.net\/de\/wp-json\/wp\/v2\/fcm_exposicion\/15113","targetHints":{"allow":["GET"]}}],"collection":[{"href":"https:\/\/ludiccc.ddns.net\/de\/wp-json\/wp\/v2\/fcm_exposicion"}],"about":[{"href":"https:\/\/ludiccc.ddns.net\/de\/wp-json\/wp\/v2\/types\/fcm_exposicion"}],"version-history":[{"count":2,"href":"https:\/\/ludiccc.ddns.net\/de\/wp-json\/wp\/v2\/fcm_exposicion\/15113\/revisions"}],"predecessor-version":[{"id":27126,"href":"https:\/\/ludiccc.ddns.net\/de\/wp-json\/wp\/v2\/fcm_exposicion\/15113\/revisions\/27126"}],"wp:featuredmedia":[{"embeddable":true,"href":"https:\/\/ludiccc.ddns.net\/de\/wp-json\/wp\/v2\/media\/16826"}],"wp:attachment":[{"href":"https:\/\/ludiccc.ddns.net\/de\/wp-json\/wp\/v2\/media?parent=15113"}],"wp:term":[{"taxonomy":"exposicion_linea_discursiva","embeddable":true,"href":"https:\/\/ludiccc.ddns.net\/de\/wp-json\/wp\/v2\/exposicion_linea_discursiva?post=15113"}],"curies":[{"name":"wp","href":"https:\/\/api.w.org\/{rel}","templated":true}]}}

<div class="wp-block-columns fcm-page-migration-columns is-layout-flex wp-container-core-columns-is-layout-9d6595d7 wp-block-columns-is-layout-flex"><div class="wp-block-column is-layout-flow wp-block-column-is-layout-flow" style="flex-basis:66.66%"><figure class="wp-block-image size-full"><img fetchpriority="high" width="289" height="246" src="https://fcm.local/wp-content/uploads/cesar-manrique-expo-Nos-Otros-Inmigrantes-th.jpg" class="wp-image-16826" alt="Nos-Otros Inmigrantes" loading="eager" decoding="async" /></figure>
<p>El 24 de octubre de 2002 se inauguró, en la sede de la FCM, la exposición <em>Nos-otros inmigrantes</em>. La muestra ha sido desplazada a Lanzarote por la FCM con la colaboración de Caja Madrid, responsable de la producción. En este acto se encontraban presentes el director de Actividades Fundacionales de la FCM, Fernando Gómez Aguilera, el presidente de la Fundación, José Juan Ramírez, y el director de la sucursal de Caja Madrid en Arrecife, Ignacio Pérez. </p>
<p>En el marco de un montaje marcadamente simbólico propuesto por la FCM, la exposición <em>Nos-otros inmigrantes</em> exhibió 28 obras seleccionadas en la segunda edición del Premio Nacional de Carteles 2001 de la Obra Social de Caja Madrid, en la que se presentaron cerca de 400 obras de todas las Comunidades del Estado. Los trabajos seleccionados son una significativa muestra tanto del oficio como de las diferentes estrategias de comunicación que operan en la gráfica de nuestro país. </p>
<p>Convocado bajo el tema genérico de la inmigración, las obras recogidas en la exposición titulada por la FCM, <em>Nos-otros inmigrantes,</em> respondían al objetivo de reclamar la atención sobre el conflicto humano y social que representa la inmigración, así como el de promover comportamientos que faciliten la integración social de los inmigrantes. La dualidad creación plástica y espacio de reflexión social presentes en los carteles, ofreció la oportunidad de expresar en términos gráficos los grandes desafíos de convivencia que las sociedades contemporáneas tienen planteados. </p>
<p>Una patera cargada con 13 monitores que recogían imágenes de anuncios publicitarios incitando al consumo daba la bienvenida. Esta patera fue recogiendo mensajes escritos por los miles de visitantes que acudieron a ver la propuesta expositiva, los cuales se mostraron, durante las últimas semanas, colgados de las rejas que también formaban parte de la muestra.</p>
<p>La exposición se completa con 5 dibujos de humor gráfico realizados por José Antonio Manchado, colaborador periodístico, y un panel expositivo con recortes de prensa con noticias sobre inmigrantes, artículos y libros sobre inmigración.</p>
<p>El objetivo pretendido por la FCM se alcanzó: la reflexión sobre la dignidad humana, sobre los sueños de los ocupantes de las pateras, la recuperación de los rostros de los protagonistas anónimos. </p>
<p>Fernando Gómez Aguilera, manifestó durante el acto de presentación: que “la inmigración es una víctima más de la demagogia y el populismo de la política que comercia con el dolor de otros” y que &#8222;la cultura tiene la obligación moral de participar en estos debates&#8220;. Así, la exposición consiguió reclamar la visión del maltratado, del inmigrante, a lo que contribuía un diseño de sala que incorporaba diversas rejas metálicas que dificultaban el tránsito por la galería y la visión de los 28 carteles, aunando montaje y obra en el mismo concepto. </p>
<p>La exposición recibió 56.008 visitantes.</p></div><div class="wp-block-column is-layout-flow wp-block-column-is-layout-flow" style="flex-basis:33.33%"><div class="wp-block-group detail-panel detail-media wp-block-group-"><div class="wp-block-group__inner-container is-layout-flow wp-block-group-is-layout-flow"><p><a href="https://fcmanrique.org/wp-content/uploads/exponosotros01_640.jpg"></a></p></div></div></div></div>
