{"id":15100,"date":"2018-02-21T11:30:37","date_gmt":"2018-02-21T11:30:37","guid":{"rendered":"https:\/\/fcmanrique.org\/fcm-exposicion\/la-revolucion-azul\/"},"modified":"2026-04-23T23:20:11","modified_gmt":"2026-04-23T23:20:11","slug":"la-revolucion-azul","status":"publish","type":"fcm_exposicion","link":"https:\/\/ludiccc.ddns.net\/de\/fcm-exposicion\/la-revolucion-azul\/","title":{"rendered":"La revoluci\u00f3n azul"},"content":{"rendered":"<div class=\"wp-block-columns fcm-page-migration-columns is-layout-flex wp-container-core-columns-is-layout-9d6595d7 wp-block-columns-is-layout-flex\"><div class=\"wp-block-column is-layout-flow wp-block-column-is-layout-flow\" style=\"flex-basis:66.66%\"><figure class=\"wp-block-image size-full\"><img fetchpriority=\"high\" width=\"289\" height=\"246\" src=\"https:\/\/fcm.local\/wp-content\/uploads\/cesar-manrique-expo-La-revolucion-azul-th.jpg\" class=\"wp-image-16824\" alt=\"La revoluci\u00f3n azul\" loading=\"eager\" decoding=\"async\" \/><\/figure>\n<p>El 23 de octubre de 2003 se inaugur\u00f3 en la sede de la FCM de Taro de Tah\u00edche la exposici\u00f3n <em>La revoluci\u00f3n azul<\/em>. La exposici\u00f3n pudo visitarse hasta el 23 de noviembre. La exposici\u00f3n fue organizada en Lanzarote por la FCM y producida por la Fundaci\u00f3n Canal de Isabel II y la ONG Acci\u00f3n contra el Hambre.<\/p>\n<p>En <em>La revoluci\u00f3n azul<\/em> se revisaba la problem\u00e1tica del agua en el mundo a trav\u00e9s de carteles publicitarios, paneles did\u00e1cticos y reproducciones destinados a ofrecer al visitante datos globales que le inciten a reflexionar sobre aspectos que conciernen a todos y situaciones concretas que afectan, no a unos pocos, sino a millones de personas en el mundo. La exposici\u00f3n pretend\u00eda concienciar a la opini\u00f3n p\u00fablica sobre la problem\u00e1tica del agua en el mundo desde una \u00f3ptica original y creativa. La exposici\u00f3n pretend\u00eda ser, asimismo, una invitaci\u00f3n a la reflexi\u00f3n sobre nuestros h\u00e1bitos de consumo, sobre todo en una isla donde en un breve plazo de tiempo se ha pasado de la escasez a la libre disponibilidad de este recurso que, no obstante, depende de un fuerte consumo energ\u00e9tico.<\/p>\n<p>En la realizaci\u00f3n de la exposici\u00f3n colaboraron profesionales del sector del agua del mundo de la cooperaci\u00f3n con los creativos de las mejores agencias de publicidad para presentar los problemas que se derivan de la carencia de agua y de sistemas de abastecimiento y saneamiento.<\/p>\n<p>En el acto de inauguraci\u00f3n tuvo lugar una mesa redonda bajo el t\u00edtulo <em>Un mundo y un futuro con agua para todos<\/em>, en la que participaron, Fernando G\u00f3mez Aguilera, director de Actividades Fundacionales de la FCM, Federico Aguilera Klink, catedr\u00e1tico de Econom\u00eda de la Universidad de La Laguna, Francisco Gonz\u00e1lez y Olivier Longu\u00e9, de Acci\u00f3n Contra el Hambre, y Gonzalo Mar\u00edn, de la Fundaci\u00f3n Canal Isabel II.<\/p>\n<p>El director de Actividades Fundacionales de la FCM explic\u00f3 las l\u00edneas generales de la exposici\u00f3n y present\u00f3 a los ponentes de la mesa redonda en el contexto de la muestra. Gonzalo Mar\u00edn abord\u00f3 los problemas del agua, se\u00f1alando que \u201cel agua es fundamental para la biodiversidad. El agua en la medida que es el elemento b\u00e1sico para la vida, es fuente de salud\u201d. Gonzalo Mar\u00edn insisti\u00f3 en la idea de que el agua es un elemento indispensable para conseguir el desarrollo sostenible. Olivier Longu\u00e9 mostr\u00f3 desde su experiencia en la cooperaci\u00f3n en la ONG Acci\u00f3n Contra el Hambre, que lo fundamental es mantener la neutralidad y la independencia, se\u00f1alando que el problema del agua es acuciante, dado que \u201ca nivel de desarrollo, el 80 % de las enfermedades infantiles en el Tercer Mundo provienen del agua\u201d. Para Francisco Gonz\u00e1lez, hay que ser realistas, porque muchos de los problemas no son solamente de aguas. Hay que tener presente la resoluci\u00f3n de asuntos como el del suministro, el de la calidad o el del saneamiento. Para Federico Aguilera Klink, socio fundador de Nueva Cultura del Agua, y que lleva trabajando m\u00e1s de 20 a\u00f1os en el problema de los trasvases, el problema del agua en las islas Canarias y, especialmente, en Lanzarote y Fuerteventura es el de la cultura de la desaladora. \u201cEl problema es cambiar agua por energ\u00eda\u201d. La alternativa a los trasvases y a las desaladoras es la gesti\u00f3n para la disminuci\u00f3n de los consumos. Aunque, tambi\u00e9n hizo hincapi\u00e9 en la idea de que no hay gesti\u00f3n del agua sin gesti\u00f3n del territorio, acudiendo a Goethe para afirmar que \u201cestamos perdiendo nuestra conciencia de la dependencia de la naturaleza\u201d.<\/p>\n<p>La exposici\u00f3n recibi\u00f3 25.157 visitantes. Hay que a\u00f1adir, adem\u00e1s, los 771 invitados entre escolares y profesores que asistieron a la exposici\u00f3n.<\/p><\/div><div class=\"wp-block-column is-layout-flow wp-block-column-is-layout-flow\" style=\"flex-basis:33.33%\"><div class=\"wp-block-group detail-panel detail-media wp-block-group-\"><div class=\"wp-block-group__inner-container is-layout-flow wp-block-group-is-layout-flow\"><p><a href=\"https:\/\/fcmanrique.org\/wp-content\/uploads\/exporevoazul01_640.jpg\"><\/a><\/p><\/div><\/div><\/div><\/div>","protected":false},"featured_media":16824,"parent":0,"template":"","meta":{"_acf_changed":false,"ngg_post_thumbnail":0,"footnotes":""},"exposicion_linea_discursiva":[54],"class_list":["post-15100","fcm_exposicion","type-fcm_exposicion","status-publish","has-post-thumbnail","hentry","exposicion_linea_discursiva-educativas-y-ambientales"],"acf":[],"_links":{"self":[{"href":"https:\/\/ludiccc.ddns.net\/de\/wp-json\/wp\/v2\/fcm_exposicion\/15100","targetHints":{"allow":["GET"]}}],"collection":[{"href":"https:\/\/ludiccc.ddns.net\/de\/wp-json\/wp\/v2\/fcm_exposicion"}],"about":[{"href":"https:\/\/ludiccc.ddns.net\/de\/wp-json\/wp\/v2\/types\/fcm_exposicion"}],"version-history":[{"count":2,"href":"https:\/\/ludiccc.ddns.net\/de\/wp-json\/wp\/v2\/fcm_exposicion\/15100\/revisions"}],"predecessor-version":[{"id":27116,"href":"https:\/\/ludiccc.ddns.net\/de\/wp-json\/wp\/v2\/fcm_exposicion\/15100\/revisions\/27116"}],"wp:featuredmedia":[{"embeddable":true,"href":"https:\/\/ludiccc.ddns.net\/de\/wp-json\/wp\/v2\/media\/16824"}],"wp:attachment":[{"href":"https:\/\/ludiccc.ddns.net\/de\/wp-json\/wp\/v2\/media?parent=15100"}],"wp:term":[{"taxonomy":"exposicion_linea_discursiva","embeddable":true,"href":"https:\/\/ludiccc.ddns.net\/de\/wp-json\/wp\/v2\/exposicion_linea_discursiva?post=15100"}],"curies":[{"name":"wp","href":"https:\/\/api.w.org\/{rel}","templated":true}]}}

La revolución azul

<div class="wp-block-columns fcm-page-migration-columns is-layout-flex wp-container-core-columns-is-layout-9d6595d7 wp-block-columns-is-layout-flex"><div class="wp-block-column is-layout-flow wp-block-column-is-layout-flow" style="flex-basis:66.66%"><figure class="wp-block-image size-full"><img fetchpriority="high" width="289" height="246" src="https://fcm.local/wp-content/uploads/cesar-manrique-expo-La-revolucion-azul-th.jpg" class="wp-image-16824" alt="La revolución azul" loading="eager" decoding="async" /></figure>
<p>El 23 de octubre de 2003 se inauguró en la sede de la FCM de Taro de Tahíche la exposición <em>La revolución azul</em>. La exposición pudo visitarse hasta el 23 de noviembre. La exposición fue organizada en Lanzarote por la FCM y producida por la Fundación Canal de Isabel II y la ONG Acción contra el Hambre.</p>
<p>En <em>La revolución azul</em> se revisaba la problemática del agua en el mundo a través de carteles publicitarios, paneles didácticos y reproducciones destinados a ofrecer al visitante datos globales que le inciten a reflexionar sobre aspectos que conciernen a todos y situaciones concretas que afectan, no a unos pocos, sino a millones de personas en el mundo. La exposición pretendía concienciar a la opinión pública sobre la problemática del agua en el mundo desde una óptica original y creativa. La exposición pretendía ser, asimismo, una invitación a la reflexión sobre nuestros hábitos de consumo, sobre todo en una isla donde en un breve plazo de tiempo se ha pasado de la escasez a la libre disponibilidad de este recurso que, no obstante, depende de un fuerte consumo energético.</p>
<p>En la realización de la exposición colaboraron profesionales del sector del agua del mundo de la cooperación con los creativos de las mejores agencias de publicidad para presentar los problemas que se derivan de la carencia de agua y de sistemas de abastecimiento y saneamiento.</p>
<p>En el acto de inauguración tuvo lugar una mesa redonda bajo el título <em>Un mundo y un futuro con agua para todos</em>, en la que participaron, Fernando Gómez Aguilera, director de Actividades Fundacionales de la FCM, Federico Aguilera Klink, catedrático de Economía de la Universidad de La Laguna, Francisco González y Olivier Longué, de Acción Contra el Hambre, y Gonzalo Marín, de la Fundación Canal Isabel II.</p>
<p>El director de Actividades Fundacionales de la FCM explicó las líneas generales de la exposición y presentó a los ponentes de la mesa redonda en el contexto de la muestra. Gonzalo Marín abordó los problemas del agua, señalando que “el agua es fundamental para la biodiversidad. El agua en la medida que es el elemento básico para la vida, es fuente de salud”. Gonzalo Marín insistió en la idea de que el agua es un elemento indispensable para conseguir el desarrollo sostenible. Olivier Longué mostró desde su experiencia en la cooperación en la ONG Acción Contra el Hambre, que lo fundamental es mantener la neutralidad y la independencia, señalando que el problema del agua es acuciante, dado que “a nivel de desarrollo, el 80 % de las enfermedades infantiles en el Tercer Mundo provienen del agua”. Para Francisco González, hay que ser realistas, porque muchos de los problemas no son solamente de aguas. Hay que tener presente la resolución de asuntos como el del suministro, el de la calidad o el del saneamiento. Para Federico Aguilera Klink, socio fundador de Nueva Cultura del Agua, y que lleva trabajando más de 20 años en el problema de los trasvases, el problema del agua en las islas Canarias y, especialmente, en Lanzarote y Fuerteventura es el de la cultura de la desaladora. “El problema es cambiar agua por energía”. La alternativa a los trasvases y a las desaladoras es la gestión para la disminución de los consumos. Aunque, también hizo hincapié en la idea de que no hay gestión del agua sin gestión del territorio, acudiendo a Goethe para afirmar que “estamos perdiendo nuestra conciencia de la dependencia de la naturaleza”.</p>
<p>La exposición recibió 25.157 visitantes. Hay que añadir, además, los 771 invitados entre escolares y profesores que asistieron a la exposición.</p></div><div class="wp-block-column is-layout-flow wp-block-column-is-layout-flow" style="flex-basis:33.33%"><div class="wp-block-group detail-panel detail-media wp-block-group-"><div class="wp-block-group__inner-container is-layout-flow wp-block-group-is-layout-flow"><p><a href="https://fcmanrique.org/wp-content/uploads/exporevoazul01_640.jpg"></a></p></div></div></div></div>
