{"id":15090,"date":"2018-02-21T11:30:35","date_gmt":"2018-02-21T11:30:35","guid":{"rendered":"https:\/\/fcmanrique.org\/fcm-exposicion\/cultivando-la-naturaleza\/"},"modified":"2026-04-23T23:20:11","modified_gmt":"2026-04-23T23:20:11","slug":"cultivando-la-naturaleza","status":"publish","type":"fcm_exposicion","link":"https:\/\/ludiccc.ddns.net\/de\/fcm-exposicion\/cultivando-la-naturaleza\/","title":{"rendered":"Cultivando la naturaleza"},"content":{"rendered":"<figure class=\"wp-block-image size-full\"><img fetchpriority=\"high\" width=\"289\" height=\"246\" src=\"https:\/\/fcm.local\/wp-content\/uploads\/cesar-manrique-expo-Cultivando-la-naturaleza-th.jpg\" class=\"wp-image-16811\" alt=\"Cultivando la naturaleza\" loading=\"eager\" decoding=\"async\" \/><\/figure>\n<p>El 21 de octubre de 2004, la FCM inaugur\u00f3 en su sede de Taro de Tah\u00edche, la exposici\u00f3n<strong> <em>Cultivando la naturaleza<\/em><\/strong>. Este proyecto fue organizado y producido por la propia FCM y comisariado por<strong> Bianca Visser.<\/strong> La exposici\u00f3n se pudo visitar hasta el 9 de enero de 2005. El acto de inauguraci\u00f3n cont\u00f3 con la presencia de los seis artistas participantes, Lara Almarcegui, Rob Johannesma, Reiner Matysik, Ben Schot, Mike Tyler y Koen Vanmechelen, la comisaria de la exposici\u00f3n, el director de la FCM, Fernando G\u00f3mez Aguilera, y el presidente de la FCM, Jos\u00e9 Juan Ram\u00edrez.<\/p>\n<p>En la exposici\u00f3n <em>Cultivando la naturaleza<\/em> se exhibieron 25 obras recientes de seis artistas internacionales, Lara Almarcegui, Rob Johannesma, Reiner Matysik, Ben Schot, Mike Tyler y Koen Vanmechelen, ocupados en leer la naturaleza contempor\u00e1nea y que formulan sus propuestas desde distintas estrategias creativas.<\/p>\n<p>La obra de <strong>Lara Almarcegui<\/strong>, \u201cConstruyendo mi huerta urbana\u201d, incide en el concepto de huerta urbana como espacio de contestaci\u00f3n al estado de cosas, como el lugar de la ciudad que no ha sido dise\u00f1ado por urbanistas y arquitectos. El proyecto es un experimento desarrollado en tiempo real en la ciudad de Rotterdam, donde la artista particip\u00f3 trabajando durante tres a\u00f1os en un huerto de una asociaci\u00f3n de huertas de esta ciudad.<\/p>\n<p><strong>Rob Johannesma<\/strong> plantea una nueva forma de experimentar la visi\u00f3n de la realidad, a trav\u00e9s de la manipulaci\u00f3n y animaci\u00f3n que realiza de fotograf\u00edas tomadas en parques naturales de distintos lugares del mundo. En alguna de ellas, el artista ha borrado incluso el horizonte de la pantalla, provocando un efecto de desorientaci\u00f3n en el espacio del espectador.<\/p>\n<p><strong>Reuner Matysik<\/strong> dise\u00f1a desde 1999 especies vegetales con las que pretende repoblar el planeta a trav\u00e9s de una especie de polinizaci\u00f3n humana. Las plantas utilizan su apariencia para atraer al humano y as\u00ed dejarle adherido el polen, que se diseminar\u00e1 en otros lugares. El artista propone la polinizaci\u00f3n por medio del hombre como la estrategia m\u00e1s acertada para la supervivencia.<\/p>\n<p>El artista <strong>Ben Schot<\/strong> cuestiona la credulidad con la que ciertas realidades son asumidas como verdaderas, mientras que pueden estar ocultando unas realidades totalmente diferentes. Aprovechando la experiencia de su provincia originaria, Zeeland, en Holanda, Schot muestra como la construcci\u00f3n de enormes diques que imped\u00edan el paso del mar tierra adentro tuvo como consecuencia la desaparici\u00f3n de lagos y especies animales y vegetales que antes poblaban esta zona. Actualmente, existe un intento de volver a la situaci\u00f3n originaria, pero para Schot esto nunca ser\u00e1 posible y afirma que creer en esta idea es un enga\u00f1o.<\/p>\n<p><strong>Myke Tyler<\/strong> junto con el genetista Jos Mol fundaron la compa\u00f1\u00eda Nostoc, una estructura ficticia en la que confluyen arte y naturaleza. Desde 1997, pusieron en marcha un proyecto para introducir liquen en Marte, el lugar con condiciones m\u00e1s adversas para su reproducci\u00f3n. De este modo, desarrollar\u00e1n el proceso evolutivo desde cero que generar\u00e1 formas de vida cada vez m\u00e1s complejas en ese planeta. Junto con Nostoc, diversas universidades y centros de investigaci\u00f3n cient\u00edficos est\u00e1n estudiando c\u00f3mo ejecutar este proyecto.<\/p>\n<p><strong>Koen Vanmechelen<\/strong> con su proyecto \u201cLa gallina cosmopolita\u201d pretende llamar la atenci\u00f3n sobre la multiculturalidad de nuestra sociedad y los problemas de la xenofobia, la manipulaci\u00f3n gen\u00e9tica, la endogamia y la clonaci\u00f3n. Del cruce de un gallo belga y una gallina francesa naci\u00f3 un polluelo de una nueva raza, la primera generaci\u00f3n de un proyecto iniciado en 1998 y para el que Vanmechelen se ha propuesto producir un pollo \u201csuperbastardo\u201d. Actualmente, el artista mantiene un gallinero en el que ya hay muchas generaciones de nuevas razas. <\/p>\n<p>La biotecnolog\u00eda, la conquista del espacio interestelar, la mercantilizaci\u00f3n de lo natural, la movilidad, la degradaci\u00f3n medioambiental a escala planetaria, entre otros, han trastocado el paradigma cl\u00e1sico de la naturaleza abri\u00e9ndolo a complejas y sustantivas reinterpretaciones.<em> Cultivando la naturaleza<\/em> se hace eco de c\u00f3mo los nuevos comportamientos art\u00edsticos del arte contempor\u00e1neo tardomoderno participan, desde distintas visiones e intereses, en la reformulaci\u00f3n de nuevas categor\u00edas de la naturaleza. <\/p>\n<p>Con esta exposici\u00f3n, la FCM prosigue con una de las l\u00edneas de trabajo de su programa de exposiciones temporales, como es la de <em>Arte-Naturaleza<\/em>, que acoge el trabajo de artistas nacionales e internacionales, que desarrollan sus propuestas creativas en estrecha relaci\u00f3n con la naturaleza.<\/p>\n<p>La exposici\u00f3n recibi\u00f3 61.295 visitantes.<\/p>\n<p><strong>M\u00e1s informaci\u00f3n: <\/strong><a href=\"https:\/\/fcmanrique.org\/fcm-publicacion\/cultivando-la-naturaleza\/?cpg=2\" target=\"_blank\" rel=\"noopener\">Cat\u00e1logo de la exposici\u00f3n<\/a><\/p>","protected":false},"featured_media":16811,"parent":0,"template":"","meta":{"_acf_changed":false,"ngg_post_thumbnail":0,"footnotes":""},"exposicion_linea_discursiva":[51],"class_list":["post-15090","fcm_exposicion","type-fcm_exposicion","status-publish","has-post-thumbnail","hentry","exposicion_linea_discursiva-arte-naturaleza"],"acf":[],"_links":{"self":[{"href":"https:\/\/ludiccc.ddns.net\/de\/wp-json\/wp\/v2\/fcm_exposicion\/15090","targetHints":{"allow":["GET"]}}],"collection":[{"href":"https:\/\/ludiccc.ddns.net\/de\/wp-json\/wp\/v2\/fcm_exposicion"}],"about":[{"href":"https:\/\/ludiccc.ddns.net\/de\/wp-json\/wp\/v2\/types\/fcm_exposicion"}],"version-history":[{"count":5,"href":"https:\/\/ludiccc.ddns.net\/de\/wp-json\/wp\/v2\/fcm_exposicion\/15090\/revisions"}],"predecessor-version":[{"id":27102,"href":"https:\/\/ludiccc.ddns.net\/de\/wp-json\/wp\/v2\/fcm_exposicion\/15090\/revisions\/27102"}],"wp:featuredmedia":[{"embeddable":true,"href":"https:\/\/ludiccc.ddns.net\/de\/wp-json\/wp\/v2\/media\/16811"}],"wp:attachment":[{"href":"https:\/\/ludiccc.ddns.net\/de\/wp-json\/wp\/v2\/media?parent=15090"}],"wp:term":[{"taxonomy":"exposicion_linea_discursiva","embeddable":true,"href":"https:\/\/ludiccc.ddns.net\/de\/wp-json\/wp\/v2\/exposicion_linea_discursiva?post=15090"}],"curies":[{"name":"wp","href":"https:\/\/api.w.org\/{rel}","templated":true}]}}

<figure class="wp-block-image size-full"><img fetchpriority="high" width="289" height="246" src="https://fcm.local/wp-content/uploads/cesar-manrique-expo-Cultivando-la-naturaleza-th.jpg" class="wp-image-16811" alt="Cultivando la naturaleza" loading="eager" decoding="async" /></figure>
<p>El 21 de octubre de 2004, la FCM inauguró en su sede de Taro de Tahíche, la exposición<strong> <em>Cultivando la naturaleza</em></strong>. Este proyecto fue organizado y producido por la propia FCM y comisariado por<strong> Bianca Visser.</strong> La exposición se pudo visitar hasta el 9 de enero de 2005. El acto de inauguración contó con la presencia de los seis artistas participantes, Lara Almarcegui, Rob Johannesma, Reiner Matysik, Ben Schot, Mike Tyler y Koen Vanmechelen, la comisaria de la exposición, el director de la FCM, Fernando Gómez Aguilera, y el presidente de la FCM, José Juan Ramírez.</p>
<p>En la exposición <em>Cultivando la naturaleza</em> se exhibieron 25 obras recientes de seis artistas internacionales, Lara Almarcegui, Rob Johannesma, Reiner Matysik, Ben Schot, Mike Tyler y Koen Vanmechelen, ocupados en leer la naturaleza contemporánea y que formulan sus propuestas desde distintas estrategias creativas.</p>
<p>La obra de <strong>Lara Almarcegui</strong>, “Construyendo mi huerta urbana”, incide en el concepto de huerta urbana como espacio de contestación al estado de cosas, como el lugar de la ciudad que no ha sido diseñado por urbanistas y arquitectos. El proyecto es un experimento desarrollado en tiempo real en la ciudad de Rotterdam, donde la artista participó trabajando durante tres años en un huerto de una asociación de huertas de esta ciudad.</p>
<p><strong>Rob Johannesma</strong> plantea una nueva forma de experimentar la visión de la realidad, a través de la manipulación y animación que realiza de fotografías tomadas en parques naturales de distintos lugares del mundo. En alguna de ellas, el artista ha borrado incluso el horizonte de la pantalla, provocando un efecto de desorientación en el espacio del espectador.</p>
<p><strong>Reuner Matysik</strong> diseña desde 1999 especies vegetales con las que pretende repoblar el planeta a través de una especie de polinización humana. Las plantas utilizan su apariencia para atraer al humano y así dejarle adherido el polen, que se diseminará en otros lugares. El artista propone la polinización por medio del hombre como la estrategia más acertada para la supervivencia.</p>
<p>El artista <strong>Ben Schot</strong> cuestiona la credulidad con la que ciertas realidades son asumidas como verdaderas, mientras que pueden estar ocultando unas realidades totalmente diferentes. Aprovechando la experiencia de su provincia originaria, Zeeland, en Holanda, Schot muestra como la construcción de enormes diques que impedían el paso del mar tierra adentro tuvo como consecuencia la desaparición de lagos y especies animales y vegetales que antes poblaban esta zona. Actualmente, existe un intento de volver a la situación originaria, pero para Schot esto nunca será posible y afirma que creer en esta idea es un engaño.</p>
<p><strong>Myke Tyler</strong> junto con el genetista Jos Mol fundaron la compañía Nostoc, una estructura ficticia en la que confluyen arte y naturaleza. Desde 1997, pusieron en marcha un proyecto para introducir liquen en Marte, el lugar con condiciones más adversas para su reproducción. De este modo, desarrollarán el proceso evolutivo desde cero que generará formas de vida cada vez más complejas en ese planeta. Junto con Nostoc, diversas universidades y centros de investigación científicos están estudiando cómo ejecutar este proyecto.</p>
<p><strong>Koen Vanmechelen</strong> con su proyecto “La gallina cosmopolita” pretende llamar la atención sobre la multiculturalidad de nuestra sociedad y los problemas de la xenofobia, la manipulación genética, la endogamia y la clonación. Del cruce de un gallo belga y una gallina francesa nació un polluelo de una nueva raza, la primera generación de un proyecto iniciado en 1998 y para el que Vanmechelen se ha propuesto producir un pollo “superbastardo”. Actualmente, el artista mantiene un gallinero en el que ya hay muchas generaciones de nuevas razas. </p>
<p>La biotecnología, la conquista del espacio interestelar, la mercantilización de lo natural, la movilidad, la degradación medioambiental a escala planetaria, entre otros, han trastocado el paradigma clásico de la naturaleza abriéndolo a complejas y sustantivas reinterpretaciones.<em> Cultivando la naturaleza</em> se hace eco de cómo los nuevos comportamientos artísticos del arte contemporáneo tardomoderno participan, desde distintas visiones e intereses, en la reformulación de nuevas categorías de la naturaleza. </p>
<p>Con esta exposición, la FCM prosigue con una de las líneas de trabajo de su programa de exposiciones temporales, como es la de <em>Arte-Naturaleza</em>, que acoge el trabajo de artistas nacionales e internacionales, que desarrollan sus propuestas creativas en estrecha relación con la naturaleza.</p>
<p>La exposición recibió 61.295 visitantes.</p>
<p><strong>Más información: </strong><a href="https://fcmanrique.org/fcm-publicacion/cultivando-la-naturaleza/?cpg=2" target="_blank" rel="noopener">Catálogo de la exposición</a></p>
