{"id":15086,"date":"2018-02-21T11:30:34","date_gmt":"2018-02-21T11:30:34","guid":{"rendered":"https:\/\/fcmanrique.org\/fcm-exposicion\/jaume-plensa-libros-grabados-y-multiples-sobre-papel\/"},"modified":"2026-04-23T23:20:11","modified_gmt":"2026-04-23T23:20:11","slug":"jaume-plensa-libros-grabados-y-multiples-sobre-papel","status":"publish","type":"fcm_exposicion","link":"https:\/\/ludiccc.ddns.net\/de\/fcm-exposicion\/jaume-plensa-libros-grabados-y-multiples-sobre-papel\/","title":{"rendered":"Jaume Plensa. Libros, grabados y m\u00faltiples sobre papel"},"content":{"rendered":"<div class=\"wp-block-columns fcm-page-migration-columns is-layout-flex wp-container-core-columns-is-layout-9d6595d7 wp-block-columns-is-layout-flex\"><div class=\"wp-block-column is-layout-flow wp-block-column-is-layout-flow\" style=\"flex-basis:66.66%\"><figure class=\"wp-block-image size-full\"><img fetchpriority=\"high\" width=\"289\" height=\"246\" src=\"https:\/\/fcm.local\/wp-content\/uploads\/cesar-manrique-expo-Jaume-Plensa-Libros-grabados-multiples-sobre-papel-th.jpg\" class=\"wp-image-16841\" alt=\"Jaume Plensa. Libros, grabados y m\u00faltiples sobre papel\" loading=\"eager\" decoding=\"async\" \/><\/figure>\n<p>El 18 de noviembre de 2004, se inaugur\u00f3 en la sede de la Fundaci\u00f3n C\u00e9sar Manrique, en Taro de Tah\u00edche, la exposici\u00f3n <strong><em>Jaume Plensa. Libros, grabados y m\u00faltiples sobre papel<\/em><\/strong>. El acto cont\u00f3 con la presencia del artista, del presidente de la FCM, Jos\u00e9 Juan Ram\u00edrez, y del director de Actividades Fundacionales, Fernando G\u00f3mez Aguilera. La muestra cerr\u00f3 sus puertas el 13 de febrero de 2005.<\/p>\n<p><strong>Jaume Plensa<\/strong> (Barcelona, 1955) es considerado uno de los creadores pl\u00e1sticos espa\u00f1oles con m\u00e1s proyecci\u00f3n internacional. Artista con gran pluralidad de registros expresivos: dibujos, grabados, esculturas, instalaciones, obra p\u00fablica, escenograf\u00edas\u2026, su obra se exhibe en museos y galer\u00edas de todo el mundo. Su po\u00e9tica busca ante todo una unidad entre el microcosmos del cuerpo humano y el macrocosmos del universo. Plensa fundamenta su proceso creativo en ideas fuertes: la palabra y la literatura, el cuerpo, los sentidos y el tiempo, un proceso de dial\u00e9ctica compleja, n\u00f3mada y en el que el peso de la palabra no interfiere en la proyecci\u00f3n pl\u00e1stica de sus obras. <\/p>\n<p>La muestra exhibida en la FCM recog\u00eda una parte de la obra gr\u00e1fica de Jaume Plensa. Se pudieron contemplar 105 obras de las que 9 de ellas pertenecen a una primera etapa en la que el artista recurre a los procedimientos tradicionales del grabado \u2013aguatintas y aguafuertes, xilograf\u00edas\u2013. El resto de piezas mostraron una segunda etapa, desarrollada a partir de los a\u00f1os noventa, en la que utiliza los recursos t\u00e9cnicos tradicionales al mismo tiempo que procedimientos m\u00e1s experimentales \u2013grabado sobre pol\u00edmero, <em>collage <\/em>de papel vegetal, fotograf\u00edas y pl\u00e1stico, resina de poli\u00e9ster o fotograbado. <\/p>\n<p>La exposici\u00f3n estaba vinculada al proceso de elaboraci\u00f3n del cat\u00e1logo razonado de la obra gr\u00e1fica del artista que, con el t\u00edtulo<em> Jaume Plensa. Libros, grabados y m\u00faltiples sobre papel (1978-2003)<\/em>, fue coeditado por el Museo de Bellas Artes de Caen, el Instituto Valenciano de Arte Moderno (IVAM), y la FCM. La publicaci\u00f3n es el primer inventario de las ediciones sobre papel realizadas por Jaume Plensa de 1978 a 2003, in\u00e9ditas en su mayor parte, y cuenta con textos de Caroline Joubert y Fernando G\u00f3mez Aguilera. <\/p>\n<p>La FCM acogi\u00f3 esta muestra tras su exhibici\u00f3n en el Museo de Bellas Artes de Caen, realizando un montaje espec\u00edfico para su sede de Taro de Tah\u00edche. La FCM es el \u00fanico lugar de Espa\u00f1a donde pudo ser visitada.<\/p>\n<p>La exposici\u00f3n recibi\u00f3 47.553 visitantes.<\/p>\n<p><strong>M\u00e1s informaci\u00f3n:<\/strong><\/p>\n<p><a href=\"https:\/\/fcmanrique.org\/fcm-publicacion\/libros-grabados-y-multiples-sobre-papel-1978-2003\/?cpg=2\" target=\"_blank\" rel=\"noopener\">Cat\u00e1logo de la exposici\u00f3n<\/a><\/p><\/div><div class=\"wp-block-column is-layout-flow wp-block-column-is-layout-flow\" style=\"flex-basis:33.33%\"><div class=\"wp-block-group detail-panel detail-media wp-block-group-\"><div class=\"wp-block-group__inner-container is-layout-flow wp-block-group-is-layout-flow\"><p><a href=\"https:\/\/fcmanrique.org\/wp-content\/uploads\/thmb_expoplensa05_241.jpg\"><\/a><\/p><\/div><\/div><\/div><\/div>","protected":false},"featured_media":16841,"parent":0,"template":"","meta":{"_acf_changed":false,"ngg_post_thumbnail":0,"footnotes":""},"exposicion_linea_discursiva":[53],"class_list":["post-15086","fcm_exposicion","type-fcm_exposicion","status-publish","has-post-thumbnail","hentry","exposicion_linea_discursiva-revisiones-historicas"],"acf":[],"_links":{"self":[{"href":"https:\/\/ludiccc.ddns.net\/de\/wp-json\/wp\/v2\/fcm_exposicion\/15086","targetHints":{"allow":["GET"]}}],"collection":[{"href":"https:\/\/ludiccc.ddns.net\/de\/wp-json\/wp\/v2\/fcm_exposicion"}],"about":[{"href":"https:\/\/ludiccc.ddns.net\/de\/wp-json\/wp\/v2\/types\/fcm_exposicion"}],"version-history":[{"count":4,"href":"https:\/\/ludiccc.ddns.net\/de\/wp-json\/wp\/v2\/fcm_exposicion\/15086\/revisions"}],"predecessor-version":[{"id":27109,"href":"https:\/\/ludiccc.ddns.net\/de\/wp-json\/wp\/v2\/fcm_exposicion\/15086\/revisions\/27109"}],"wp:featuredmedia":[{"embeddable":true,"href":"https:\/\/ludiccc.ddns.net\/de\/wp-json\/wp\/v2\/media\/16841"}],"wp:attachment":[{"href":"https:\/\/ludiccc.ddns.net\/de\/wp-json\/wp\/v2\/media?parent=15086"}],"wp:term":[{"taxonomy":"exposicion_linea_discursiva","embeddable":true,"href":"https:\/\/ludiccc.ddns.net\/de\/wp-json\/wp\/v2\/exposicion_linea_discursiva?post=15086"}],"curies":[{"name":"wp","href":"https:\/\/api.w.org\/{rel}","templated":true}]}}

Jaume Plensa. Libros, grabados y múltiples sobre papel

<div class="wp-block-columns fcm-page-migration-columns is-layout-flex wp-container-core-columns-is-layout-9d6595d7 wp-block-columns-is-layout-flex"><div class="wp-block-column is-layout-flow wp-block-column-is-layout-flow" style="flex-basis:66.66%"><figure class="wp-block-image size-full"><img fetchpriority="high" width="289" height="246" src="https://fcm.local/wp-content/uploads/cesar-manrique-expo-Jaume-Plensa-Libros-grabados-multiples-sobre-papel-th.jpg" class="wp-image-16841" alt="Jaume Plensa. Libros, grabados y múltiples sobre papel" loading="eager" decoding="async" /></figure>
<p>El 18 de noviembre de 2004, se inauguró en la sede de la Fundación César Manrique, en Taro de Tahíche, la exposición <strong><em>Jaume Plensa. Libros, grabados y múltiples sobre papel</em></strong>. El acto contó con la presencia del artista, del presidente de la FCM, José Juan Ramírez, y del director de Actividades Fundacionales, Fernando Gómez Aguilera. La muestra cerró sus puertas el 13 de febrero de 2005.</p>
<p><strong>Jaume Plensa</strong> (Barcelona, 1955) es considerado uno de los creadores plásticos españoles con más proyección internacional. Artista con gran pluralidad de registros expresivos: dibujos, grabados, esculturas, instalaciones, obra pública, escenografías…, su obra se exhibe en museos y galerías de todo el mundo. Su poética busca ante todo una unidad entre el microcosmos del cuerpo humano y el macrocosmos del universo. Plensa fundamenta su proceso creativo en ideas fuertes: la palabra y la literatura, el cuerpo, los sentidos y el tiempo, un proceso de dialéctica compleja, nómada y en el que el peso de la palabra no interfiere en la proyección plástica de sus obras. </p>
<p>La muestra exhibida en la FCM recogía una parte de la obra gráfica de Jaume Plensa. Se pudieron contemplar 105 obras de las que 9 de ellas pertenecen a una primera etapa en la que el artista recurre a los procedimientos tradicionales del grabado –aguatintas y aguafuertes, xilografías–. El resto de piezas mostraron una segunda etapa, desarrollada a partir de los años noventa, en la que utiliza los recursos técnicos tradicionales al mismo tiempo que procedimientos más experimentales –grabado sobre polímero, <em>collage </em>de papel vegetal, fotografías y plástico, resina de poliéster o fotograbado. </p>
<p>La exposición estaba vinculada al proceso de elaboración del catálogo razonado de la obra gráfica del artista que, con el título<em> Jaume Plensa. Libros, grabados y múltiples sobre papel (1978-2003)</em>, fue coeditado por el Museo de Bellas Artes de Caen, el Instituto Valenciano de Arte Moderno (IVAM), y la FCM. La publicación es el primer inventario de las ediciones sobre papel realizadas por Jaume Plensa de 1978 a 2003, inéditas en su mayor parte, y cuenta con textos de Caroline Joubert y Fernando Gómez Aguilera. </p>
<p>La FCM acogió esta muestra tras su exhibición en el Museo de Bellas Artes de Caen, realizando un montaje específico para su sede de Taro de Tahíche. La FCM es el único lugar de España donde pudo ser visitada.</p>
<p>La exposición recibió 47.553 visitantes.</p>
<p><strong>Más información:</strong></p>
<p><a href="https://fcmanrique.org/fcm-publicacion/libros-grabados-y-multiples-sobre-papel-1978-2003/?cpg=2" target="_blank" rel="noopener">Catálogo de la exposición</a></p></div><div class="wp-block-column is-layout-flow wp-block-column-is-layout-flow" style="flex-basis:33.33%"><div class="wp-block-group detail-panel detail-media wp-block-group-"><div class="wp-block-group__inner-container is-layout-flow wp-block-group-is-layout-flow"><p><a href="https://fcmanrique.org/wp-content/uploads/thmb_expoplensa05_241.jpg"></a></p></div></div></div></div>
