{"id":4056,"date":"2008-09-29T00:00:00","date_gmt":"2008-09-29T00:00:00","guid":{"rendered":"https:\/\/fcmanrique.org\/2008\/09\/29\/miguel-cereceda-analizo-el-proyecto-de-chillida-en-tindaya\/?lang=es"},"modified":"2026-04-23T23:19:18","modified_gmt":"2026-04-23T23:19:18","slug":"miguel-cereceda-analizo-el-proyecto-de-chillida-en-tindaya","status":"publish","type":"fcm_actividad","link":"https:\/\/ludiccc.ddns.net\/de\/fcm-actividad\/miguel-cereceda-analizo-el-proyecto-de-chillida-en-tindaya\/","title":{"rendered":"Miguel Cereceda analiz\u00f3 el proyecto de Chillida en Tindaya"},"content":{"rendered":"<figure class=\"wp-block-image size-full\"><img fetchpriority=\"high\" width=\"640\" height=\"446\" src=\"https:\/\/fcm.local\/wp-content\/uploads\/48e0a906thmb_cereceda01_640.jpg\" class=\"wp-image-4058\" alt=\"Miguel Cereceda analiz\u00f3 el proyecto de Chillida en Tindaya\" loading=\"eager\" decoding=\"async\" srcset=\"https:\/\/fcm.local\/wp-content\/uploads\/48e0a906thmb_cereceda01_640.jpg 640w, https:\/\/fcm.local\/wp-content\/uploads\/48e0a906thmb_cereceda01_640-300x209.jpg 300w\" sizes=\"(max-width: 640px) 100vw, 640px\" \/><\/figure>\n<p>El 25 de septiembre de 2008, Miguel Cereceda pronunci\u00f3 la conferencia titulada <em>Chillida \/ Tindaya<\/em>, dentro del espacio de reflexi\u00f3n <em>Miradas divergentes<\/em>.<\/p>\n<p>Miguel Cereceda (Santander, 1958) es Profesor titular de Est\u00e9tica y Teor\u00eda de las Artes en el Departamento de Filosof\u00eda de la Universidad Aut\u00f3noma de Madrid. Ha sido Catedr\u00e1tico de Filosof\u00eda de Bachillerato y profesor de Sociolog\u00eda del Arte en la Facultad de Bellas Artes de Cuenca de la Universidad de Castilla-La Mancha. Actualmente es miembro de la Junta Directiva del C\u00edrculo de Bellas Artes de Madrid, cr\u00edtico de arte en el diario ABC de Madrid y Profesor Invitado en el Departamento de Arte y Nuevos Medios de la Universidad de Potsdam (Alemania).<\/p>\n<p>Ha comisariado numerosas exposiciones, entre las que cabe destacar <em>Hacia un nuevo clasicismo. Veinte a\u00f1os de pintura espa\u00f1ola<\/em>, con obras de los escultores espa\u00f1oles m\u00e1s importantes de los a\u00f1os ochenta, y <em>Desesculturas<\/em>, con obras de una selecci\u00f3n de escultores espa\u00f1oles de los a\u00f1os noventa.<\/p>\n<p>Es autor de los libros <em>El lenguaje y el deseo<\/em> (1992); <em>Kant: el uso te\u00f3rico y el uso pr\u00e1ctico de la raz\u00f3n<\/em> (1992); <em>El origen de la mujer sujeto<\/em> (1996); <em>Hacia un nuevo clasicismo. Veinte a\u00f1os de escultura espa\u00f1ola<\/em> (1999); <em>Desesculturas <\/em> (2002); <em>El Barco del Arte<\/em> (2005) y <em>Problemas del arte contempor\u00e1ne@<\/em> (2006, reed. 2008), adem\u00e1s de diferentes publicaciones colectivas.<\/p>\n<p>Ha publicado, adem\u00e1s, numerosos textos de cat\u00e1logos y colaboraciones en diversas revistas nacionales.<\/p>\n<p>En el transcurso de su intervenci\u00f3n, Cereceda hizo un recorrido por la historia de la construcci\u00f3n de las principales esculturas p\u00fablicas y monumentales del s. XX, as\u00ed como por las pol\u00e9micas que suscitaron y su posterior recepci\u00f3n, para contextualizar el debate planteado en torno a la intervenci\u00f3n de Eduardo Chillida en Fuerteventura desde el punto de vista del conferenciante. <br><\/p>\n<p>As\u00ed, Cereceda cit\u00f3 ejemplos como la Torre Eiffel de Par\u00eds, La Sirenita de Copenhage, el monumento a Balzac de Rodin, la escultura de Picasso del Civic Center de Chicago, el museo Guggenheim de Bilbao o la escultura \u201cElogio del horizonte\u201d, en Gij\u00f3n, del propio Chillida, como casos en los que la implantaci\u00f3n de determinadas esculturas monumentales han creado grandes controversias est\u00e9ticas, sociales y econ\u00f3micas. <br><\/p>\n<p>El conferenciante defendi\u00f3 la intervenci\u00f3n de Eduardo Chillida en la monta\u00f1a de Tindaya, en Fuerteventura, desde una perspectiva est\u00e9tica y por el alto valor art\u00edstico y la singularidad de la obra que, a su juicio, contribuir\u00eda a potenciar la conservaci\u00f3n del entorno. Pidi\u00f3 que se desvincularan los problemas pol\u00edticos y econ\u00f3micos del juicio est\u00e9tico y que se investigara en los tribunales las desviaciones que se hayan podido cometer en el desarrollo del proyecto, que censur\u00f3.<\/p>","protected":false},"featured_media":4058,"parent":0,"template":"","meta":{"_acf_changed":false,"ngg_post_thumbnail":0,"footnotes":""},"actividad_tipo":[34],"actividad_lugar":[],"actividad_departamento":[],"actividad_ciclo":[],"class_list":["post-4056","fcm_actividad","type-fcm_actividad","status-publish","has-post-thumbnail","hentry","actividad_tipo-conferencias"],"acf":[],"_links":{"self":[{"href":"https:\/\/ludiccc.ddns.net\/de\/wp-json\/wp\/v2\/fcm_actividad\/4056","targetHints":{"allow":["GET"]}}],"collection":[{"href":"https:\/\/ludiccc.ddns.net\/de\/wp-json\/wp\/v2\/fcm_actividad"}],"about":[{"href":"https:\/\/ludiccc.ddns.net\/de\/wp-json\/wp\/v2\/types\/fcm_actividad"}],"version-history":[{"count":2,"href":"https:\/\/ludiccc.ddns.net\/de\/wp-json\/wp\/v2\/fcm_actividad\/4056\/revisions"}],"predecessor-version":[{"id":26926,"href":"https:\/\/ludiccc.ddns.net\/de\/wp-json\/wp\/v2\/fcm_actividad\/4056\/revisions\/26926"}],"wp:featuredmedia":[{"embeddable":true,"href":"https:\/\/ludiccc.ddns.net\/de\/wp-json\/wp\/v2\/media\/4058"}],"wp:attachment":[{"href":"https:\/\/ludiccc.ddns.net\/de\/wp-json\/wp\/v2\/media?parent=4056"}],"wp:term":[{"taxonomy":"actividad_tipo","embeddable":true,"href":"https:\/\/ludiccc.ddns.net\/de\/wp-json\/wp\/v2\/actividad_tipo?post=4056"},{"taxonomy":"actividad_lugar","embeddable":true,"href":"https:\/\/ludiccc.ddns.net\/de\/wp-json\/wp\/v2\/actividad_lugar?post=4056"},{"taxonomy":"actividad_departamento","embeddable":true,"href":"https:\/\/ludiccc.ddns.net\/de\/wp-json\/wp\/v2\/actividad_departamento?post=4056"},{"taxonomy":"actividad_ciclo","embeddable":true,"href":"https:\/\/ludiccc.ddns.net\/de\/wp-json\/wp\/v2\/actividad_ciclo?post=4056"}],"curies":[{"name":"wp","href":"https:\/\/api.w.org\/{rel}","templated":true}]}}

Miguel Cereceda analizó el proyecto de Chillida en Tindaya

<figure class="wp-block-image size-full"><img fetchpriority="high" width="640" height="446" src="https://fcm.local/wp-content/uploads/48e0a906thmb_cereceda01_640.jpg" class="wp-image-4058" alt="Miguel Cereceda analizó el proyecto de Chillida en Tindaya" loading="eager" decoding="async" srcset="https://fcm.local/wp-content/uploads/48e0a906thmb_cereceda01_640.jpg 640w, https://fcm.local/wp-content/uploads/48e0a906thmb_cereceda01_640-300x209.jpg 300w" sizes="(max-width: 640px) 100vw, 640px" /></figure>
<p>El 25 de septiembre de 2008, Miguel Cereceda pronunció la conferencia titulada <em>Chillida / Tindaya</em>, dentro del espacio de reflexión <em>Miradas divergentes</em>.</p>
<p>Miguel Cereceda (Santander, 1958) es Profesor titular de Estética y Teoría de las Artes en el Departamento de Filosofía de la Universidad Autónoma de Madrid. Ha sido Catedrático de Filosofía de Bachillerato y profesor de Sociología del Arte en la Facultad de Bellas Artes de Cuenca de la Universidad de Castilla-La Mancha. Actualmente es miembro de la Junta Directiva del Círculo de Bellas Artes de Madrid, crítico de arte en el diario ABC de Madrid y Profesor Invitado en el Departamento de Arte y Nuevos Medios de la Universidad de Potsdam (Alemania).</p>
<p>Ha comisariado numerosas exposiciones, entre las que cabe destacar <em>Hacia un nuevo clasicismo. Veinte años de pintura española</em>, con obras de los escultores españoles más importantes de los años ochenta, y <em>Desesculturas</em>, con obras de una selección de escultores españoles de los años noventa.</p>
<p>Es autor de los libros <em>El lenguaje y el deseo</em> (1992); <em>Kant: el uso teórico y el uso práctico de la razón</em> (1992); <em>El origen de la mujer sujeto</em> (1996); <em>Hacia un nuevo clasicismo. Veinte años de escultura española</em> (1999); <em>Desesculturas </em> (2002); <em>El Barco del Arte</em> (2005) y <em>Problemas del arte contemporáne@</em> (2006, reed. 2008), además de diferentes publicaciones colectivas.</p>
<p>Ha publicado, además, numerosos textos de catálogos y colaboraciones en diversas revistas nacionales.</p>
<p>En el transcurso de su intervención, Cereceda hizo un recorrido por la historia de la construcción de las principales esculturas públicas y monumentales del s. XX, así como por las polémicas que suscitaron y su posterior recepción, para contextualizar el debate planteado en torno a la intervención de Eduardo Chillida en Fuerteventura desde el punto de vista del conferenciante. <br></p>
<p>Así, Cereceda citó ejemplos como la Torre Eiffel de París, La Sirenita de Copenhage, el monumento a Balzac de Rodin, la escultura de Picasso del Civic Center de Chicago, el museo Guggenheim de Bilbao o la escultura “Elogio del horizonte”, en Gijón, del propio Chillida, como casos en los que la implantación de determinadas esculturas monumentales han creado grandes controversias estéticas, sociales y económicas. <br></p>
<p>El conferenciante defendió la intervención de Eduardo Chillida en la montaña de Tindaya, en Fuerteventura, desde una perspectiva estética y por el alto valor artístico y la singularidad de la obra que, a su juicio, contribuiría a potenciar la conservación del entorno. Pidió que se desvincularan los problemas políticos y económicos del juicio estético y que se investigara en los tribunales las desviaciones que se hayan podido cometer en el desarrollo del proyecto, que censuró.</p>
