{"id":3454,"date":"2016-06-17T00:00:00","date_gmt":"2016-06-17T00:00:00","guid":{"rendered":"https:\/\/fcmanrique.org\/2016\/06\/17\/gomez-aguilera-el-ficmec-se-ha-convertido-en-una-de-las-referencias-del-panorama-internacional-de-los-festivales-que-tratan-la-naturaleza\/?lang=es"},"modified":"2026-04-23T23:19:18","modified_gmt":"2026-04-23T23:19:18","slug":"gomez-aguilera-el-ficmec-se-ha-convertido-en-una-de-las-referencias-del-panorama-internacional-de-los-festivales-que-tratan-la-naturaleza","status":"publish","type":"fcm_actividad","link":"https:\/\/ludiccc.ddns.net\/de\/fcm-actividad\/gomez-aguilera-el-ficmec-se-ha-convertido-en-una-de-las-referencias-del-panorama-internacional-de-los-festivales-que-tratan-la-naturaleza\/","title":{"rendered":"G\u00f3mez Aguilera: <em>El FICMEC se ha convertido en una de las referencias del panorama internacional de los festivales que tratan la Naturaleza<\/em>"},"content":{"rendered":"<figure class=\"wp-block-image size-full\"><img fetchpriority=\"high\" width=\"640\" height=\"416\" src=\"https:\/\/fcm.local\/wp-content\/uploads\/5763e9faficmec2_640.jpg\" class=\"wp-image-3455\" alt=\"G\u00f3mez Aguilera: El FICMEC se ha convertido en una de las referencias del panorama internacional de los festivales que tratan la Naturaleza\" loading=\"eager\" decoding=\"async\" srcset=\"https:\/\/fcm.local\/wp-content\/uploads\/5763e9faficmec2_640.jpg 640w, https:\/\/fcm.local\/wp-content\/uploads\/5763e9faficmec2_640-300x195.jpg 300w\" sizes=\"(max-width: 640px) 100vw, 640px\" \/><\/figure>\n<p>El Festival Internacional de Cine Medioambiental de Canarias (FICMEC) se traslad\u00f3 un a\u00f1o m\u00e1s a la sala Jos\u00e9 Saramago, en dos sesiones, los d\u00edas 9 y 10 de junio. El director del Festival, David Baute, y el director de la Fundaci\u00f3n C\u00e9sar Manrique (FCM), Fernando G\u00f3mez Aguilera, presentaron la primera sesi\u00f3n, en la que se proyectaron tres cortometrajes seleccionados, que hab\u00edan sido proyectados en Tenerife, y el largometraje island\u00e9s Rams. El valle de los carneros, de Gr\u00edmur H\u00e1konarson. G\u00f3mez Aguilera resalt\u00f3 que el Festival, que naci\u00f3 en 1982 y cumple su 18\u00aa edici\u00f3n tras sufrir varios parones, \u201cse ha ido relanzando con fuerza gracias a la persistencia de David Baute y de una serie de colaboradores y voluntarios muy solventes\u201d. Destac\u00f3, igualmente, que el prestigio del Festival est\u00e1 llevando a varios directores especializados en cine medioambiental a querer estrenar sus pel\u00edculas en el FICMEC. \u201cEl Festival se ha convertido en una de las referencias del panorama internacional de los festivales que tratan la Naturaleza\u201d, asegur\u00f3. El director de la FCM avanz\u00f3 que la instituci\u00f3n intentar\u00e1 reforzar la programaci\u00f3n en pr\u00f3ximas ediciones \u201cfidelizando m\u00e1s publico\u201d, as\u00ed como aumentar las actividades paralelas dirigidas a los escolares, e incluso modificar las fechas \u201cpara que se incorporen los colegios sin estar con la perspectiva del final del curso\u201d. Se\u00f1al\u00f3 que el Festival se ha convertido en un \u201cgran evento con una f\u00f3rmula de gesti\u00f3n acertada y garantista en la que est\u00e1n implicados muchos colaboradores\u201d gracias a que ha creado una estructura fragmentada que hace que no dependa \u00fanicamente de uno o dos patrocinadores. Baute, por su parte, record\u00f3 la relaci\u00f3n hist\u00f3rica de C\u00e9sar Manrique con el Festival, ya que form\u00f3 parte del primer comit\u00e9 organizador y dise\u00f1\u00f3 el primer cartel. Abund\u00f3 en explicar la estructura del Festival que \u201cse ha hecho sostenible gracias a la aportaci\u00f3n de peque\u00f1as cantidades\u201d y la implicaci\u00f3n de colectivos vecinales y asociaciones. El Festival -explic\u00f3- \u201cha ido ganando con la apuesta por la programaci\u00f3n junto a talleres, trabajos con escolares o conciertos\u201d y ha logrado que la Asociaci\u00f3n internacional de festivales de cine medioambiental haya invitado al FICMEC a formar parte de ella. La segunda jornada del Festival estuvo dirigida, por la ma\u00f1ana, a los escolares, con dos pases del cortometraje documental 56, del espa\u00f1ol Marco Huertas, que acerca el proyecto humanitario del profesor Carlos G\u00f3mez en una regi\u00f3n de Madagascar. Baute record\u00f3 que hay ni\u00f1os que no pueden ir al colegio porque no pueden pagar lo que cuesta, como ocurre en este caso. La cifra, 56, corresponde a los kilos de arroz que debe aportar cada ni\u00f1o para acceder a la escuela. Tambi\u00e9n es el porcentaje de ni\u00f1os y ni\u00f1as que no van al colegio en esa regi\u00f3n y el porcentaje de personas que viven por debajo del umbral de la pobreza. Acudieron ni\u00f1os de centros de ense\u00f1anza primaria y secundaria de Lanzarote. El responsable del departamento pedag\u00f3gico de la FCM, Alfredo D\u00edaz, explic\u00f3 a los alumnos, antes de la proyecci\u00f3n, el contexto que trata el cortometraje, que transcurre en Madagascar. Expuso algunos datos geogr\u00e1ficos, pol\u00edticos y sociales sobre el pa\u00eds, adem\u00e1s de explicar los or\u00edgenes del Festival. Despu\u00e9s de la proyecci\u00f3n se llev\u00f3 a cabo un cinef\u00f3rum con los alumnos. En la sesi\u00f3n de tarde se proyectaron los largometrajes Las Estaciones y Volcano, con la presentaci\u00f3n previa de cada uno de ellos por el director del FICMEC.<\/p>","protected":false},"featured_media":3455,"parent":0,"template":"","meta":{"_acf_changed":false,"ngg_post_thumbnail":0,"footnotes":""},"actividad_tipo":[37],"actividad_lugar":[],"actividad_departamento":[],"actividad_ciclo":[],"class_list":["post-3454","fcm_actividad","type-fcm_actividad","status-publish","has-post-thumbnail","hentry","actividad_tipo-otras-actividades"],"acf":[],"_links":{"self":[{"href":"https:\/\/ludiccc.ddns.net\/de\/wp-json\/wp\/v2\/fcm_actividad\/3454","targetHints":{"allow":["GET"]}}],"collection":[{"href":"https:\/\/ludiccc.ddns.net\/de\/wp-json\/wp\/v2\/fcm_actividad"}],"about":[{"href":"https:\/\/ludiccc.ddns.net\/de\/wp-json\/wp\/v2\/types\/fcm_actividad"}],"version-history":[{"count":5,"href":"https:\/\/ludiccc.ddns.net\/de\/wp-json\/wp\/v2\/fcm_actividad\/3454\/revisions"}],"predecessor-version":[{"id":26916,"href":"https:\/\/ludiccc.ddns.net\/de\/wp-json\/wp\/v2\/fcm_actividad\/3454\/revisions\/26916"}],"wp:featuredmedia":[{"embeddable":true,"href":"https:\/\/ludiccc.ddns.net\/de\/wp-json\/wp\/v2\/media\/3455"}],"wp:attachment":[{"href":"https:\/\/ludiccc.ddns.net\/de\/wp-json\/wp\/v2\/media?parent=3454"}],"wp:term":[{"taxonomy":"actividad_tipo","embeddable":true,"href":"https:\/\/ludiccc.ddns.net\/de\/wp-json\/wp\/v2\/actividad_tipo?post=3454"},{"taxonomy":"actividad_lugar","embeddable":true,"href":"https:\/\/ludiccc.ddns.net\/de\/wp-json\/wp\/v2\/actividad_lugar?post=3454"},{"taxonomy":"actividad_departamento","embeddable":true,"href":"https:\/\/ludiccc.ddns.net\/de\/wp-json\/wp\/v2\/actividad_departamento?post=3454"},{"taxonomy":"actividad_ciclo","embeddable":true,"href":"https:\/\/ludiccc.ddns.net\/de\/wp-json\/wp\/v2\/actividad_ciclo?post=3454"}],"curies":[{"name":"wp","href":"https:\/\/api.w.org\/{rel}","templated":true}]}}

Gómez Aguilera: <em>El FICMEC se ha convertido en una de las referencias del panorama internacional de los festivales que tratan la Naturaleza</em>

<figure class="wp-block-image size-full"><img fetchpriority="high" width="640" height="416" src="https://fcm.local/wp-content/uploads/5763e9faficmec2_640.jpg" class="wp-image-3455" alt="Gómez Aguilera: El FICMEC se ha convertido en una de las referencias del panorama internacional de los festivales que tratan la Naturaleza" loading="eager" decoding="async" srcset="https://fcm.local/wp-content/uploads/5763e9faficmec2_640.jpg 640w, https://fcm.local/wp-content/uploads/5763e9faficmec2_640-300x195.jpg 300w" sizes="(max-width: 640px) 100vw, 640px" /></figure>
<p>El Festival Internacional de Cine Medioambiental de Canarias (FICMEC) se trasladó un año más a la sala José Saramago, en dos sesiones, los días 9 y 10 de junio. El director del Festival, David Baute, y el director de la Fundación César Manrique (FCM), Fernando Gómez Aguilera, presentaron la primera sesión, en la que se proyectaron tres cortometrajes seleccionados, que habían sido proyectados en Tenerife, y el largometraje islandés Rams. El valle de los carneros, de Grímur Hákonarson. Gómez Aguilera resaltó que el Festival, que nació en 1982 y cumple su 18ª edición tras sufrir varios parones, “se ha ido relanzando con fuerza gracias a la persistencia de David Baute y de una serie de colaboradores y voluntarios muy solventes”. Destacó, igualmente, que el prestigio del Festival está llevando a varios directores especializados en cine medioambiental a querer estrenar sus películas en el FICMEC. “El Festival se ha convertido en una de las referencias del panorama internacional de los festivales que tratan la Naturaleza”, aseguró. El director de la FCM avanzó que la institución intentará reforzar la programación en próximas ediciones “fidelizando más publico”, así como aumentar las actividades paralelas dirigidas a los escolares, e incluso modificar las fechas “para que se incorporen los colegios sin estar con la perspectiva del final del curso”. Señaló que el Festival se ha convertido en un “gran evento con una fórmula de gestión acertada y garantista en la que están implicados muchos colaboradores” gracias a que ha creado una estructura fragmentada que hace que no dependa únicamente de uno o dos patrocinadores. Baute, por su parte, recordó la relación histórica de César Manrique con el Festival, ya que formó parte del primer comité organizador y diseñó el primer cartel. Abundó en explicar la estructura del Festival que “se ha hecho sostenible gracias a la aportación de pequeñas cantidades” y la implicación de colectivos vecinales y asociaciones. El Festival -explicó- “ha ido ganando con la apuesta por la programación junto a talleres, trabajos con escolares o conciertos” y ha logrado que la Asociación internacional de festivales de cine medioambiental haya invitado al FICMEC a formar parte de ella. La segunda jornada del Festival estuvo dirigida, por la mañana, a los escolares, con dos pases del cortometraje documental 56, del español Marco Huertas, que acerca el proyecto humanitario del profesor Carlos Gómez en una región de Madagascar. Baute recordó que hay niños que no pueden ir al colegio porque no pueden pagar lo que cuesta, como ocurre en este caso. La cifra, 56, corresponde a los kilos de arroz que debe aportar cada niño para acceder a la escuela. También es el porcentaje de niños y niñas que no van al colegio en esa región y el porcentaje de personas que viven por debajo del umbral de la pobreza. Acudieron niños de centros de enseñanza primaria y secundaria de Lanzarote. El responsable del departamento pedagógico de la FCM, Alfredo Díaz, explicó a los alumnos, antes de la proyección, el contexto que trata el cortometraje, que transcurre en Madagascar. Expuso algunos datos geográficos, políticos y sociales sobre el país, además de explicar los orígenes del Festival. Después de la proyección se llevó a cabo un cinefórum con los alumnos. En la sesión de tarde se proyectaron los largometrajes Las Estaciones y Volcano, con la presentación previa de cada uno de ellos por el director del FICMEC.</p>
