{"id":26168,"date":"2024-10-11T13:07:35","date_gmt":"2024-10-11T13:07:35","guid":{"rendered":"https:\/\/fcmanrique.org\/?post_type=fcm_actividad&#038;p=26168"},"modified":"2026-04-23T23:19:19","modified_gmt":"2026-04-23T23:19:19","slug":"blanca-de-la-torre","status":"publish","type":"fcm_actividad","link":"https:\/\/ludiccc.ddns.net\/de\/fcm-actividad\/blanca-de-la-torre\/","title":{"rendered":"Blanca de la Torre: \u00abLa cultura tiene la responsabilidad de construir relatos empoderadores para esos otros mundos que queremos habitar\u00bb"},"content":{"rendered":"<figure class=\"wp-block-image size-full\"><img fetchpriority=\"high\" width=\"394\" height=\"335\" src=\"https:\/\/fcm.local\/wp-content\/uploads\/fc-manrique-actividad-blanca-de-la-torre.jpg\" class=\"wp-image-26189\" alt=\"Blanca de la Torre: \u00abLa cultura tiene la responsabilidad de construir relatos empoderadores para esos otros mundos que queremos habitar\u00bb\" loading=\"eager\" decoding=\"async\" srcset=\"https:\/\/fcm.local\/wp-content\/uploads\/fc-manrique-actividad-blanca-de-la-torre.jpg 394w, https:\/\/fcm.local\/wp-content\/uploads\/fc-manrique-actividad-blanca-de-la-torre-300x255.jpg 300w, https:\/\/fcm.local\/wp-content\/uploads\/fc-manrique-actividad-blanca-de-la-torre-289x246.jpg 289w\" sizes=\"(max-width: 394px) 100vw, 394px\" \/><\/figure>\n<p>Con la conferencia \u201cFuturos habitables, relatos curatoriales y transiciones socioecol\u00f3gicas\u201d, la historiadora del arte Blanca de la Torre quiso hacer entender al p\u00fablico que acudi\u00f3 a la Sala Saramago, el d\u00eda 10 de octubre, c\u00f3mo es la pr\u00e1ctica curatorial y c\u00f3mo crea la estructura de sus proyectos con el objetivo de aunar teor\u00eda y pr\u00e1ctica. Se\u00f1al\u00f3 que, en los \u00faltimos a\u00f1os, la pr\u00e1ctica discursiva se ha ido alejando de la parte formal, que ella pretende acortar esas distancias y que existe un exceso de imaginarios dist\u00f3picos, apocal\u00edpticos, que generan \u201cun efecto paralizante\u201d. Por eso, considera que el sector cultural, ante el pesimismo clim\u00e1tico, tiene la responsabilidad de estimular la acci\u00f3n colectiva y construir relatos empoderadores con otros imaginarios para \u201cesos otros mundos que queremos habitar\u201d. En definitiva, \u201cpensar c\u00f3mo construimos nuevos modelos para entender el mundo\u201d. De esta manera, comenz\u00f3 una exposici\u00f3n a trav\u00e9s de sus proyectos en el que explicaba, mediante im\u00e1genes, algunas de sus metodolog\u00edas. <a href=\"https:\/\/fcmanrique.org\/wp-content\/uploads\/fcmanrique-actividad-blanca-de-la-torre1.jpg\"><img loading=\"lazy\" decoding=\"async\" src=\"https:\/\/fcmanrique.org\/wp-content\/uploads\/fcmanrique-actividad-blanca-de-la-torre1.jpg\" alt=\"\" width=\"920\" height=\"613\"><\/a> El primer proyecto es el m\u00e1s reciente: \u201cPost Naturalis\u201d, que acababa de inaugurar esa misma tarde en El Almac\u00e9n. Es un proyecto de la artista grancanaria Cristina D\u00e9niz que se apropia de la idea de un antiguo Gabinete de curiosidades para proponer \u201cmodos m\u00e1s emp\u00e1ticos de relacionarnos con los no humanos\u201d. El proyecto \u201cIsla\u201d abarca once hect\u00e1reas en la localidad madrile\u00f1a de Robledo de Chavela. Es un espacio de investigaci\u00f3n en el que se han propuesto performances o instalaciones y cuyas intervenciones se pueden replicar en museos de otras ciudades, como Madrid o Nueva York. De la Torre es curadora principal de la XV Bienal de Cuenca (Ecuador) y comisaria jefe de la Bienal 2025 de Helsinki (Finlandia). Dos lugares muy distintos \u201cen las ant\u00edpodas de la sostenibilidad\u201d. Le interesa repensar el modelo de bienal, huir de aquellas que ofrecen muchos espacios para poder afrontar el reto de la sostenibilidad. Se plantea c\u00f3mo hacer esas bienales \u201cen tiempos de emergencia ecol\u00f3gica\u201d y traslada las pautas que practica en los museos, a toda la ciudad. As\u00ed lo hizo en Cuenca, donde la Bienal pivota sobre tres ejes: el conocimiento ancestral y tradicional, los escenarios futuribles y un ecofeminismo cr\u00edtico, que a su vez se trasforman en un dec\u00e1logo de sostenibilidad que incluye, entre otros aspectos, la calidad, el concepto de kil\u00f3metro cero para evitar traslados de obras o materiales, un discurso positivo, reducci\u00f3n de huella de carbono, el uso de materiales naturales o la econom\u00eda circular. La comisaria de arte fue mostrando las distintas intervenciones en esa Bienal. <a href=\"https:\/\/fcmanrique.org\/wp-content\/uploads\/fcmanrique-actividad-blanca-de-la-torre2.jpg\"><img loading=\"lazy\" decoding=\"async\" src=\"https:\/\/fcmanrique.org\/wp-content\/uploads\/fcmanrique-actividad-blanca-de-la-torre2.jpg\" alt=\"\" width=\"920\" height=\"613\"><\/a> Otro de sus proyectos es \u201cOverview effect\u201d, en Belgrado. Ese concepto nace del choque cognitivo que sufren los astronautas cuando ven por primera vez La Tierra desde el espacio. La exposici\u00f3n se pregunta si es necesario salir del Planeta para tener esa perspectiva y aborda la comprensi\u00f3n de las complejidades de la justicia ambiental. La segunda parte de este proyecto discurre en el Centro Atl\u00e1ntico de Arte Moderno (CAAM) de Las Palmas de Gran Canaria en una exposici\u00f3n colectiva de setenta artistas en la que se cambia la perspectiva \u201ccon los pies en La Tierra\u201d: \u201cSi le damos la vuelta llegamos a las mismas conclusiones\u201d. Se\u00f1al\u00f3 De la Torre, que en Belgrado ya hab\u00eda desarrollado pautas de sostenibilidad \u201cmuy radicales\u201d que reforz\u00f3 en Canarias, donde el cien por cien fue producci\u00f3n local y no se hizo ning\u00fan traslado de obras o materiales desde fuera de esa isla. \u201cFabular un mundo diferente\u201d nace de la propuesta de una exposici\u00f3n itinerante que la comisaria adapta para que cada proyecto est\u00e9 relacionado con su entorno, con su contexto, partiendo de la premisa de que una exposici\u00f3n \u201cno vale para cualquier sitio\u201d. As\u00ed, plante\u00f3 la muestra como una matriz que se desarrolla en cada ciudad de manera diferente. Las intervenciones tienen una base com\u00fan pero recogen las caracter\u00edsticas locales, como es el caso, por ejemplo, de \u2018Di\u00e1logos desde la cat\u00e1strofe\u2019, que confronta el desastre del Prestige con otra cat\u00e1strofe ambiental cercana al lugar donde se expone en cada ocasi\u00f3n. Termin\u00f3 con otro proyecto, reci\u00e9n inaugurado en Granada, \u201cHebras y urdimbres\u201d, que explora todas las dimensiones metaf\u00f3ricas en torno a la idea de tejer, una pr\u00e1ctica asociada al mundo femenino. <a href=\"https:\/\/fcmanrique.org\/wp-content\/uploads\/2024-10-10-invitacion-miradas-divergentes_blanca_de_la_torre.jpg\"><img loading=\"lazy\" decoding=\"async\" src=\"https:\/\/fcmanrique.org\/wp-content\/uploads\/2024-10-10-invitacion-miradas-divergentes_blanca_de_la_torre.jpg\" alt=\"\" width=\"1200\" height=\"1200\"><\/a><\/p>\n<p><strong>M\u00e1s informaci\u00f3n: <\/strong><a href=\"https:\/\/fcmanrique.org\/wp-content\/uploads\/fcmanrique-conferencia-blanca-de-la-torre.pdf\" target=\"_blank\" rel=\"noopener\" class=\"fcm-pdf-download-link\">Nota de prensa<\/a><\/p>\n<p><strong>Grabaci\u00f3n de la conferencia:<\/strong><\/p>\n<p><a href=\"https:\/\/fcmanrique.org\/fcm-video\/blanca-de-la-torre\/\" target=\"_blank\" rel=\"noopener\">Grabaci\u00f3n<\/a><\/p>","protected":false},"featured_media":26189,"parent":0,"template":"","meta":{"_acf_changed":false,"ngg_post_thumbnail":0,"footnotes":""},"actividad_tipo":[34],"actividad_lugar":[49],"actividad_departamento":[],"actividad_ciclo":[71],"class_list":["post-26168","fcm_actividad","type-fcm_actividad","status-publish","has-post-thumbnail","hentry","actividad_tipo-conferencias","actividad_lugar-lugar-sala-saramago","actividad_ciclo-miradas-divergentes"],"acf":[],"_links":{"self":[{"href":"https:\/\/ludiccc.ddns.net\/de\/wp-json\/wp\/v2\/fcm_actividad\/26168","targetHints":{"allow":["GET"]}}],"collection":[{"href":"https:\/\/ludiccc.ddns.net\/de\/wp-json\/wp\/v2\/fcm_actividad"}],"about":[{"href":"https:\/\/ludiccc.ddns.net\/de\/wp-json\/wp\/v2\/types\/fcm_actividad"}],"version-history":[{"count":6,"href":"https:\/\/ludiccc.ddns.net\/de\/wp-json\/wp\/v2\/fcm_actividad\/26168\/revisions"}],"predecessor-version":[{"id":26957,"href":"https:\/\/ludiccc.ddns.net\/de\/wp-json\/wp\/v2\/fcm_actividad\/26168\/revisions\/26957"}],"wp:featuredmedia":[{"embeddable":true,"href":"https:\/\/ludiccc.ddns.net\/de\/wp-json\/wp\/v2\/media\/26189"}],"wp:attachment":[{"href":"https:\/\/ludiccc.ddns.net\/de\/wp-json\/wp\/v2\/media?parent=26168"}],"wp:term":[{"taxonomy":"actividad_tipo","embeddable":true,"href":"https:\/\/ludiccc.ddns.net\/de\/wp-json\/wp\/v2\/actividad_tipo?post=26168"},{"taxonomy":"actividad_lugar","embeddable":true,"href":"https:\/\/ludiccc.ddns.net\/de\/wp-json\/wp\/v2\/actividad_lugar?post=26168"},{"taxonomy":"actividad_departamento","embeddable":true,"href":"https:\/\/ludiccc.ddns.net\/de\/wp-json\/wp\/v2\/actividad_departamento?post=26168"},{"taxonomy":"actividad_ciclo","embeddable":true,"href":"https:\/\/ludiccc.ddns.net\/de\/wp-json\/wp\/v2\/actividad_ciclo?post=26168"}],"curies":[{"name":"wp","href":"https:\/\/api.w.org\/{rel}","templated":true}]}}

<figure class="wp-block-image size-full"><img fetchpriority="high" width="394" height="335" src="https://fcm.local/wp-content/uploads/fc-manrique-actividad-blanca-de-la-torre.jpg" class="wp-image-26189" alt="Blanca de la Torre: «La cultura tiene la responsabilidad de construir relatos empoderadores para esos otros mundos que queremos habitar»" loading="eager" decoding="async" srcset="https://fcm.local/wp-content/uploads/fc-manrique-actividad-blanca-de-la-torre.jpg 394w, https://fcm.local/wp-content/uploads/fc-manrique-actividad-blanca-de-la-torre-300x255.jpg 300w, https://fcm.local/wp-content/uploads/fc-manrique-actividad-blanca-de-la-torre-289x246.jpg 289w" sizes="(max-width: 394px) 100vw, 394px" /></figure>
<p>Con la conferencia “Futuros habitables, relatos curatoriales y transiciones socioecológicas”, la historiadora del arte Blanca de la Torre quiso hacer entender al público que acudió a la Sala Saramago, el día 10 de octubre, cómo es la práctica curatorial y cómo crea la estructura de sus proyectos con el objetivo de aunar teoría y práctica. Señaló que, en los últimos años, la práctica discursiva se ha ido alejando de la parte formal, que ella pretende acortar esas distancias y que existe un exceso de imaginarios distópicos, apocalípticos, que generan “un efecto paralizante”. Por eso, considera que el sector cultural, ante el pesimismo climático, tiene la responsabilidad de estimular la acción colectiva y construir relatos empoderadores con otros imaginarios para “esos otros mundos que queremos habitar”. En definitiva, “pensar cómo construimos nuevos modelos para entender el mundo”. De esta manera, comenzó una exposición a través de sus proyectos en el que explicaba, mediante imágenes, algunas de sus metodologías. <a href="https://fcmanrique.org/wp-content/uploads/fcmanrique-actividad-blanca-de-la-torre1.jpg"><img loading="lazy" decoding="async" src="https://fcmanrique.org/wp-content/uploads/fcmanrique-actividad-blanca-de-la-torre1.jpg" alt="" width="920" height="613"></a> El primer proyecto es el más reciente: “Post Naturalis”, que acababa de inaugurar esa misma tarde en El Almacén. Es un proyecto de la artista grancanaria Cristina Déniz que se apropia de la idea de un antiguo Gabinete de curiosidades para proponer “modos más empáticos de relacionarnos con los no humanos”. El proyecto “Isla” abarca once hectáreas en la localidad madrileña de Robledo de Chavela. Es un espacio de investigación en el que se han propuesto performances o instalaciones y cuyas intervenciones se pueden replicar en museos de otras ciudades, como Madrid o Nueva York. De la Torre es curadora principal de la XV Bienal de Cuenca (Ecuador) y comisaria jefe de la Bienal 2025 de Helsinki (Finlandia). Dos lugares muy distintos “en las antípodas de la sostenibilidad”. Le interesa repensar el modelo de bienal, huir de aquellas que ofrecen muchos espacios para poder afrontar el reto de la sostenibilidad. Se plantea cómo hacer esas bienales “en tiempos de emergencia ecológica” y traslada las pautas que practica en los museos, a toda la ciudad. Así lo hizo en Cuenca, donde la Bienal pivota sobre tres ejes: el conocimiento ancestral y tradicional, los escenarios futuribles y un ecofeminismo crítico, que a su vez se trasforman en un decálogo de sostenibilidad que incluye, entre otros aspectos, la calidad, el concepto de kilómetro cero para evitar traslados de obras o materiales, un discurso positivo, reducción de huella de carbono, el uso de materiales naturales o la economía circular. La comisaria de arte fue mostrando las distintas intervenciones en esa Bienal. <a href="https://fcmanrique.org/wp-content/uploads/fcmanrique-actividad-blanca-de-la-torre2.jpg"><img loading="lazy" decoding="async" src="https://fcmanrique.org/wp-content/uploads/fcmanrique-actividad-blanca-de-la-torre2.jpg" alt="" width="920" height="613"></a> Otro de sus proyectos es “Overview effect”, en Belgrado. Ese concepto nace del choque cognitivo que sufren los astronautas cuando ven por primera vez La Tierra desde el espacio. La exposición se pregunta si es necesario salir del Planeta para tener esa perspectiva y aborda la comprensión de las complejidades de la justicia ambiental. La segunda parte de este proyecto discurre en el Centro Atlántico de Arte Moderno (CAAM) de Las Palmas de Gran Canaria en una exposición colectiva de setenta artistas en la que se cambia la perspectiva “con los pies en La Tierra”: “Si le damos la vuelta llegamos a las mismas conclusiones”. Señaló De la Torre, que en Belgrado ya había desarrollado pautas de sostenibilidad “muy radicales” que reforzó en Canarias, donde el cien por cien fue producción local y no se hizo ningún traslado de obras o materiales desde fuera de esa isla. “Fabular un mundo diferente” nace de la propuesta de una exposición itinerante que la comisaria adapta para que cada proyecto esté relacionado con su entorno, con su contexto, partiendo de la premisa de que una exposición “no vale para cualquier sitio”. Así, planteó la muestra como una matriz que se desarrolla en cada ciudad de manera diferente. Las intervenciones tienen una base común pero recogen las características locales, como es el caso, por ejemplo, de ‘Diálogos desde la catástrofe’, que confronta el desastre del Prestige con otra catástrofe ambiental cercana al lugar donde se expone en cada ocasión. Terminó con otro proyecto, recién inaugurado en Granada, “Hebras y urdimbres”, que explora todas las dimensiones metafóricas en torno a la idea de tejer, una práctica asociada al mundo femenino. <a href="https://fcmanrique.org/wp-content/uploads/2024-10-10-invitacion-miradas-divergentes_blanca_de_la_torre.jpg"><img loading="lazy" decoding="async" src="https://fcmanrique.org/wp-content/uploads/2024-10-10-invitacion-miradas-divergentes_blanca_de_la_torre.jpg" alt="" width="1200" height="1200"></a></p>
<p><strong>Más información: </strong><a href="https://fcmanrique.org/wp-content/uploads/fcmanrique-conferencia-blanca-de-la-torre.pdf" target="_blank" rel="noopener" class="fcm-pdf-download-link">Nota de prensa</a></p>
<p><strong>Grabación de la conferencia:</strong></p>
<p><a href="https://fcmanrique.org/fcm-video/blanca-de-la-torre/" target="_blank" rel="noopener">Grabación</a></p>
