{"id":24191,"date":"2023-10-19T08:55:28","date_gmt":"2023-10-19T08:55:28","guid":{"rendered":"https:\/\/fcmanrique.org\/?post_type=fcm_actividad&#038;p=24191"},"modified":"2026-04-23T23:19:20","modified_gmt":"2026-04-23T23:19:20","slug":"ficmec-191023","status":"publish","type":"fcm_actividad","link":"https:\/\/ludiccc.ddns.net\/de\/fcm-actividad\/ficmec-191023\/","title":{"rendered":"FICMEC llega de nuevo a Lanzarote: \u00abEs esencial establecer pautas de reflexi\u00f3n a trav\u00e9s del cine\u00bb"},"content":{"rendered":"<figure class=\"wp-block-image size-full\"><img fetchpriority=\"high\" width=\"400\" height=\"340\" src=\"https:\/\/fcm.local\/wp-content\/uploads\/fc-manrique-actividad-ficmec-2023-1.jpg\" class=\"wp-image-24374\" alt=\"FICMEC llega de nuevo a Lanzarote: \u00abEs esencial establecer pautas de reflexi\u00f3n a trav\u00e9s del cine\u00bb\" loading=\"eager\" decoding=\"async\" srcset=\"https:\/\/fcm.local\/wp-content\/uploads\/fc-manrique-actividad-ficmec-2023-1.jpg 400w, https:\/\/fcm.local\/wp-content\/uploads\/fc-manrique-actividad-ficmec-2023-1-300x255.jpg 300w, https:\/\/fcm.local\/wp-content\/uploads\/fc-manrique-actividad-ficmec-2023-1-289x246.jpg 289w\" sizes=\"(max-width: 400px) 100vw, 400px\" \/><\/figure>\n<p>La sala Jos\u00e9 Saramago de la Fundaci\u00f3n C\u00e9sar Manrique acogi\u00f3 de nuevo varias proyecciones del Festival Internacional de cine medioambiental de Canarias (FICMEC) que cumple ya 25 ediciones. Alfredo D\u00edaz, del departamento pedag\u00f3gico de la FCM, destac\u00f3 la trayectoria y record\u00f3 la participaci\u00f3n de C\u00e9sar Manrique en el origen del festival, cuando se celebraba en Puerto de la Cruz y se convirti\u00f3 en el primero de este tipo en Espa\u00f1a y uno de los primeros de Europa. La colaboraci\u00f3n con la FCM se hace de forma ininterrumpida desde el a\u00f1o 2014, exhibiendo pel\u00edculas de todo el mundo cuyo denominador com\u00fan es el de llevar una reflexi\u00f3n sobre lo que est\u00e1 pasando en el Planeta. \u201cDesde una mirada negativa, todo parece caos, y eso existe, pero tambi\u00e9n hay comunidades en el mundo que tienen una relaci\u00f3n fabulosa con la vida y son capaces de responder de forma eficaz a los retos de nuestro tiempo, y tenemos mucho que aprender de ellas\u201d, se\u00f1al\u00f3 D\u00edaz. El lema de esta edici\u00f3n es \u201cla sexta extinci\u00f3n\u201d. Alfredo D\u00edaz destac\u00f3 en la presentaci\u00f3n que \u201cel tiempo se ha acabado\u201d y que ya estamos dentro de una emergencia clim\u00e1tica. Invit\u00f3 al p\u00fablico asistente a hacer una reflexi\u00f3n a partir de la selecci\u00f3n de pel\u00edculas del festival para dar la vuelta a esta situaci\u00f3n \u201ca trav\u00e9s de un trabajo colectivo\u201d. <a href=\"https:\/\/fcmanrique.org\/wp-content\/uploads\/fc-manrique-ficmec-2023-2.jpg\"><img loading=\"lazy\" decoding=\"async\" src=\"https:\/\/fcmanrique.org\/wp-content\/uploads\/fc-manrique-ficmec-2023-2.jpg\" alt=\"\" width=\"920\" height=\"583\"><\/a> Santiago Lecuona, representante del festival, se\u00f1al\u00f3 que \u201clo esencial es cooperar con otras islas y establecer pautas de reflexi\u00f3n a trav\u00e9s del cine\u201d. Hizo un breve recorrido por la historia de este festival, que no solo exhibe pel\u00edculas, sino que lleva a cabo otras actividades como conciertos, talleres, charlas o excursiones. Lecuona dijo que incluye pel\u00edculas documentales y de ficci\u00f3n, aunque \u201cencontrar ficci\u00f3n sobre medioambiente es m\u00e1s complicado\u201d. Destac\u00f3, asimismo, que algunas de estas pel\u00edculas no tienen una tem\u00e1tica com\u00fan pero que, sin embargo, son capaces de dialogar entre ellas. Afirm\u00f3 que que la sesi\u00f3n de cortometrajes es la de mayor afluencia de p\u00fablico que ha visto en todas las ediciones. En la primera sesi\u00f3n, del martes 17 de octubre, se proyectaron cuatro cortometrajes y una pel\u00edcula. Entre ellos, dos de los cortos que forman parte del palmar\u00e9s de este a\u00f1o, el Premio Brote al mejor cortometraje documental y al mejor cortometraje ficci\u00f3n y animaci\u00f3n, que son <em>Agur Artzai, de <\/em>Julen Zubiete e <em>Island, de <\/em>Michael Faust, respectivamente. El mi\u00e9rcoles 18 se proyect\u00f3 un largometraje documental y otro de ficci\u00f3n. Tambi\u00e9n se han llevado a cabo dos sesiones matinales para escolares con alumnado de 3\u00ba y 4\u00ba de Primaria del CEO Argana y con alumnos y alumnas de Secundaria del IES Blas Cabrera y del IES. Agust\u00edn Espinosa. Participaron unos 270 alumnos y profesores. <a href=\"https:\/\/fcmanrique.org\/wp-content\/uploads\/2023-10-17-FICMEC.-Invitacion.jpg\"><img loading=\"lazy\" decoding=\"async\" src=\"https:\/\/fcmanrique.org\/wp-content\/uploads\/2023-10-17-FICMEC.-Invitacion.jpg\" alt=\"\" width=\"1200\" height=\"1200\"><\/a><\/p>\n<p><strong>M\u00e1s informaci\u00f3n<\/strong>: <a href=\"https:\/\/fcmanrique.org\/wp-content\/uploads\/fc-manrique-nota-de-prensa-ficmec-2023.pdf\" class=\"fcm-pdf-download-link\">Nota de prensa<\/a><\/p>","protected":false},"featured_media":24374,"parent":0,"template":"","meta":{"_acf_changed":false,"ngg_post_thumbnail":0,"footnotes":""},"actividad_tipo":[37],"actividad_lugar":[],"actividad_departamento":[],"actividad_ciclo":[],"class_list":["post-24191","fcm_actividad","type-fcm_actividad","status-publish","has-post-thumbnail","hentry","actividad_tipo-otras-actividades"],"acf":[],"_links":{"self":[{"href":"https:\/\/ludiccc.ddns.net\/de\/wp-json\/wp\/v2\/fcm_actividad\/24191","targetHints":{"allow":["GET"]}}],"collection":[{"href":"https:\/\/ludiccc.ddns.net\/de\/wp-json\/wp\/v2\/fcm_actividad"}],"about":[{"href":"https:\/\/ludiccc.ddns.net\/de\/wp-json\/wp\/v2\/types\/fcm_actividad"}],"version-history":[{"count":14,"href":"https:\/\/ludiccc.ddns.net\/de\/wp-json\/wp\/v2\/fcm_actividad\/24191\/revisions"}],"predecessor-version":[{"id":26989,"href":"https:\/\/ludiccc.ddns.net\/de\/wp-json\/wp\/v2\/fcm_actividad\/24191\/revisions\/26989"}],"wp:featuredmedia":[{"embeddable":true,"href":"https:\/\/ludiccc.ddns.net\/de\/wp-json\/wp\/v2\/media\/24374"}],"wp:attachment":[{"href":"https:\/\/ludiccc.ddns.net\/de\/wp-json\/wp\/v2\/media?parent=24191"}],"wp:term":[{"taxonomy":"actividad_tipo","embeddable":true,"href":"https:\/\/ludiccc.ddns.net\/de\/wp-json\/wp\/v2\/actividad_tipo?post=24191"},{"taxonomy":"actividad_lugar","embeddable":true,"href":"https:\/\/ludiccc.ddns.net\/de\/wp-json\/wp\/v2\/actividad_lugar?post=24191"},{"taxonomy":"actividad_departamento","embeddable":true,"href":"https:\/\/ludiccc.ddns.net\/de\/wp-json\/wp\/v2\/actividad_departamento?post=24191"},{"taxonomy":"actividad_ciclo","embeddable":true,"href":"https:\/\/ludiccc.ddns.net\/de\/wp-json\/wp\/v2\/actividad_ciclo?post=24191"}],"curies":[{"name":"wp","href":"https:\/\/api.w.org\/{rel}","templated":true}]}}

FICMEC llega de nuevo a Lanzarote: «Es esencial establecer pautas de reflexión a través del cine»

<figure class="wp-block-image size-full"><img fetchpriority="high" width="400" height="340" src="https://fcm.local/wp-content/uploads/fc-manrique-actividad-ficmec-2023-1.jpg" class="wp-image-24374" alt="FICMEC llega de nuevo a Lanzarote: «Es esencial establecer pautas de reflexión a través del cine»" loading="eager" decoding="async" srcset="https://fcm.local/wp-content/uploads/fc-manrique-actividad-ficmec-2023-1.jpg 400w, https://fcm.local/wp-content/uploads/fc-manrique-actividad-ficmec-2023-1-300x255.jpg 300w, https://fcm.local/wp-content/uploads/fc-manrique-actividad-ficmec-2023-1-289x246.jpg 289w" sizes="(max-width: 400px) 100vw, 400px" /></figure>
<p>La sala José Saramago de la Fundación César Manrique acogió de nuevo varias proyecciones del Festival Internacional de cine medioambiental de Canarias (FICMEC) que cumple ya 25 ediciones. Alfredo Díaz, del departamento pedagógico de la FCM, destacó la trayectoria y recordó la participación de César Manrique en el origen del festival, cuando se celebraba en Puerto de la Cruz y se convirtió en el primero de este tipo en España y uno de los primeros de Europa. La colaboración con la FCM se hace de forma ininterrumpida desde el año 2014, exhibiendo películas de todo el mundo cuyo denominador común es el de llevar una reflexión sobre lo que está pasando en el Planeta. “Desde una mirada negativa, todo parece caos, y eso existe, pero también hay comunidades en el mundo que tienen una relación fabulosa con la vida y son capaces de responder de forma eficaz a los retos de nuestro tiempo, y tenemos mucho que aprender de ellas”, señaló Díaz. El lema de esta edición es “la sexta extinción”. Alfredo Díaz destacó en la presentación que “el tiempo se ha acabado” y que ya estamos dentro de una emergencia climática. Invitó al público asistente a hacer una reflexión a partir de la selección de películas del festival para dar la vuelta a esta situación “a través de un trabajo colectivo”. <a href="https://fcmanrique.org/wp-content/uploads/fc-manrique-ficmec-2023-2.jpg"><img loading="lazy" decoding="async" src="https://fcmanrique.org/wp-content/uploads/fc-manrique-ficmec-2023-2.jpg" alt="" width="920" height="583"></a> Santiago Lecuona, representante del festival, señaló que “lo esencial es cooperar con otras islas y establecer pautas de reflexión a través del cine”. Hizo un breve recorrido por la historia de este festival, que no solo exhibe películas, sino que lleva a cabo otras actividades como conciertos, talleres, charlas o excursiones. Lecuona dijo que incluye películas documentales y de ficción, aunque “encontrar ficción sobre medioambiente es más complicado”. Destacó, asimismo, que algunas de estas películas no tienen una temática común pero que, sin embargo, son capaces de dialogar entre ellas. Afirmó que que la sesión de cortometrajes es la de mayor afluencia de público que ha visto en todas las ediciones. En la primera sesión, del martes 17 de octubre, se proyectaron cuatro cortometrajes y una película. Entre ellos, dos de los cortos que forman parte del palmarés de este año, el Premio Brote al mejor cortometraje documental y al mejor cortometraje ficción y animación, que son <em>Agur Artzai, de </em>Julen Zubiete e <em>Island, de </em>Michael Faust, respectivamente. El miércoles 18 se proyectó un largometraje documental y otro de ficción. También se han llevado a cabo dos sesiones matinales para escolares con alumnado de 3º y 4º de Primaria del CEO Argana y con alumnos y alumnas de Secundaria del IES Blas Cabrera y del IES. Agustín Espinosa. Participaron unos 270 alumnos y profesores. <a href="https://fcmanrique.org/wp-content/uploads/2023-10-17-FICMEC.-Invitacion.jpg"><img loading="lazy" decoding="async" src="https://fcmanrique.org/wp-content/uploads/2023-10-17-FICMEC.-Invitacion.jpg" alt="" width="1200" height="1200"></a></p>
<p><strong>Más información</strong>: <a href="https://fcmanrique.org/wp-content/uploads/fc-manrique-nota-de-prensa-ficmec-2023.pdf" class="fcm-pdf-download-link">Nota de prensa</a></p>
