{"id":16692,"date":"2018-06-08T11:29:58","date_gmt":"2018-06-08T11:29:58","guid":{"rendered":"https:\/\/fcmanrique.org\/?p=16692"},"modified":"2026-04-23T23:19:18","modified_gmt":"2026-04-23T23:19:18","slug":"el-7-de-junio-agustin-hernandez-aja-impartio-la-conferencia-titulada-de-la-vulnerabilidad-a-la-resiliencia-urbana","status":"publish","type":"fcm_actividad","link":"https:\/\/ludiccc.ddns.net\/de\/fcm-actividad\/el-7-de-junio-agustin-hernandez-aja-impartio-la-conferencia-titulada-de-la-vulnerabilidad-a-la-resiliencia-urbana\/","title":{"rendered":"Agust\u00edn Hern\u00e1ndez Aja: &#8222;La resiliencia urbana: enfocar los problemas como palancas de transformaci\u00f3n&#8220;"},"content":{"rendered":"<figure class=\"wp-block-image size-full\"><img fetchpriority=\"high\" width=\"289\" height=\"196\" src=\"https:\/\/fcm.local\/wp-content\/uploads\/fc-manrique-agustin-hdez-aja-1p.jpg\" class=\"wp-image-16693\" alt=\"Agust\u00edn Hern\u00e1ndez Aja: \u00abLa resiliencia urbana: enfocar los problemas como palancas de transformaci\u00f3n\u00bb\" loading=\"eager\" decoding=\"async\" \/><\/figure>\n<p>\u201cDe la vulnerabilidad a la resiliencia urbana\u201d. Un camino a\u00fan por recorrer que transit\u00f3 Agust\u00edn Hern\u00e1ndez Aja en la sala Jos\u00e9 Saramago el d\u00eda 7 de junio. El destino de ese camino, la resiliencia, es un concepto a\u00fan novedoso para el urbanismo, donde no tiene una definici\u00f3n clara, pero que s\u00ed aparece en las pol\u00edticas nacionales e internacionales. El ponente se\u00f1al\u00f3 que \u201cpodemos aprovechar en esa ambig\u00fcedad del t\u00e9rmino para realizar nuestro an\u00e1lisis\u201d. Dentro del planeamiento urban\u00edstico, apost\u00f3 por centrar ese an\u00e1lisis en buscar soluciones complejas, no solo locales, y que se puedan mantener en el tiempo. La resiliencia es la capacidad de volver al estado original despu\u00e9s de haberse provocado una deformaci\u00f3n o un trauma, aunque en lo social no est\u00e1 claro cu\u00e1l es ese estado original. Aplicada a una ciudad o espacio urbano, podr\u00eda ser la capacidad de un espacio para volver a ser funcional, o al menos de mantener su estructura social. El concepto se ha incorporado a los 17 objetivos de desarrollo sostenible en la Agenda 2030 de Naciones Unidas. Est\u00e1 en el objetivo n\u00famero 11, que habla de lograr que los asentamientos urbanos sean inclusivos, seguros, resilientes y sostenibles. Por otro lado, instituciones y empresas ya han incorporado estos 17 objetivos \u201cque antes eran considerados inadecuados pero ahora est\u00e1n revestidos del lenguaje que da el documento aprobado por la ONU; es una marea que ya ha llegado a todos los sitios\u201d. <a href=\"https:\/\/fcmanrique.org\/wp-content\/uploads\/fc-manrique-agustin-hdez-aja-2.jpg\"><img loading=\"lazy\" decoding=\"async\" src=\"https:\/\/fcmanrique.org\/wp-content\/uploads\/fc-manrique-agustin-hdez-aja-2.jpg\" alt=\"\" width=\"800\" height=\"527\"><\/a> Hern\u00e1ndez Aja, profesor titular de la Escuela T\u00e9cnica Superior de Arquitectura de Madrid, estudia la vulnerabilidad urbana en los barrios desde los a\u00f1os noventa. En esos estudios se analizan tres par\u00e1metros: poblaci\u00f3n sin estudios, desempleo, y viviendas sin servicio o infraviviendas, y en base a esos estudios peri\u00f3dicos obtiene herramientas suficientes para determinar la vulnerabilidad: todos los problemas pero tambi\u00e9n todas las oportunidades de cada barrio. \u201cAlgunos autores \u2014se\u00f1al\u00f3 el ponente\u2014 sugieren que la resiliencia y la vulnerabilidad son polos opuestos del mismo continuo\u201d. Es una forma de ver los problemas como palancas de transformaci\u00f3n. A esos problemas hay que incorporar tambi\u00e9n los problemas ambientales, y el reto ser\u00eda saber qu\u00e9 hay que hacer para acercarse a un equilibrio en recursos y en residuos, ya que gran parte de los problemas sociales ocurren por falta de recursos, porque se han superado los l\u00edmites, y se han originado ciudades, lugares y territorios vulnerables y degradados. Hern\u00e1ndez Aja se\u00f1al\u00f3 que van a realizar un estudio sobre la construcci\u00f3n institucional para la sostenibilidad urbana y el derecho a la ciudad, que aporte las herramientas en accesibilidad, movilidad, bienestar o paisaje urbano\u2026 para poder actuar en todas las categor\u00edas de regeneraci\u00f3n urbana. <a href=\"https:\/\/fcmanrique.org\/wp-content\/uploads\/fc-manrique-agustin-hdez-aja-1.jpg\"><img loading=\"lazy\" decoding=\"async\" src=\"https:\/\/fcmanrique.org\/wp-content\/uploads\/fc-manrique-agustin-hdez-aja-1.jpg\" alt=\"\" width=\"800\" height=\"543\"><\/a> Sobre la participaci\u00f3n ciudadana, se\u00f1al\u00f3 que hay que huir de la \u201ccultura del \u2018post-it\u201d, que supone que varias personas se re\u00fanen y plantean una serie de soluciones escribi\u00e9ndolas en esos peque\u00f1os cuadrados de papel de color amarillo, pero sin informaci\u00f3n y sin estructura, tan s\u00f3lo fij\u00e1ndose en sus necesidades personales o de su colectivo. Hern\u00e1ndez Aja dijo que la participaci\u00f3n ciudadana \u201ces una negociaci\u00f3n en base a una informaci\u00f3n\u201d y que necesita que haya confianza sobre la informaci\u00f3n de que se dispone. \u201cLa participaci\u00f3n es un compromiso del que llama a la participaci\u00f3n, y debe aportar sus objetivos y la informaci\u00f3n que tiene\u201d. El proceso de participaci\u00f3n tambi\u00e9n es un proceso de resiliencia porque permite conocer a los ciudadanos. La resiliencia puede ser un motor de la transici\u00f3n, pero tambi\u00e9n tiene unos peligros asociados a ese concepto. Entre ellos, la adaptaci\u00f3n como resignaci\u00f3n a las agresiones, el abandono de pol\u00edticas para solucionar problemas y sustituci\u00f3n de ellas por programas para paliar sus efectos, tener una visi\u00f3n conformista o renunciar al potencial transformador de la sociedad. Frente a esto, una \u201cresiliencia fuerte\u201d, seg\u00fan el ponente, ser\u00eda hablar de oportunidades y no de problemas, articular dimensiones frente a la crisis ecosocial, tener capacidad para adaptarse a los cambios, contar con equidad, informaci\u00f3n, una conciencia de los l\u00edmites ambientales y el respeto a los ciclos naturales. La polarizaci\u00f3n, se\u00f1al\u00f3 Hern\u00e1ndez Aja, entre lo actual y lo posible, que necesita a su vez de la participaci\u00f3n. <a href=\"https:\/\/fcmanrique.org\/wp-content\/uploads\/fc-manrique-agustin-hdez-aja-3.jpg\"><img loading=\"lazy\" decoding=\"async\" src=\"https:\/\/fcmanrique.org\/wp-content\/uploads\/fc-manrique-agustin-hdez-aja-3.jpg\" alt=\"\" width=\"800\" height=\"562\"><\/a><\/p>\n<p><a href=\"https:\/\/fcmanrique.org\/wp-content\/uploads\/fc-manrique-agustin-hdez-ajawebgr-1.jpg\"><img loading=\"lazy\" decoding=\"async\" src=\"https:\/\/fcmanrique.org\/wp-content\/uploads\/fc-manrique-agustin-hdez-ajawebgr-1.jpg\" alt=\"\" width=\"850\" height=\"567\"><\/a><\/p>\n<p><a href=\"https:\/\/fcmanrique.org\/wp-content\/uploads\/nota-prensa-fc-manrique-conferencia-resiliencia-urbana.pdf\" class=\"fcm-pdf-download-link\">nota-prensa-fc-manrique-conferencia-resiliencia-urbana<\/a><\/p>","protected":false},"featured_media":16693,"parent":0,"template":"","meta":{"_acf_changed":false,"ngg_post_thumbnail":0,"footnotes":""},"actividad_tipo":[34],"actividad_lugar":[],"actividad_departamento":[],"actividad_ciclo":[],"class_list":["post-16692","fcm_actividad","type-fcm_actividad","status-publish","has-post-thumbnail","hentry","actividad_tipo-conferencias"],"acf":[],"_links":{"self":[{"href":"https:\/\/ludiccc.ddns.net\/de\/wp-json\/wp\/v2\/fcm_actividad\/16692","targetHints":{"allow":["GET"]}}],"collection":[{"href":"https:\/\/ludiccc.ddns.net\/de\/wp-json\/wp\/v2\/fcm_actividad"}],"about":[{"href":"https:\/\/ludiccc.ddns.net\/de\/wp-json\/wp\/v2\/types\/fcm_actividad"}],"version-history":[{"count":4,"href":"https:\/\/ludiccc.ddns.net\/de\/wp-json\/wp\/v2\/fcm_actividad\/16692\/revisions"}],"predecessor-version":[{"id":26909,"href":"https:\/\/ludiccc.ddns.net\/de\/wp-json\/wp\/v2\/fcm_actividad\/16692\/revisions\/26909"}],"wp:featuredmedia":[{"embeddable":true,"href":"https:\/\/ludiccc.ddns.net\/de\/wp-json\/wp\/v2\/media\/16693"}],"wp:attachment":[{"href":"https:\/\/ludiccc.ddns.net\/de\/wp-json\/wp\/v2\/media?parent=16692"}],"wp:term":[{"taxonomy":"actividad_tipo","embeddable":true,"href":"https:\/\/ludiccc.ddns.net\/de\/wp-json\/wp\/v2\/actividad_tipo?post=16692"},{"taxonomy":"actividad_lugar","embeddable":true,"href":"https:\/\/ludiccc.ddns.net\/de\/wp-json\/wp\/v2\/actividad_lugar?post=16692"},{"taxonomy":"actividad_departamento","embeddable":true,"href":"https:\/\/ludiccc.ddns.net\/de\/wp-json\/wp\/v2\/actividad_departamento?post=16692"},{"taxonomy":"actividad_ciclo","embeddable":true,"href":"https:\/\/ludiccc.ddns.net\/de\/wp-json\/wp\/v2\/actividad_ciclo?post=16692"}],"curies":[{"name":"wp","href":"https:\/\/api.w.org\/{rel}","templated":true}]}}

Agustín Hernández Aja: &#8222;La resiliencia urbana: enfocar los problemas como palancas de transformación&#8220;

<figure class="wp-block-image size-full"><img fetchpriority="high" width="289" height="196" src="https://fcm.local/wp-content/uploads/fc-manrique-agustin-hdez-aja-1p.jpg" class="wp-image-16693" alt="Agustín Hernández Aja: «La resiliencia urbana: enfocar los problemas como palancas de transformación»" loading="eager" decoding="async" /></figure>
<p>“De la vulnerabilidad a la resiliencia urbana”. Un camino aún por recorrer que transitó Agustín Hernández Aja en la sala José Saramago el día 7 de junio. El destino de ese camino, la resiliencia, es un concepto aún novedoso para el urbanismo, donde no tiene una definición clara, pero que sí aparece en las políticas nacionales e internacionales. El ponente señaló que “podemos aprovechar en esa ambigüedad del término para realizar nuestro análisis”. Dentro del planeamiento urbanístico, apostó por centrar ese análisis en buscar soluciones complejas, no solo locales, y que se puedan mantener en el tiempo. La resiliencia es la capacidad de volver al estado original después de haberse provocado una deformación o un trauma, aunque en lo social no está claro cuál es ese estado original. Aplicada a una ciudad o espacio urbano, podría ser la capacidad de un espacio para volver a ser funcional, o al menos de mantener su estructura social. El concepto se ha incorporado a los 17 objetivos de desarrollo sostenible en la Agenda 2030 de Naciones Unidas. Está en el objetivo número 11, que habla de lograr que los asentamientos urbanos sean inclusivos, seguros, resilientes y sostenibles. Por otro lado, instituciones y empresas ya han incorporado estos 17 objetivos “que antes eran considerados inadecuados pero ahora están revestidos del lenguaje que da el documento aprobado por la ONU; es una marea que ya ha llegado a todos los sitios”. <a href="https://fcmanrique.org/wp-content/uploads/fc-manrique-agustin-hdez-aja-2.jpg"><img loading="lazy" decoding="async" src="https://fcmanrique.org/wp-content/uploads/fc-manrique-agustin-hdez-aja-2.jpg" alt="" width="800" height="527"></a> Hernández Aja, profesor titular de la Escuela Técnica Superior de Arquitectura de Madrid, estudia la vulnerabilidad urbana en los barrios desde los años noventa. En esos estudios se analizan tres parámetros: población sin estudios, desempleo, y viviendas sin servicio o infraviviendas, y en base a esos estudios periódicos obtiene herramientas suficientes para determinar la vulnerabilidad: todos los problemas pero también todas las oportunidades de cada barrio. “Algunos autores —señaló el ponente— sugieren que la resiliencia y la vulnerabilidad son polos opuestos del mismo continuo”. Es una forma de ver los problemas como palancas de transformación. A esos problemas hay que incorporar también los problemas ambientales, y el reto sería saber qué hay que hacer para acercarse a un equilibrio en recursos y en residuos, ya que gran parte de los problemas sociales ocurren por falta de recursos, porque se han superado los límites, y se han originado ciudades, lugares y territorios vulnerables y degradados. Hernández Aja señaló que van a realizar un estudio sobre la construcción institucional para la sostenibilidad urbana y el derecho a la ciudad, que aporte las herramientas en accesibilidad, movilidad, bienestar o paisaje urbano… para poder actuar en todas las categorías de regeneración urbana. <a href="https://fcmanrique.org/wp-content/uploads/fc-manrique-agustin-hdez-aja-1.jpg"><img loading="lazy" decoding="async" src="https://fcmanrique.org/wp-content/uploads/fc-manrique-agustin-hdez-aja-1.jpg" alt="" width="800" height="543"></a> Sobre la participación ciudadana, señaló que hay que huir de la “cultura del ‘post-it”, que supone que varias personas se reúnen y plantean una serie de soluciones escribiéndolas en esos pequeños cuadrados de papel de color amarillo, pero sin información y sin estructura, tan sólo fijándose en sus necesidades personales o de su colectivo. Hernández Aja dijo que la participación ciudadana “es una negociación en base a una información” y que necesita que haya confianza sobre la información de que se dispone. “La participación es un compromiso del que llama a la participación, y debe aportar sus objetivos y la información que tiene”. El proceso de participación también es un proceso de resiliencia porque permite conocer a los ciudadanos. La resiliencia puede ser un motor de la transición, pero también tiene unos peligros asociados a ese concepto. Entre ellos, la adaptación como resignación a las agresiones, el abandono de políticas para solucionar problemas y sustitución de ellas por programas para paliar sus efectos, tener una visión conformista o renunciar al potencial transformador de la sociedad. Frente a esto, una “resiliencia fuerte”, según el ponente, sería hablar de oportunidades y no de problemas, articular dimensiones frente a la crisis ecosocial, tener capacidad para adaptarse a los cambios, contar con equidad, información, una conciencia de los límites ambientales y el respeto a los ciclos naturales. La polarización, señaló Hernández Aja, entre lo actual y lo posible, que necesita a su vez de la participación. <a href="https://fcmanrique.org/wp-content/uploads/fc-manrique-agustin-hdez-aja-3.jpg"><img loading="lazy" decoding="async" src="https://fcmanrique.org/wp-content/uploads/fc-manrique-agustin-hdez-aja-3.jpg" alt="" width="800" height="562"></a></p>
<p><a href="https://fcmanrique.org/wp-content/uploads/fc-manrique-agustin-hdez-ajawebgr-1.jpg"><img loading="lazy" decoding="async" src="https://fcmanrique.org/wp-content/uploads/fc-manrique-agustin-hdez-ajawebgr-1.jpg" alt="" width="850" height="567"></a></p>
<p><a href="https://fcmanrique.org/wp-content/uploads/nota-prensa-fc-manrique-conferencia-resiliencia-urbana.pdf" class="fcm-pdf-download-link">nota-prensa-fc-manrique-conferencia-resiliencia-urbana</a></p>
