{"id":14419,"date":"2012-06-21T00:00:00","date_gmt":"2012-06-21T00:00:00","guid":{"rendered":"https:\/\/fcmanrique.org\/fcm-actividad\/juan-cruz-ignacio-aldecoa-supo-ver\/"},"modified":"2026-04-23T23:19:29","modified_gmt":"2026-04-23T23:19:29","slug":"juan-cruz-ignacio-aldecoa-supo-ver","status":"publish","type":"fcm_actividad","link":"https:\/\/ludiccc.ddns.net\/de\/fcm-actividad\/juan-cruz-ignacio-aldecoa-supo-ver\/","title":{"rendered":"Juan Cruz: <em>Ignacio Aldecoa supo ver el car\u00e1cter arriscado y complejo que tenemos los canarios<\/em>"},"content":{"rendered":"<div class=\"wp-block-columns fcm-page-migration-columns is-layout-flex wp-container-core-columns-is-layout-9d6595d7 wp-block-columns-is-layout-flex\"><div class=\"wp-block-column is-layout-flow wp-block-column-is-layout-flow\" style=\"flex-basis:66.66%\"><figure class=\"wp-block-image size-full\"><img width=\"135\" height=\"100\" src=\"https:\/\/fcm.local\/wp-content\/uploads\/thmb_50852264aldecoa0_135x100.jpg\" class=\"wp-image-14420\" alt=\"Juan Cruz: Ignacio Aldecoa supo ver el car\u00e1cter arriscado y complejo que tenemos los canarios\" loading=\"eager\" decoding=\"async\" \/><\/figure>\n<p>\u201cIgnacio Aldecoa es el cuentista espa\u00f1ol m\u00e1s solvente del Siglo XX\u201d. Fernando G\u00f3mez Aguilera record\u00f3 al inicio del acto, en la mesa redonda previa a la proyecci\u00f3n del documental <em>Aldecoa, la huida al para\u00edso<\/em>, esas palabras de Miguel Garc\u00eda de Posada sobre el escritor vitoriano. El director de la Fundaci\u00f3n C\u00e9sar Manrique a\u00f1adi\u00f3 que Aldecoa es mucho m\u00e1s, \u201cun personaje extraordinario\u201d, y cont\u00f3 que tras su estancia de cuatro semanas en 1961 en La Graciosa, el escritor le dijo a su mujer: \u201cHe descubierto el para\u00edso, iremos alg\u00fan d\u00eda\u201d. No volvi\u00f3 nunca. G\u00f3mez Aguilera dio la palabra al escritor Juan Cruz, de quien parti\u00f3 la idea de hacer este documental sobre la relaci\u00f3n de Aldecoa con Canarias y su vis\u00f3n de ellas, plasmada en el libro <em>Cuaderno de godo<\/em>.<\/p>\n<p>Cruz conoci\u00f3 vio por primera vez a Aldecoa en una foto que ten\u00eda en su despacho Jos\u00e9 Arozena, un abogado tinerfe\u00f1o amigo del escritor, al igual que Domingo P\u00e9rez Minik. A\u00f1os m\u00e1s tarde, cuando era responsable editorial de Alfaguara, conoci\u00f3 a su viuda, Josefina Aldecoa, y decidi\u00f3 publicar tambi\u00e9n la obra de su marido. Eso fue a partir del hallazgo, en la librer\u00eda <em>Dedalus<\/em> de Madrid, de <em>Cuaderno de godo<\/em>, el libro que recorre el documental, \u201cun libro para enamorarse de las islas\u201d. \u00bfY por qu\u00e9 recuperar a Aldecoa? \u201cPues porque los canarios cultivamos el desrecuerdo, que tiene una grave repercusi\u00f3n porque impide crear zonas de recuerdos y gratitud para edificar historias sobre ellos.\u201d<\/p>\n<p>El director del documental, Miguel G. Morales, dijo que Aldecoa le ha perseguido a lo largo de su vida. Su primera pr\u00e1ctica de gui\u00f3n en la Escuela de Cine fue sobre un cuento de Aldecoa, a quien calific\u00f3 como un <em>outsider<\/em> y \u201cun personaje cinematogr\u00e1fico magn\u00edfico, de una pel\u00edcula americana de los a\u00f1os 40 \u00f3 50\u201d. <\/p>\n<p>G\u00f3mez Aguilera record\u00f3 la primera vez que Aldecoa lleg\u00f3 a Lanzarote y asegur\u00f3 que hubo un tiempo en que la actividad del escritor era seguida por la prensa local de la \u00e9poca, que daba cuenta de sus conferencias en Madrid o en Nueva York. Aldecoa lleg\u00f3 a Arrecife en 1957 junto al fot\u00f3grafo Jos\u00e9 Pastor para hacer un reportaje de las islas encargado por el diario madrile\u00f1o <em>Arriba<\/em>. Recala en el Parador de Turismo, donde duerme en un div\u00e1n en el hall y traba amistad con Jes\u00fas L\u00f3pez Socas, el m\u00e9dico Jos\u00e9 Molina, Leandro Fajardo y Andr\u00e9s Betancort, que eran \u201cbuenos bebedores\u201d como Aldecoa, con quien tambi\u00e9n compart\u00edan inquietudes literarias. Visit\u00f3 Fuerteventura, donde asiste a una boda y a la botadura de la embarcaci\u00f3n \u2018La Peregrina\u2019, de Antonio Fern\u00e1ndez de C\u00f3rdoba, apodado Buffalo Bill. En esa ocasi\u00f3n ya conoce al graciosero Jorge Toledo, y a La Graciosa volver\u00eda en 1961. Permaneci\u00f3 cuatro semanas en la Isla, pero antes de llegar, en el barco, les dijo a sus amigos lanzarote\u00f1os: \u201cNo me dej\u00e9is solo\u201d. Pasaba por una crisis personal, \u201cde destino, existencial\u201d. En La Graciosa, durante ese tiempo, trasladado a\u00f1os despu\u00e9s a su novela<em> Parte de una historia<\/em>, escribe, y corrige dos novelas, pero tambi\u00e9n vive, bebe, trabaja y se viste con y como los pescadores, seg\u00fan relatan las cr\u00f3nicas de Guillermo Topham. De all\u00ed regresa a Lanzarote y pronuncia una conferencia titulada \u201cMar de historias\u201d, en el C\u00edrculo Mercantil del 28 de febrero. Posteriormente, sale a Tenerife para dar dos conferencias, declarando a la prensa \u201cLa Graciosa me ha servido para calmar los nervios y trabajar\u201d y que \u201ccamino de Madrid me siento castigado con el para\u00edso a barlovento\u201d, seg\u00fan cont\u00f3 al p\u00fablico G\u00f3mez Aguilera.<\/p>\n<p>Miguel G. Morales a\u00f1adi\u00f3, por su parte, que la elaboraci\u00f3n de la pel\u00edcula se alarg\u00f3 durante ocho a\u00f1os y se exhibi\u00f3 en La Graciosa, aunque algunos gracioseros, seg\u00fan sus palabras, tienen reservas con la figura de Aldecoa. \u201cLa reacci\u00f3n de la Isla fue extra\u00f1a\u201d, dijo. Juan Cruz asegur\u00f3 que Aldecoa vino a Canarias a buscar el para\u00edso pero a trav\u00e9s de una huida y que estaba interesado en los riscos, lugares y rincones peligrosos, y que se asombr\u00f3 ante un paisaje que es \u201cuna met\u00e1fora de placer y riesgo\u201d apreciando \u201cel car\u00e1cter arriscado y complejo que tenemos los canarios.\u201d La mesa redonda concluy\u00f3 con la lectura de una de las cr\u00f3nicas de Aldecoa publicada en <em>Arriba<\/em> en 1957, que describe el Archipi\u00e9lago Chinijo. A continuaci\u00f3n, se proyect\u00f3 <em>Aldecoa, la huida al para\u00edso.<\/em><\/p><\/div><div class=\"wp-block-column is-layout-flow wp-block-column-is-layout-flow\" style=\"flex-basis:33.33%\"><div class=\"wp-block-group detail-panel detail-media wp-block-group-\"><div class=\"wp-block-group__inner-container is-layout-flow wp-block-group-is-layout-flow\"><p><a href=\"https:\/\/fcmanrique.org\/wp-content\/uploads\/508522b4aldecoa0_640.jpg\"><\/a><\/p><\/div><\/div>\n<div class=\"wp-block-group detail-panel detail-media wp-block-group-\"><div class=\"wp-block-group__inner-container is-layout-flow wp-block-group-is-layout-flow\"><ul class=\"wp-block-list\"><li><a href=\"\/recursos\/actividad\/508523eanp11-12%20proyec%20aldecoa.pdf\" class=\"fcm-pdf-download-link\">Nota de prensa<\/a><\/li><\/ul><\/div><\/div><\/div><\/div>","protected":false},"featured_media":14420,"parent":0,"template":"","meta":{"_acf_changed":false,"ngg_post_thumbnail":0,"footnotes":""},"actividad_tipo":[37],"actividad_lugar":[49],"actividad_departamento":[31],"actividad_ciclo":[],"class_list":["post-14419","fcm_actividad","type-fcm_actividad","status-publish","has-post-thumbnail","hentry","actividad_tipo-otras-actividades","actividad_lugar-lugar-sala-saramago","actividad_departamento-departamento-de-programas-culturales"],"acf":[],"_links":{"self":[{"href":"https:\/\/ludiccc.ddns.net\/de\/wp-json\/wp\/v2\/fcm_actividad\/14419","targetHints":{"allow":["GET"]}}],"collection":[{"href":"https:\/\/ludiccc.ddns.net\/de\/wp-json\/wp\/v2\/fcm_actividad"}],"about":[{"href":"https:\/\/ludiccc.ddns.net\/de\/wp-json\/wp\/v2\/types\/fcm_actividad"}],"version-history":[{"count":1,"href":"https:\/\/ludiccc.ddns.net\/de\/wp-json\/wp\/v2\/fcm_actividad\/14419\/revisions"}],"predecessor-version":[{"id":27013,"href":"https:\/\/ludiccc.ddns.net\/de\/wp-json\/wp\/v2\/fcm_actividad\/14419\/revisions\/27013"}],"wp:featuredmedia":[{"embeddable":true,"href":"https:\/\/ludiccc.ddns.net\/de\/wp-json\/wp\/v2\/media\/14420"}],"wp:attachment":[{"href":"https:\/\/ludiccc.ddns.net\/de\/wp-json\/wp\/v2\/media?parent=14419"}],"wp:term":[{"taxonomy":"actividad_tipo","embeddable":true,"href":"https:\/\/ludiccc.ddns.net\/de\/wp-json\/wp\/v2\/actividad_tipo?post=14419"},{"taxonomy":"actividad_lugar","embeddable":true,"href":"https:\/\/ludiccc.ddns.net\/de\/wp-json\/wp\/v2\/actividad_lugar?post=14419"},{"taxonomy":"actividad_departamento","embeddable":true,"href":"https:\/\/ludiccc.ddns.net\/de\/wp-json\/wp\/v2\/actividad_departamento?post=14419"},{"taxonomy":"actividad_ciclo","embeddable":true,"href":"https:\/\/ludiccc.ddns.net\/de\/wp-json\/wp\/v2\/actividad_ciclo?post=14419"}],"curies":[{"name":"wp","href":"https:\/\/api.w.org\/{rel}","templated":true}]}}

Juan Cruz: <em>Ignacio Aldecoa supo ver el carácter arriscado y complejo que tenemos los canarios</em>

<div class="wp-block-columns fcm-page-migration-columns is-layout-flex wp-container-core-columns-is-layout-9d6595d7 wp-block-columns-is-layout-flex"><div class="wp-block-column is-layout-flow wp-block-column-is-layout-flow" style="flex-basis:66.66%"><figure class="wp-block-image size-full"><img width="135" height="100" src="https://fcm.local/wp-content/uploads/thmb_50852264aldecoa0_135x100.jpg" class="wp-image-14420" alt="Juan Cruz: Ignacio Aldecoa supo ver el carácter arriscado y complejo que tenemos los canarios" loading="eager" decoding="async" /></figure>
<p>“Ignacio Aldecoa es el cuentista español más solvente del Siglo XX”. Fernando Gómez Aguilera recordó al inicio del acto, en la mesa redonda previa a la proyección del documental <em>Aldecoa, la huida al paraíso</em>, esas palabras de Miguel García de Posada sobre el escritor vitoriano. El director de la Fundación César Manrique añadió que Aldecoa es mucho más, “un personaje extraordinario”, y contó que tras su estancia de cuatro semanas en 1961 en La Graciosa, el escritor le dijo a su mujer: “He descubierto el paraíso, iremos algún día”. No volvió nunca. Gómez Aguilera dio la palabra al escritor Juan Cruz, de quien partió la idea de hacer este documental sobre la relación de Aldecoa con Canarias y su visón de ellas, plasmada en el libro <em>Cuaderno de godo</em>.</p>
<p>Cruz conoció vio por primera vez a Aldecoa en una foto que tenía en su despacho José Arozena, un abogado tinerfeño amigo del escritor, al igual que Domingo Pérez Minik. Años más tarde, cuando era responsable editorial de Alfaguara, conoció a su viuda, Josefina Aldecoa, y decidió publicar también la obra de su marido. Eso fue a partir del hallazgo, en la librería <em>Dedalus</em> de Madrid, de <em>Cuaderno de godo</em>, el libro que recorre el documental, “un libro para enamorarse de las islas”. ¿Y por qué recuperar a Aldecoa? “Pues porque los canarios cultivamos el desrecuerdo, que tiene una grave repercusión porque impide crear zonas de recuerdos y gratitud para edificar historias sobre ellos.”</p>
<p>El director del documental, Miguel G. Morales, dijo que Aldecoa le ha perseguido a lo largo de su vida. Su primera práctica de guión en la Escuela de Cine fue sobre un cuento de Aldecoa, a quien calificó como un <em>outsider</em> y “un personaje cinematográfico magnífico, de una película americana de los años 40 ó 50”. </p>
<p>Gómez Aguilera recordó la primera vez que Aldecoa llegó a Lanzarote y aseguró que hubo un tiempo en que la actividad del escritor era seguida por la prensa local de la época, que daba cuenta de sus conferencias en Madrid o en Nueva York. Aldecoa llegó a Arrecife en 1957 junto al fotógrafo José Pastor para hacer un reportaje de las islas encargado por el diario madrileño <em>Arriba</em>. Recala en el Parador de Turismo, donde duerme en un diván en el hall y traba amistad con Jesús López Socas, el médico José Molina, Leandro Fajardo y Andrés Betancort, que eran “buenos bebedores” como Aldecoa, con quien también compartían inquietudes literarias. Visitó Fuerteventura, donde asiste a una boda y a la botadura de la embarcación ‘La Peregrina’, de Antonio Fernández de Córdoba, apodado Buffalo Bill. En esa ocasión ya conoce al graciosero Jorge Toledo, y a La Graciosa volvería en 1961. Permaneció cuatro semanas en la Isla, pero antes de llegar, en el barco, les dijo a sus amigos lanzaroteños: “No me dejéis solo”. Pasaba por una crisis personal, “de destino, existencial”. En La Graciosa, durante ese tiempo, trasladado años después a su novela<em> Parte de una historia</em>, escribe, y corrige dos novelas, pero también vive, bebe, trabaja y se viste con y como los pescadores, según relatan las crónicas de Guillermo Topham. De allí regresa a Lanzarote y pronuncia una conferencia titulada “Mar de historias”, en el Círculo Mercantil del 28 de febrero. Posteriormente, sale a Tenerife para dar dos conferencias, declarando a la prensa “La Graciosa me ha servido para calmar los nervios y trabajar” y que “camino de Madrid me siento castigado con el paraíso a barlovento”, según contó al público Gómez Aguilera.</p>
<p>Miguel G. Morales añadió, por su parte, que la elaboración de la película se alargó durante ocho años y se exhibió en La Graciosa, aunque algunos gracioseros, según sus palabras, tienen reservas con la figura de Aldecoa. “La reacción de la Isla fue extraña”, dijo. Juan Cruz aseguró que Aldecoa vino a Canarias a buscar el paraíso pero a través de una huida y que estaba interesado en los riscos, lugares y rincones peligrosos, y que se asombró ante un paisaje que es “una metáfora de placer y riesgo” apreciando “el carácter arriscado y complejo que tenemos los canarios.” La mesa redonda concluyó con la lectura de una de las crónicas de Aldecoa publicada en <em>Arriba</em> en 1957, que describe el Archipiélago Chinijo. A continuación, se proyectó <em>Aldecoa, la huida al paraíso.</em></p></div><div class="wp-block-column is-layout-flow wp-block-column-is-layout-flow" style="flex-basis:33.33%"><div class="wp-block-group detail-panel detail-media wp-block-group-"><div class="wp-block-group__inner-container is-layout-flow wp-block-group-is-layout-flow"><p><a href="https://fcmanrique.org/wp-content/uploads/508522b4aldecoa0_640.jpg"></a></p></div></div>
<div class="wp-block-group detail-panel detail-media wp-block-group-"><div class="wp-block-group__inner-container is-layout-flow wp-block-group-is-layout-flow"><ul class="wp-block-list"><li><a href="/recursos/actividad/508523eanp11-12%20proyec%20aldecoa.pdf" class="fcm-pdf-download-link">Nota de prensa</a></li></ul></div></div></div></div>
