{"id":14181,"date":"2008-03-06T00:00:00","date_gmt":"2008-03-06T00:00:00","guid":{"rendered":"https:\/\/fcmanrique.org\/fcm-actividad\/joan-romero-ciudadania-y-conciencia\/"},"modified":"2026-04-23T23:19:20","modified_gmt":"2026-04-23T23:19:20","slug":"joan-romero-ciudadania-y-conciencia","status":"publish","type":"fcm_actividad","link":"https:\/\/ludiccc.ddns.net\/de\/fcm-actividad\/joan-romero-ciudadania-y-conciencia\/","title":{"rendered":"Joan Romero. <em>Ciudadan\u00eda y conciencia global: los grandes retos del nuevo milenio<\/em>"},"content":{"rendered":"<div class=\"wp-block-columns fcm-page-migration-columns is-layout-flex wp-container-core-columns-is-layout-9d6595d7 wp-block-columns-is-layout-flex\"><div class=\"wp-block-column is-layout-flow wp-block-column-is-layout-flow\" style=\"flex-basis:66.66%\"><figure class=\"wp-block-image size-full\"><img width=\"135\" height=\"100\" src=\"https:\/\/fcm.local\/wp-content\/uploads\/thmb_47d14d02thmb_joanromero02_135.jpg\" class=\"wp-image-14182\" alt=\"Joan Romero. Ciudadan\u00eda y conciencia global: los grandes retos del nuevo milenio\" loading=\"eager\" decoding=\"async\" \/><\/figure>\n<p>El catedr\u00e1tico de Geograf\u00eda Humana de la Universidad de Valencia, Joan Romero, intervino el 6 de marzo de 2008 dentro del Foro de reflexi\u00f3n \u2018Escuela de ciudadan\u00eda\u2019 con la conferencia titulada \u2018Ciudadan\u00eda y conciencia global: los grandes retos del nuevo milenio\u2019. Ya advirti\u00f3 al principio de su intervenci\u00f3n, y lo cumpli\u00f3, que ten\u00eda pocas certezas y muchas preguntas. Una de las primeras fue plantearse c\u00f3mo llamamos o definimos a este nuevo contexto global, marcado, seg\u00fan \u00e9l, por dos fechas:una que ya est\u00e1 en los libros de Historia, la ca\u00edda del Muro de Berl\u00edn y otra que a\u00fan no lo est\u00e1, la irrupci\u00f3n de Internet. \u201cDesde que Netscape sali\u00f3 a Bolsa, el mundo es otro\u201d.<br><br>A pesar de las dudas enumer\u00f3 cuatro palabras que pueden explicar lo que pasa en el mundo: complejidad, incertidumbre, vulnerabilidad e inseguridad, a las que sum\u00f3 poco despu\u00e9s una quinta: velocidad. Cambia el orden mundial pero no cambia el principal problema de la Humanidad: la pobreza. 2.500 millones de personas viven hoy en chabolas. \u201cMuchos no tienen status de ciudadanos y otros ni siquiera de personas\u201d.<\/p>\n<p>En la visi\u00f3n de futuro se sit\u00faan los Objetivos del Milenio. \u201cAlgunos desenfocados\u201d, seg\u00fan Romero porque hay problemas que no se abordan. Entre ellos, la transici\u00f3n demogr\u00e1fica. Romero destac\u00f3 que las grandes migraciones se est\u00e1n produciendo dentro del Continente africano y no de \u00c1frica a Europa, \u201cy aqu\u00ed no lo sabemos\u201d. La ayuda al desarrollo tambi\u00e9n est\u00e1 mal enfocada. \u201cEl mayor obst\u00e1culo para el desarrollo de los pa\u00edses que reciben esa ayuda es la corrupci\u00f3n y la inseguridad jur\u00eddica, da igual el dinero que mandemos\u201d, dijo Romero, que tambi\u00e9n subray\u00f3 la necesidad de cambiar las reglas comerciales y cuestionar algunos comercios legales, como el de armas. Espa\u00f1a, sin ir m\u00e1s lejos, es el pa\u00eds que m\u00e1s armas cortas vende a \u00c1frica.<\/p>\n<p><strong>La vuelta de Dickens<\/strong><\/p>\n<p>Si eso ocurre en los pa\u00edses m\u00e1s pobres, en los del capitalismo pobre (Europa del Este y Am\u00e9rica Latina) existe un grave riesgo de \u201cbrasile\u00f1izaci\u00f3n\u201d, es decir, de dualizaci\u00f3n de la poblaci\u00f3n: unos muy ricos y otros muy pobres. Hay un d\u00e9ficit de ciudadan\u00eda y tambi\u00e9n hay una democracia de baja calidad con un horizonte de populismo.<\/p>\n<p> \u00bfY en el primer mundo? Pues ha emergido el cuarto mundo. La quinta parte de la poblaci\u00f3n de los pa\u00edses ricos est\u00e1 completamente excluida. Es la poblaci\u00f3n que vive, sobre todo, en la periferia de las grandes ciudades y lo hace por debajo del umbral de la pobreza a pesar de que tiene un trabajo. \u201cParece como si Dickens hubiera vuelto\u201d dijo Romero. Hay esclavos en pleno siglo XXI. Y si hay espacios de exclusi\u00f3n, tambi\u00e9n hay espacios de excepci\u00f3n, como Guant\u00e1namo o Abu Graib. Entonces \u201c\u00bfde qu\u00e9 presumimos?\u201d, se pregunt\u00f3 el conferenciante, \u201c\u00bfcu\u00e1l es nuestra superioridad moral?\u201d, \u201c\u00bfno presum\u00edamos como europeos de valores?\u201d. \u201cHasta ahora &#8211; como respuesta sus preguntas &#8211; s\u00f3lo se nos da bien construir muros\u201d.<\/p>\n<p> En este contexto ni siquiera queda claro qui\u00e9nes somos ciudadanos y qui\u00e9nes no. Los Estados se ven desbordados por las grandes multinacionales. Hay hasta cincuenta empresas m\u00e1s fuertes econ\u00f3micamente que cien Estados, incluso de la Uni\u00f3n Europea. \u201cAlgo se nos escapa\u201d porque frente al debilitamiento de los Estados, emergen nuevos movimientos nacionalistas a nivel planetario que acaban formando nuevos Estados. Y surge otra pregunta: \u201c\u00bfpodremos mantener as\u00ed el Estado de bienestar?, que es \u201cel mayor logro conseguido por la Humanidad y s\u00f3lo lo disfrutan Europa, Canad\u00e1 y Australia\u201d. \u201dEl debate est\u00e1 abierto\u201d.<\/p>\n<p> M\u00e1s preguntas: \u00bfC\u00f3mo conciliar los derechos de ciudadan\u00eda de los reci\u00e9n llegados con los derechos de los que ya estaban? Necesitamos veinte millones m\u00e1s de trabajadores extracomunitarios en la Uni\u00f3n Europa pero hemos fracasado en el logro de una sociedad multicultural. El resultado hasta ahora ha sido el de sociedades fragmentadas. De manera coloquial: \u201cjuntos pero no revueltos\u201d. Esas dificultades de integraci\u00f3n se dan principalmente \u201ccon una parte de los otros\u201d, con los musulmanes. \u201cEs un desaf\u00edo formidable que tendremos que abordar en Espa\u00f1a en ocho o diez a\u00f1os\u201d.<\/p>\n<p> Frente a los aspectos en los que no se ha avanzado, Romero cit\u00f3 en los que s\u00ed se ha avanzado. Por ejemplo, en la lucha contra el cambio clim\u00e1tico, en el que los europeos \u201cestamos ganado la batalla cultural\u201d para llegar a una \u201cgesti\u00f3n prudente de los recursos\u201d. Tambi\u00e9n se ha ganado terreno en la forma de desarrollar pol\u00edticas p\u00fablicas o en la capacidad de nuevos actores para influir pol\u00edticamente. A pesar de este avance, \u201cEuropa se mira el ombligo, mira mucho hacia atr\u00e1s y poco hacia adelante\u201d.<\/p>\n<p><strong>C\u00f3mo mejorar la democracia<\/strong><\/p>\n<p><br>En ese futuro surgen muchas amenazas que no sabemos c\u00f3mo abordar. Los ciudadanos pierden confianza en los poderes p\u00fablicos porque no les garantizan su puesto de trabajo y las empresas se pueden ir a otros pa\u00edses. Los Estados se debilitan pero \u201ca\u00fan no hemos inventado nada mejor que el Estado\u201d para poder garantizar otro Estado, el de bienestar. \u201cEl reto no es saber si mantenemos la democracia o no, sino c\u00f3mo hacerla mejor\u201d, asegur\u00f3 Romero. Como propuesta plantea la construcci\u00f3n de organismos globales para abordar problemas globales. Al igual que la Organizaci\u00f3n Mundial de Comercio regula y sanciona a los Estados, se podr\u00eda articular un organismo que regule el Trabajo y otro el que regule el Medio Ambiente.<br><br> Romero volvi\u00f3 al Estado de bienestar. Se\u00f1al\u00f3 que la mejor pol\u00edtica social es una econom\u00eda solvente y saneada y que si queremos sostener ese bienestar en el futuro hay que llegar en Europa a un plan consensuado de reformas. Hay que alcanzar consensos b\u00e1sicos que pasan por fortalecer una econom\u00eda del conocimiento, por la productividad, la sostenibilidad y la gesti\u00f3n de la inmigraci\u00f3n con la meta de la multiculturalidad e incluso de la interculturalidad. \u201cEl muro m\u00e1s grande es el que construimos dentro de nosotros mismos para separarnos del otro\u201d, hab\u00eda dicho Romero durante su intervenci\u00f3n.<br><\/p>\n<p>Joan Romero es catedr\u00e1tico de Geograf\u00eda Humana y, hasta enero de 2008, director del Instituto Interuniversitario de Desarrollo Local en la Universidad de Valencia. Es profesor en esa Universidad en las titulaciones de Historia, Ciencias Pol\u00edticas y de la Administraci\u00f3n y de Geograf\u00eda. Ha sido tambi\u00e9n Visiting Scholar en la School of Geography en la Universidad de Leeds.<\/p>\n<p>Es especialista en urbanismo y buenas pr\u00e1cticas de gobierno, y durante los \u00faltimos diez a\u00f1os ha centrado su actividad docente e investigadora en el campo de la Geograf\u00eda Pol\u00edtica, Pol\u00edticas P\u00fablicas, Estructura del Estado y nuevas formas de Gobernanza territorial en Espa\u00f1a y en Europa. En el \u00e1mbito de la docencia ha dedicado especial atenci\u00f3n a la edici\u00f3n de textos universitarios como <em>Geograf\u00eda Humana. Procesos, riesgos e incertidumbres en un mundo globalizado<\/em> (2004, 2007 en su segunda edici\u00f3n) y <em>Las Otras Geograf\u00edas<\/em> (2006).<\/p>\n<p>Romero ha sido investigador principal y coordinador del Proyecto de Investigaci\u00f3n financiado por FEDER y el Ministerio de Educaci\u00f3n y Ciencia (2002-2005) <em>Estrategias de Cooperaci\u00f3n Territorial en Espa\u00f1a<\/em>, donde han participado cincuenta y cuatro investigadores procedentes de catorce universidades espa\u00f1olas. Ha sido miembro, adem\u00e1s, del equipo espa\u00f1ol responsable del proyecto ESPON y, entre 2006 y septiembre de 2007 fue miembro de la Comisi\u00f3n de expertos nombrada por el Ministerio de Administraciones P\u00fablicas para elaborar un Diagn\u00f3stico y propuestas de reforma de la Administraci\u00f3n General del Estado. Es miembro de la C\u00e1tedra Alfons Cuc\u00f3 de Pensamiento pol\u00edtico en la Universidad de Valencia.<\/p>\n<p>Entre sus publicaciones recientes destacan <em>Pol\u00edticas p\u00fablicas y Estado del Bienestar en Espa\u00f1a. Un debate inaplazable<\/em> (2007), <em>Globalizaci\u00f3n y nuevo (des)orden mundial<\/em> (con J. Nogu\u00e9, 2007), <em>Territorialidad y buen gobierno para el desarrollo sostenible<\/em> (con J. Farin\u00f3s, 2007), <em>Espa\u00f1a inacabada<\/em> (2006), <em>El fracaso de las experiencias de gobierno metropolitano en Espa\u00f1a<\/em> (con J. Sorribes, 2006), <em>Los l\u00edmites del territorio<\/em> (con M. Alberola, 2005), y <em>Geograf\u00eda Humana. Procesos, riesgos e incertidumbres en un mundo globalizado<\/em> (2004).<\/p><\/div><div class=\"wp-block-column is-layout-flow wp-block-column-is-layout-flow\" style=\"flex-basis:33.33%\"><div class=\"wp-block-group detail-panel detail-media wp-block-group-\"><div class=\"wp-block-group__inner-container is-layout-flow wp-block-group-is-layout-flow\"><p><a href=\"https:\/\/fcmanrique.org\/wp-content\/uploads\/thmb_47d149cathmb_joanromero03_241.jpg\"><\/a><\/p><\/div><\/div><\/div><\/div>","protected":false},"featured_media":14182,"parent":0,"template":"","meta":{"_acf_changed":false,"ngg_post_thumbnail":0,"footnotes":""},"actividad_tipo":[34],"actividad_lugar":[46],"actividad_departamento":[31],"actividad_ciclo":[74],"class_list":["post-14181","fcm_actividad","type-fcm_actividad","status-publish","has-post-thumbnail","hentry","actividad_tipo-conferencias","actividad_lugar-lugar-fcm","actividad_departamento-departamento-de-programas-culturales","actividad_ciclo-escuela-de-ciudadania"],"acf":[],"_links":{"self":[{"href":"https:\/\/ludiccc.ddns.net\/de\/wp-json\/wp\/v2\/fcm_actividad\/14181","targetHints":{"allow":["GET"]}}],"collection":[{"href":"https:\/\/ludiccc.ddns.net\/de\/wp-json\/wp\/v2\/fcm_actividad"}],"about":[{"href":"https:\/\/ludiccc.ddns.net\/de\/wp-json\/wp\/v2\/types\/fcm_actividad"}],"version-history":[{"count":1,"href":"https:\/\/ludiccc.ddns.net\/de\/wp-json\/wp\/v2\/fcm_actividad\/14181\/revisions"}],"predecessor-version":[{"id":27002,"href":"https:\/\/ludiccc.ddns.net\/de\/wp-json\/wp\/v2\/fcm_actividad\/14181\/revisions\/27002"}],"wp:featuredmedia":[{"embeddable":true,"href":"https:\/\/ludiccc.ddns.net\/de\/wp-json\/wp\/v2\/media\/14182"}],"wp:attachment":[{"href":"https:\/\/ludiccc.ddns.net\/de\/wp-json\/wp\/v2\/media?parent=14181"}],"wp:term":[{"taxonomy":"actividad_tipo","embeddable":true,"href":"https:\/\/ludiccc.ddns.net\/de\/wp-json\/wp\/v2\/actividad_tipo?post=14181"},{"taxonomy":"actividad_lugar","embeddable":true,"href":"https:\/\/ludiccc.ddns.net\/de\/wp-json\/wp\/v2\/actividad_lugar?post=14181"},{"taxonomy":"actividad_departamento","embeddable":true,"href":"https:\/\/ludiccc.ddns.net\/de\/wp-json\/wp\/v2\/actividad_departamento?post=14181"},{"taxonomy":"actividad_ciclo","embeddable":true,"href":"https:\/\/ludiccc.ddns.net\/de\/wp-json\/wp\/v2\/actividad_ciclo?post=14181"}],"curies":[{"name":"wp","href":"https:\/\/api.w.org\/{rel}","templated":true}]}}

Joan Romero. <em>Ciudadanía y conciencia global: los grandes retos del nuevo milenio</em>

<div class="wp-block-columns fcm-page-migration-columns is-layout-flex wp-container-core-columns-is-layout-9d6595d7 wp-block-columns-is-layout-flex"><div class="wp-block-column is-layout-flow wp-block-column-is-layout-flow" style="flex-basis:66.66%"><figure class="wp-block-image size-full"><img width="135" height="100" src="https://fcm.local/wp-content/uploads/thmb_47d14d02thmb_joanromero02_135.jpg" class="wp-image-14182" alt="Joan Romero. Ciudadanía y conciencia global: los grandes retos del nuevo milenio" loading="eager" decoding="async" /></figure>
<p>El catedrático de Geografía Humana de la Universidad de Valencia, Joan Romero, intervino el 6 de marzo de 2008 dentro del Foro de reflexión ‘Escuela de ciudadanía’ con la conferencia titulada ‘Ciudadanía y conciencia global: los grandes retos del nuevo milenio’. Ya advirtió al principio de su intervención, y lo cumplió, que tenía pocas certezas y muchas preguntas. Una de las primeras fue plantearse cómo llamamos o definimos a este nuevo contexto global, marcado, según él, por dos fechas:una que ya está en los libros de Historia, la caída del Muro de Berlín y otra que aún no lo está, la irrupción de Internet. “Desde que Netscape salió a Bolsa, el mundo es otro”.<br><br>A pesar de las dudas enumeró cuatro palabras que pueden explicar lo que pasa en el mundo: complejidad, incertidumbre, vulnerabilidad e inseguridad, a las que sumó poco después una quinta: velocidad. Cambia el orden mundial pero no cambia el principal problema de la Humanidad: la pobreza. 2.500 millones de personas viven hoy en chabolas. “Muchos no tienen status de ciudadanos y otros ni siquiera de personas”.</p>
<p>En la visión de futuro se sitúan los Objetivos del Milenio. “Algunos desenfocados”, según Romero porque hay problemas que no se abordan. Entre ellos, la transición demográfica. Romero destacó que las grandes migraciones se están produciendo dentro del Continente africano y no de África a Europa, “y aquí no lo sabemos”. La ayuda al desarrollo también está mal enfocada. “El mayor obstáculo para el desarrollo de los países que reciben esa ayuda es la corrupción y la inseguridad jurídica, da igual el dinero que mandemos”, dijo Romero, que también subrayó la necesidad de cambiar las reglas comerciales y cuestionar algunos comercios legales, como el de armas. España, sin ir más lejos, es el país que más armas cortas vende a África.</p>
<p><strong>La vuelta de Dickens</strong></p>
<p>Si eso ocurre en los países más pobres, en los del capitalismo pobre (Europa del Este y América Latina) existe un grave riesgo de “brasileñización”, es decir, de dualización de la población: unos muy ricos y otros muy pobres. Hay un déficit de ciudadanía y también hay una democracia de baja calidad con un horizonte de populismo.</p>
<p> ¿Y en el primer mundo? Pues ha emergido el cuarto mundo. La quinta parte de la población de los países ricos está completamente excluida. Es la población que vive, sobre todo, en la periferia de las grandes ciudades y lo hace por debajo del umbral de la pobreza a pesar de que tiene un trabajo. “Parece como si Dickens hubiera vuelto” dijo Romero. Hay esclavos en pleno siglo XXI. Y si hay espacios de exclusión, también hay espacios de excepción, como Guantánamo o Abu Graib. Entonces “¿de qué presumimos?”, se preguntó el conferenciante, “¿cuál es nuestra superioridad moral?”, “¿no presumíamos como europeos de valores?”. “Hasta ahora &#8211; como respuesta sus preguntas &#8211; sólo se nos da bien construir muros”.</p>
<p> En este contexto ni siquiera queda claro quiénes somos ciudadanos y quiénes no. Los Estados se ven desbordados por las grandes multinacionales. Hay hasta cincuenta empresas más fuertes económicamente que cien Estados, incluso de la Unión Europea. “Algo se nos escapa” porque frente al debilitamiento de los Estados, emergen nuevos movimientos nacionalistas a nivel planetario que acaban formando nuevos Estados. Y surge otra pregunta: “¿podremos mantener así el Estado de bienestar?, que es “el mayor logro conseguido por la Humanidad y sólo lo disfrutan Europa, Canadá y Australia”. ”El debate está abierto”.</p>
<p> Más preguntas: ¿Cómo conciliar los derechos de ciudadanía de los recién llegados con los derechos de los que ya estaban? Necesitamos veinte millones más de trabajadores extracomunitarios en la Unión Europa pero hemos fracasado en el logro de una sociedad multicultural. El resultado hasta ahora ha sido el de sociedades fragmentadas. De manera coloquial: “juntos pero no revueltos”. Esas dificultades de integración se dan principalmente “con una parte de los otros”, con los musulmanes. “Es un desafío formidable que tendremos que abordar en España en ocho o diez años”.</p>
<p> Frente a los aspectos en los que no se ha avanzado, Romero citó en los que sí se ha avanzado. Por ejemplo, en la lucha contra el cambio climático, en el que los europeos “estamos ganado la batalla cultural” para llegar a una “gestión prudente de los recursos”. También se ha ganado terreno en la forma de desarrollar políticas públicas o en la capacidad de nuevos actores para influir políticamente. A pesar de este avance, “Europa se mira el ombligo, mira mucho hacia atrás y poco hacia adelante”.</p>
<p><strong>Cómo mejorar la democracia</strong></p>
<p><br>En ese futuro surgen muchas amenazas que no sabemos cómo abordar. Los ciudadanos pierden confianza en los poderes públicos porque no les garantizan su puesto de trabajo y las empresas se pueden ir a otros países. Los Estados se debilitan pero “aún no hemos inventado nada mejor que el Estado” para poder garantizar otro Estado, el de bienestar. “El reto no es saber si mantenemos la democracia o no, sino cómo hacerla mejor”, aseguró Romero. Como propuesta plantea la construcción de organismos globales para abordar problemas globales. Al igual que la Organización Mundial de Comercio regula y sanciona a los Estados, se podría articular un organismo que regule el Trabajo y otro el que regule el Medio Ambiente.<br><br> Romero volvió al Estado de bienestar. Señaló que la mejor política social es una economía solvente y saneada y que si queremos sostener ese bienestar en el futuro hay que llegar en Europa a un plan consensuado de reformas. Hay que alcanzar consensos básicos que pasan por fortalecer una economía del conocimiento, por la productividad, la sostenibilidad y la gestión de la inmigración con la meta de la multiculturalidad e incluso de la interculturalidad. “El muro más grande es el que construimos dentro de nosotros mismos para separarnos del otro”, había dicho Romero durante su intervención.<br></p>
<p>Joan Romero es catedrático de Geografía Humana y, hasta enero de 2008, director del Instituto Interuniversitario de Desarrollo Local en la Universidad de Valencia. Es profesor en esa Universidad en las titulaciones de Historia, Ciencias Políticas y de la Administración y de Geografía. Ha sido también Visiting Scholar en la School of Geography en la Universidad de Leeds.</p>
<p>Es especialista en urbanismo y buenas prácticas de gobierno, y durante los últimos diez años ha centrado su actividad docente e investigadora en el campo de la Geografía Política, Políticas Públicas, Estructura del Estado y nuevas formas de Gobernanza territorial en España y en Europa. En el ámbito de la docencia ha dedicado especial atención a la edición de textos universitarios como <em>Geografía Humana. Procesos, riesgos e incertidumbres en un mundo globalizado</em> (2004, 2007 en su segunda edición) y <em>Las Otras Geografías</em> (2006).</p>
<p>Romero ha sido investigador principal y coordinador del Proyecto de Investigación financiado por FEDER y el Ministerio de Educación y Ciencia (2002-2005) <em>Estrategias de Cooperación Territorial en España</em>, donde han participado cincuenta y cuatro investigadores procedentes de catorce universidades españolas. Ha sido miembro, además, del equipo español responsable del proyecto ESPON y, entre 2006 y septiembre de 2007 fue miembro de la Comisión de expertos nombrada por el Ministerio de Administraciones Públicas para elaborar un Diagnóstico y propuestas de reforma de la Administración General del Estado. Es miembro de la Cátedra Alfons Cucó de Pensamiento político en la Universidad de Valencia.</p>
<p>Entre sus publicaciones recientes destacan <em>Políticas públicas y Estado del Bienestar en España. Un debate inaplazable</em> (2007), <em>Globalización y nuevo (des)orden mundial</em> (con J. Nogué, 2007), <em>Territorialidad y buen gobierno para el desarrollo sostenible</em> (con J. Farinós, 2007), <em>España inacabada</em> (2006), <em>El fracaso de las experiencias de gobierno metropolitano en España</em> (con J. Sorribes, 2006), <em>Los límites del territorio</em> (con M. Alberola, 2005), y <em>Geografía Humana. Procesos, riesgos e incertidumbres en un mundo globalizado</em> (2004).</p></div><div class="wp-block-column is-layout-flow wp-block-column-is-layout-flow" style="flex-basis:33.33%"><div class="wp-block-group detail-panel detail-media wp-block-group-"><div class="wp-block-group__inner-container is-layout-flow wp-block-group-is-layout-flow"><p><a href="https://fcmanrique.org/wp-content/uploads/thmb_47d149cathmb_joanromero03_241.jpg"></a></p></div></div></div></div>
