{"id":14141,"date":"2007-06-07T00:00:00","date_gmt":"2007-06-07T00:00:00","guid":{"rendered":"https:\/\/fcmanrique.org\/fcm-actividad\/carlos-taibo-los-movimientos-que-co\/"},"modified":"2026-04-23T23:19:19","modified_gmt":"2026-04-23T23:19:19","slug":"carlos-taibo-los-movimientos-que-co","status":"publish","type":"fcm_actividad","link":"https:\/\/ludiccc.ddns.net\/de\/fcm-actividad\/carlos-taibo-los-movimientos-que-co\/","title":{"rendered":"Carlos Taibo. <em>Los movimientos que contestan la globalizaci\u00f3n capitalista: retos y perspectivas<\/em>"},"content":{"rendered":"<div class=\"wp-block-columns fcm-page-migration-columns is-layout-flex wp-container-core-columns-is-layout-9d6595d7 wp-block-columns-is-layout-flex\"><div class=\"wp-block-column is-layout-flow wp-block-column-is-layout-flow\" style=\"flex-basis:66.66%\"><figure class=\"wp-block-image size-full\"><img width=\"135\" height=\"100\" src=\"https:\/\/fcm.local\/wp-content\/uploads\/thmb_469c8917thmb_carlostaibo01_135.jpg\" class=\"wp-image-14142\" alt=\"Carlos Taibo. Los movimientos que contestan la globalizaci\u00f3n capitalista: retos y perspectivas\" loading=\"eager\" decoding=\"async\" \/><\/figure>\n<p>El 7 de junio de 2007, Carlos Taibo pronunci\u00f3 la conferencia titulada <em>Los movimientos que contestan la globalizaci\u00f3n capitalista: retos y perspectivas<\/em>, dentro del espacio de reflexi\u00f3n <em>Fronteras y direcciones del progreso.<\/em><\/p>\n<p> \u201cLos movimientos antiglobalizaci\u00f3n son los primeros que reclaman derechos para otros, no para sus afiliados\u201d. Esos otros son el 80% de la poblaci\u00f3n mundial, que vive en la m\u00e1s absoluta pobreza y las generaciones venideras. Carlos Taibo, profesor de Ciencia Pol\u00edtica de la Universidad Aut\u00f3noma de Madrid, ensayista y articulista, dio un paso m\u00e1s en la Fundaci\u00f3n C\u00e9sar Manrique dentro del ciclo Fronteras y direcciones del progreso con su conferencia <em>Los movimientos que contestan la globalizaci\u00f3n capitalista: retos y perspectivas<\/em>. <\/p>\n<p>Dibuj\u00f3 seis retos pero uno por encima de todos: el cambio clim\u00e1tico. Un problema que, desde su punto de vista, va a obligar a reflexionar al sistema capitalista porque est\u00e1 en juego la especie humana y porque, sobre todo, no hay manera de disimularlo. Si hasta ahora el Norte, el 20% rico del Planeta, es insolidario con la miseria del otro 80%, a\u00fan a sabiendas, \u201cporque los problemas est\u00e1n lejos\u201d, el cambio clim\u00e1tico va a ser palpable. \u201cEl capitalismo no est\u00e1 en condiciones de hacer frente al cambio clim\u00e1tico\u201d, se\u00f1al\u00f3 Taibo. Por su propia naturaleza: porque privilegia los intereses individuales por encima del colectivo. Por eso, la llegada del cambio clim\u00e1tico \u201cva a provocar un cambio radical porque va a evidenciar que el capitalismo no funciona\u201d y va a poner en tela de juicio las bondades del crecimiento econ\u00f3mico. <\/p>\n<p>Taibo realiz\u00f3 una intervenci\u00f3n con tintes de esperanza frente a la globalizaci\u00f3n y sus efectos. Advirti\u00f3, como nota introductoria, de la necesidad de a\u00f1adir el adjetivo capitalista o neoliberal a la globalizaci\u00f3n para no olvidar que hay una l\u00ednea de continuidad entre el imperialismo y esta llamada globalizaci\u00f3n, que no es otra cosa, en resumen, que \u201cuna apuesta en provecho de la gesti\u00f3n de un para\u00edso fiscal a escala planetaria\u201d. \u201cLos capitales y s\u00f3lo ellos se mover\u00e1n sin cortapisas, sin control del poder pol\u00edtico y sin un cariz humano, social o medioambiental\u201d, se\u00f1al\u00f3.<br> <br> Comenz\u00f3 por las cr\u00edticas que se les puede hacer a los movimientos antiglobalizaci\u00f3n, entre ellas la de reclamar otra globalizaci\u00f3n. \u201cNo es saludable reivindicar otra globalizaci\u00f3n como no es saludable reivindicar otro imperialismo\u201d. Toda modalidad de globalizaci\u00f3n requiere de los mismos requisitos, entre ellos los de unas \u00e9lites directoras. Acus\u00f3 tambi\u00e9n a algunos de estos movimientos de edulcorar el mensaje para que los medios de comunicaci\u00f3n no les traten peor de lo que lo hacen y expuso el peligro de caer, como muchas organizaciones no gubernamentales, tanto en la dependencia del dinero p\u00fablico como en la necesidad de su propia supervivencia antes que en el cumplimiento de sus objetivos. <\/p>\n<p>Los nuevos movimientos antiglobalizaci\u00f3n nacen, seg\u00fan Taibo, para ocupar espacios que la izquierda tradicional o los sindicatos han dejado de ocupar, entre otros y uno de los m\u00e1s importantes, la lucha contra la precariedad laboral o directamente la explotaci\u00f3n del hombre por el hombre. <\/p>\n<p>Expuso, finalmente, seis retos. El primero: revisar el sistema de convocatoria de contracumbres, foros y manifestaciones. \u201cEl futuro no est\u00e1 en Nairobi (en referencia a la cumbre) sino en el d\u00eda a d\u00eda del trabajo en barrios y pueblos\u201d. Esos encuentros, aunque sean multitudinarios, apenas dejan huella despu\u00e9s en la vida cotidiana. El segundo: debe ser una prioridad engordar primero los movimientos y discutir despu\u00e9s cu\u00e1l es el referente pol\u00edtico en el que mirarse, bien la izquierda tradicional u otro tipo de organizaciones. El tercero: adem\u00e1s de proponer alternativas, cosa que s\u00ed se hace, seg\u00fan Taibo, deben olvidar \u201cviejas reyertas mal resueltas del pasado\u201d. El cuarto: la necesidad de encontrar medios de comunicaci\u00f3n propios, independientes de los medios de comunicaci\u00f3n del sistema. Y el \u00faltimo, incluyendo el cambio clim\u00e1tico: solucionar la violencia. Aqu\u00ed fue rotundo, en todo caso: \u201cLa violencia de los movimientos antiglobalizaci\u00f3n es mucho menor que la violencia cotidiana que ejercen los sistemas que padecemos\u201d. <\/p>\n<p>Como conclusi\u00f3n. \u201cAunque s\u00f3lo sea por supervivencia deber\u00edamos tomar cartas en el asunto porque el 80% de la poblaci\u00f3n mundial, desheredada, va a derribar nuestra puerta cargada de raz\u00f3n\u201d. Esa raz\u00f3n, traducida a cifras, dice que el 11 de septiembre de 2001 (y al d\u00eda siguiente y al otro\u2026) murieron en el Mundo, en \u00e9ste, 35.615 ni\u00f1os de inanici\u00f3n. No hubo ni un minuto de silencio, ni un acto de solidaridad, ni se activ\u00f3 el estado de alerta. \u201cMientras sigamos creyendo que el terrorismo es el principal problema del Planeta hay que preguntarse d\u00f3nde est\u00e1 el sentido com\u00fan\u201d.<\/p>\n<p>Carlos Taibo es profesor titular de Ciencia Pol\u00edtica en la Universidad Aut\u00f3noma de Madrid. Es autor de una veintena de monograf\u00edas. Las m\u00e1s recientes son \u201cCien preguntas sobre el nuevo desorden\u201d (Punto de lectura, Madrid, 2002), \u201cGuerra entre barbaries\u201d (Punto de lectura, Madrid, 2002), \u201c\u00bfHacia d\u00f3nde nos lleva Estados Unidos?\u201d (B, Barcelona, 2004), \u201cNo es lo que nos cuentan. Cr\u00edtica de la Uni\u00f3n Europea realmente existente\u201d (Ediciones B, Barcelona, 2004), \u201cMovimientos de resistencia frente a la globalizaci\u00f3n capitalista\u201d (Ediciones B, Madrid, 2005), \u201cRapi\u00f1a global\u201d (Punto de lectura, Madrid, 2006), \u201cRusia en la era de Putin\u201d (Catarata, Madrid, 2006) y \u201cSobre pol\u00edtica, mercado y convivencia\u201d (en colaboraci\u00f3n con el escritor Jos\u00e9 Luis Sampedro (Catarata, Madrid, 2006). Escribe sobre pol\u00edtica internacional en <em>El Pa\u00eds<\/em>, <em>La Vanguardia<\/em> y los diarios del grupo <em>El Correo<\/em>, y es comentarista habitual de la cadena <em>SER<\/em>. <\/p><\/div><div class=\"wp-block-column is-layout-flow wp-block-column-is-layout-flow\" style=\"flex-basis:33.33%\"><div class=\"wp-block-group detail-panel detail-media wp-block-group-\"><div class=\"wp-block-group__inner-container is-layout-flow wp-block-group-is-layout-flow\"><p><a href=\"https:\/\/fcmanrique.org\/wp-content\/uploads\/469c8a09Taibo_01_600.jpg\"><\/a><\/p><\/div><\/div><\/div><\/div>","protected":false},"featured_media":14142,"parent":0,"template":"","meta":{"_acf_changed":false,"ngg_post_thumbnail":0,"footnotes":""},"actividad_tipo":[34],"actividad_lugar":[46],"actividad_departamento":[29],"actividad_ciclo":[72],"class_list":["post-14141","fcm_actividad","type-fcm_actividad","status-publish","has-post-thumbnail","hentry","actividad_tipo-conferencias","actividad_lugar-lugar-fcm","actividad_departamento-departamento-de-territorio-y-medio-ambiente","actividad_ciclo-fronteras-y-direcciones-de-progreso"],"acf":[],"_links":{"self":[{"href":"https:\/\/ludiccc.ddns.net\/de\/wp-json\/wp\/v2\/fcm_actividad\/14141","targetHints":{"allow":["GET"]}}],"collection":[{"href":"https:\/\/ludiccc.ddns.net\/de\/wp-json\/wp\/v2\/fcm_actividad"}],"about":[{"href":"https:\/\/ludiccc.ddns.net\/de\/wp-json\/wp\/v2\/types\/fcm_actividad"}],"version-history":[{"count":1,"href":"https:\/\/ludiccc.ddns.net\/de\/wp-json\/wp\/v2\/fcm_actividad\/14141\/revisions"}],"predecessor-version":[{"id":26958,"href":"https:\/\/ludiccc.ddns.net\/de\/wp-json\/wp\/v2\/fcm_actividad\/14141\/revisions\/26958"}],"wp:featuredmedia":[{"embeddable":true,"href":"https:\/\/ludiccc.ddns.net\/de\/wp-json\/wp\/v2\/media\/14142"}],"wp:attachment":[{"href":"https:\/\/ludiccc.ddns.net\/de\/wp-json\/wp\/v2\/media?parent=14141"}],"wp:term":[{"taxonomy":"actividad_tipo","embeddable":true,"href":"https:\/\/ludiccc.ddns.net\/de\/wp-json\/wp\/v2\/actividad_tipo?post=14141"},{"taxonomy":"actividad_lugar","embeddable":true,"href":"https:\/\/ludiccc.ddns.net\/de\/wp-json\/wp\/v2\/actividad_lugar?post=14141"},{"taxonomy":"actividad_departamento","embeddable":true,"href":"https:\/\/ludiccc.ddns.net\/de\/wp-json\/wp\/v2\/actividad_departamento?post=14141"},{"taxonomy":"actividad_ciclo","embeddable":true,"href":"https:\/\/ludiccc.ddns.net\/de\/wp-json\/wp\/v2\/actividad_ciclo?post=14141"}],"curies":[{"name":"wp","href":"https:\/\/api.w.org\/{rel}","templated":true}]}}

Carlos Taibo. <em>Los movimientos que contestan la globalización capitalista: retos y perspectivas</em>

<div class="wp-block-columns fcm-page-migration-columns is-layout-flex wp-container-core-columns-is-layout-9d6595d7 wp-block-columns-is-layout-flex"><div class="wp-block-column is-layout-flow wp-block-column-is-layout-flow" style="flex-basis:66.66%"><figure class="wp-block-image size-full"><img width="135" height="100" src="https://fcm.local/wp-content/uploads/thmb_469c8917thmb_carlostaibo01_135.jpg" class="wp-image-14142" alt="Carlos Taibo. Los movimientos que contestan la globalización capitalista: retos y perspectivas" loading="eager" decoding="async" /></figure>
<p>El 7 de junio de 2007, Carlos Taibo pronunció la conferencia titulada <em>Los movimientos que contestan la globalización capitalista: retos y perspectivas</em>, dentro del espacio de reflexión <em>Fronteras y direcciones del progreso.</em></p>
<p> “Los movimientos antiglobalización son los primeros que reclaman derechos para otros, no para sus afiliados”. Esos otros son el 80% de la población mundial, que vive en la más absoluta pobreza y las generaciones venideras. Carlos Taibo, profesor de Ciencia Política de la Universidad Autónoma de Madrid, ensayista y articulista, dio un paso más en la Fundación César Manrique dentro del ciclo Fronteras y direcciones del progreso con su conferencia <em>Los movimientos que contestan la globalización capitalista: retos y perspectivas</em>. </p>
<p>Dibujó seis retos pero uno por encima de todos: el cambio climático. Un problema que, desde su punto de vista, va a obligar a reflexionar al sistema capitalista porque está en juego la especie humana y porque, sobre todo, no hay manera de disimularlo. Si hasta ahora el Norte, el 20% rico del Planeta, es insolidario con la miseria del otro 80%, aún a sabiendas, “porque los problemas están lejos”, el cambio climático va a ser palpable. “El capitalismo no está en condiciones de hacer frente al cambio climático”, señaló Taibo. Por su propia naturaleza: porque privilegia los intereses individuales por encima del colectivo. Por eso, la llegada del cambio climático “va a provocar un cambio radical porque va a evidenciar que el capitalismo no funciona” y va a poner en tela de juicio las bondades del crecimiento económico. </p>
<p>Taibo realizó una intervención con tintes de esperanza frente a la globalización y sus efectos. Advirtió, como nota introductoria, de la necesidad de añadir el adjetivo capitalista o neoliberal a la globalización para no olvidar que hay una línea de continuidad entre el imperialismo y esta llamada globalización, que no es otra cosa, en resumen, que “una apuesta en provecho de la gestión de un paraíso fiscal a escala planetaria”. “Los capitales y sólo ellos se moverán sin cortapisas, sin control del poder político y sin un cariz humano, social o medioambiental”, señaló.<br> <br> Comenzó por las críticas que se les puede hacer a los movimientos antiglobalización, entre ellas la de reclamar otra globalización. “No es saludable reivindicar otra globalización como no es saludable reivindicar otro imperialismo”. Toda modalidad de globalización requiere de los mismos requisitos, entre ellos los de unas élites directoras. Acusó también a algunos de estos movimientos de edulcorar el mensaje para que los medios de comunicación no les traten peor de lo que lo hacen y expuso el peligro de caer, como muchas organizaciones no gubernamentales, tanto en la dependencia del dinero público como en la necesidad de su propia supervivencia antes que en el cumplimiento de sus objetivos. </p>
<p>Los nuevos movimientos antiglobalización nacen, según Taibo, para ocupar espacios que la izquierda tradicional o los sindicatos han dejado de ocupar, entre otros y uno de los más importantes, la lucha contra la precariedad laboral o directamente la explotación del hombre por el hombre. </p>
<p>Expuso, finalmente, seis retos. El primero: revisar el sistema de convocatoria de contracumbres, foros y manifestaciones. “El futuro no está en Nairobi (en referencia a la cumbre) sino en el día a día del trabajo en barrios y pueblos”. Esos encuentros, aunque sean multitudinarios, apenas dejan huella después en la vida cotidiana. El segundo: debe ser una prioridad engordar primero los movimientos y discutir después cuál es el referente político en el que mirarse, bien la izquierda tradicional u otro tipo de organizaciones. El tercero: además de proponer alternativas, cosa que sí se hace, según Taibo, deben olvidar “viejas reyertas mal resueltas del pasado”. El cuarto: la necesidad de encontrar medios de comunicación propios, independientes de los medios de comunicación del sistema. Y el último, incluyendo el cambio climático: solucionar la violencia. Aquí fue rotundo, en todo caso: “La violencia de los movimientos antiglobalización es mucho menor que la violencia cotidiana que ejercen los sistemas que padecemos”. </p>
<p>Como conclusión. “Aunque sólo sea por supervivencia deberíamos tomar cartas en el asunto porque el 80% de la población mundial, desheredada, va a derribar nuestra puerta cargada de razón”. Esa razón, traducida a cifras, dice que el 11 de septiembre de 2001 (y al día siguiente y al otro…) murieron en el Mundo, en éste, 35.615 niños de inanición. No hubo ni un minuto de silencio, ni un acto de solidaridad, ni se activó el estado de alerta. “Mientras sigamos creyendo que el terrorismo es el principal problema del Planeta hay que preguntarse dónde está el sentido común”.</p>
<p>Carlos Taibo es profesor titular de Ciencia Política en la Universidad Autónoma de Madrid. Es autor de una veintena de monografías. Las más recientes son “Cien preguntas sobre el nuevo desorden” (Punto de lectura, Madrid, 2002), “Guerra entre barbaries” (Punto de lectura, Madrid, 2002), “¿Hacia dónde nos lleva Estados Unidos?” (B, Barcelona, 2004), “No es lo que nos cuentan. Crítica de la Unión Europea realmente existente” (Ediciones B, Barcelona, 2004), “Movimientos de resistencia frente a la globalización capitalista” (Ediciones B, Madrid, 2005), “Rapiña global” (Punto de lectura, Madrid, 2006), “Rusia en la era de Putin” (Catarata, Madrid, 2006) y “Sobre política, mercado y convivencia” (en colaboración con el escritor José Luis Sampedro (Catarata, Madrid, 2006). Escribe sobre política internacional en <em>El País</em>, <em>La Vanguardia</em> y los diarios del grupo <em>El Correo</em>, y es comentarista habitual de la cadena <em>SER</em>. </p></div><div class="wp-block-column is-layout-flow wp-block-column-is-layout-flow" style="flex-basis:33.33%"><div class="wp-block-group detail-panel detail-media wp-block-group-"><div class="wp-block-group__inner-container is-layout-flow wp-block-group-is-layout-flow"><p><a href="https://fcmanrique.org/wp-content/uploads/469c8a09Taibo_01_600.jpg"></a></p></div></div></div></div>
