{"id":14084,"date":"2006-11-23T00:00:00","date_gmt":"2006-11-23T00:00:00","guid":{"rendered":"https:\/\/fcmanrique.org\/fcm-actividad\/inmigracion-encuentros-y-desencuent\/"},"modified":"2026-04-23T23:19:20","modified_gmt":"2026-04-23T23:19:20","slug":"inmigracion-encuentros-y-desencuent","status":"publish","type":"fcm_actividad","link":"https:\/\/ludiccc.ddns.net\/de\/fcm-actividad\/inmigracion-encuentros-y-desencuent\/","title":{"rendered":"Inmigraci\u00f3n: encuentros y desencuentros"},"content":{"rendered":"<div class=\"wp-block-columns fcm-page-migration-columns is-layout-flex wp-container-core-columns-is-layout-9d6595d7 wp-block-columns-is-layout-flex\"><div class=\"wp-block-column is-layout-flow wp-block-column-is-layout-flow\" style=\"flex-basis:66.66%\"><figure class=\"wp-block-image size-full\"><img width=\"135\" height=\"100\" src=\"https:\/\/fcm.local\/wp-content\/uploads\/thmb_thmb_mesainmigrac_135.jpg\" class=\"wp-image-14085\" alt=\"Inmigraci\u00f3n: encuentros y desencuentros\" loading=\"eager\" decoding=\"async\" \/><\/figure>\n<p>El 23 de noviembre de 2006, tuvo lugar la mesa redonda <em>Inmigraci\u00f3n: encuentros y desencuentros<\/em>, en la que participaron Nicol\u00e1s Castellano, Juan Jos\u00e9 Dom\u00ednguez, Juan Medina y Juan Manuel Pardellas. El encuentro fue moderado por el periodista Jos\u00e9 Antonio Cabrera.<\/p>\n<p>Nicol\u00e1s Castellano<strong> <\/strong>es Licenciado en Periodismo por la Facultad de Ciencias de la Informaci\u00f3n de la Universidad Complutense de Madrid. Comenz\u00f3 su carrera profesional en el diario <em>Canarias 7<\/em>, luego colabor\u00f3 con el peri\u00f3dico digital <em>La Estrella Digital<\/em> durante m\u00e1s de dos a\u00f1os. Fue redactor del programa <em>La Noche M\u00e1gica<\/em> de la Televisi\u00f3n auton\u00f3mica de Canarias, hasta que en julio de 2000 entra en la redacci\u00f3n de la <em>Cadena Ser<\/em> donde realiza labores de redacci\u00f3n y edici\u00f3n de informativos y de programas especiales. <\/p>\n<p>Durante los \u00faltimos seis a\u00f1os, Castellano se ha especializado en el fen\u00f3meno de la inmigraci\u00f3n, realizando reportajes de diversa \u00edndole en Gran Canaria, Lanzarote y sobre todo Fuerteventura. Tambi\u00e9n en las costas de la salida de las barquillas desde el S\u00e1hara Occidental, Mauritania, Argelia y Senegal hacia el archipi\u00e9lago canario. En 2006 ha sido enviado especial de la Cadena Ser a Nuadib\u00fa, Nuakchot, Sant Luis, Dakar y Casamance para los informativos nacionales y para la realizaci\u00f3n de varios programas especiales como el <em>Hoy por Hoy<\/em> de Carlos Francino desde la bah\u00eda de Dakar. Desde el mes de septiembre de 2005 es el Jefe de Informativos de la <em>Cadena Ser<\/em> en Las Palmas.<\/p>\n<p>Juan Jos\u00e9 Dom\u00ednguez Navarro es Titulado como Director de Actividades de Ocio y Tiempo Libre por las Comunidades Aut\u00f3nomas de Castilla la Mancha y Castilla y Le\u00f3n. Ha ocupado el cargo de Director Comercial de empresas del ramo Sociosanitario desde <st1:metricconverter>1998 a<\/st1:metricconverter> finales de 2004, siendo el responsable de la coordinaci\u00f3n con los Organismos P\u00fablicos, a trav\u00e9s de las correspondientes \u00c1reas de servicios sociales, de la concertaci\u00f3n y seguimiento de los centros.<strong><\/strong><\/p>\n<p>En la actualidad, Dom\u00ednguez es el presidente de la Asociaci\u00f3n Mundo Nuevo, especializada en la gesti\u00f3n de centros, pisos y residencias de acogida a menores, incluyendo menores inmigrantes, que cuenta con varios centros en Canarias.<strong><\/strong><\/p>\n<p>Juan Medina<strong> <\/strong>es fot\u00f3grafo de la agencia Reuters con base en la isla de Fuerteventura. En los \u00faltimos a\u00f1os ha trabajado con especial inter\u00e9s sobre los movimientos migratorios, tanto en la llegada de personas a las islas as\u00ed como tambi\u00e9n en Argelia, Sahara, Mauritania, Senegal y Mal\u00ed.<\/p>\n<p>Su trabajo ha sido publicado en numerosos medios de comunicaci\u00f3n, como <em>The Observer, La Vanguardia Magazine, El Pa\u00eds Semanal, Der Spiegel, Stern, <\/em>o<em> Focus<\/em>, entre otros. Particip\u00f3 y expuso en la Bienal de Fotograf\u00eda de Tenerife, en los Encuentros Internacionales de Fotoperiodismo de Gij\u00f3n, Oleiros, Vitoria y Visa pour l\u2019image de Perpignan, como tambi\u00e9n en Mil\u00e1n, Par\u00eds y Madrid. <\/p>\n<p>Medina ha sido galardonado con diversos premios, entre los que caben citar el 3\u00ba premio World Press Photo en noticias de actualidad 2005, el 1\u00ba Premio FotoPr\u00e9s 2005, y el Premio Care International 2005 en el festival de fotoperiodismo Visa pour l\u2019Image (Perpignan, Francia).<\/p>\n<p>Juan Manuel Pardellas<strong> <\/strong>tiene una amplia experiencia radiof\u00f3nica, con programas en RNE, Radio Club Tenerife, Radio Cadena Espa\u00f1ola, Antena 3 Radio y Radio Isla. Form\u00f3 parte del equipo fundacional del peri\u00f3dico <em>La Gaceta de Canarias <\/em>y tambi\u00e9n trabaj\u00f3 en la agencia de noticias <em>Ideapress<\/em>. Durante seis a\u00f1os, fue director de comunicaci\u00f3n de la Vicepresidencia del Gobierno de Canarias y de la Consejer\u00eda de Turismo y Transportes.<\/p>\n<p>En la actualidad, es corresponsal para Canarias del diario <em>El Pa\u00eds <\/em>y Delegado para la provincia de Santa Cruz de Tenerife del peri\u00f3dico <em>Canarias 7<\/em>. Gracias a los reportajes recogidos en el libro <em>H\u00e9roes de \u00e9bano<\/em>, Juan Manuel Pardellas fue invitado a pronunciar la conferencia <em>Los nombres propios de la inmigraci\u00f3n <\/em>en el Congreso Mundial de Migraciones Humanas e Inmigraci\u00f3n del F\u00f3rum de Barcelona.<\/p>\n<p>Jos\u00e9 Antonio Cabrera es Licenciado en Ciencias de la Informaci\u00f3n por la Universidad Complutense de Madrid. A lo largo de su trayectoria profesional ha sido redactor y director de diversos medios de comunicaci\u00f3n en Lanzarote, y en la actualidad es Director de Comunicaci\u00f3n de la Consejer\u00eda de Educaci\u00f3n, Cultura y Deportes del Gobierno de Canarias.<\/p>\n<p>La mesa redonda convoc\u00f3 a diversos profesionales, vinculados estrechamente al debate sobre la inmigraci\u00f3n, que han manifestado una especial sensibilidad humanitaria hacia este problema, y son buenos conocedores tanto de la pr\u00e1ctica de la inmigraci\u00f3n como de los conflictos que genera y la generan.<\/p>\n<p>La mesa redonda pretendi\u00f3 arrojar una mirada compleja sobre la inmigraci\u00f3n, m\u00e1s all\u00e1 de los habituales enfoques relacionados con el control de las fronteras. Profundiz\u00f3 en las causas y en las posibilidades de una gesti\u00f3n integral de los flujos migratorios, eludiendo contribuir a  crear alarma social con planteamientos tremendistas y llamadas al miedo. <\/p>\n<p>En este sentido, m\u00e1s all\u00e1 de la instrumentalizaci\u00f3n pol\u00edtica que est\u00e1 sufriendo este fen\u00f3meno, se reflexion\u00f3 sobre el drama que sufren los propios inmigrantes, verdaderas v\u00edctimas de estos procesos, tanto durante el trayecto hacia el norte como, una vez all\u00ed, a la hora de integrarse en el mercado laboral, engrosando en muchos casos las cifras de la econom\u00eda sumergida.<\/p><\/div><div class=\"wp-block-column is-layout-flow wp-block-column-is-layout-flow\" style=\"flex-basis:33.33%\"><div class=\"wp-block-group detail-panel detail-media wp-block-group-\"><div class=\"wp-block-group__inner-container is-layout-flow wp-block-group-is-layout-flow\"><p><a href=\"https:\/\/fcmanrique.org\/wp-content\/uploads\/thmb_mesainmigrac_640.jpg\"><\/a><\/p><\/div><\/div><\/div><\/div>","protected":false},"featured_media":14085,"parent":0,"template":"","meta":{"_acf_changed":false,"ngg_post_thumbnail":0,"footnotes":""},"actividad_tipo":[37],"actividad_lugar":[46],"actividad_departamento":[31],"actividad_ciclo":[],"class_list":["post-14084","fcm_actividad","type-fcm_actividad","status-publish","has-post-thumbnail","hentry","actividad_tipo-otras-actividades","actividad_lugar-lugar-fcm","actividad_departamento-departamento-de-programas-culturales"],"acf":[],"_links":{"self":[{"href":"https:\/\/ludiccc.ddns.net\/de\/wp-json\/wp\/v2\/fcm_actividad\/14084","targetHints":{"allow":["GET"]}}],"collection":[{"href":"https:\/\/ludiccc.ddns.net\/de\/wp-json\/wp\/v2\/fcm_actividad"}],"about":[{"href":"https:\/\/ludiccc.ddns.net\/de\/wp-json\/wp\/v2\/types\/fcm_actividad"}],"version-history":[{"count":1,"href":"https:\/\/ludiccc.ddns.net\/de\/wp-json\/wp\/v2\/fcm_actividad\/14084\/revisions"}],"predecessor-version":[{"id":26996,"href":"https:\/\/ludiccc.ddns.net\/de\/wp-json\/wp\/v2\/fcm_actividad\/14084\/revisions\/26996"}],"wp:featuredmedia":[{"embeddable":true,"href":"https:\/\/ludiccc.ddns.net\/de\/wp-json\/wp\/v2\/media\/14085"}],"wp:attachment":[{"href":"https:\/\/ludiccc.ddns.net\/de\/wp-json\/wp\/v2\/media?parent=14084"}],"wp:term":[{"taxonomy":"actividad_tipo","embeddable":true,"href":"https:\/\/ludiccc.ddns.net\/de\/wp-json\/wp\/v2\/actividad_tipo?post=14084"},{"taxonomy":"actividad_lugar","embeddable":true,"href":"https:\/\/ludiccc.ddns.net\/de\/wp-json\/wp\/v2\/actividad_lugar?post=14084"},{"taxonomy":"actividad_departamento","embeddable":true,"href":"https:\/\/ludiccc.ddns.net\/de\/wp-json\/wp\/v2\/actividad_departamento?post=14084"},{"taxonomy":"actividad_ciclo","embeddable":true,"href":"https:\/\/ludiccc.ddns.net\/de\/wp-json\/wp\/v2\/actividad_ciclo?post=14084"}],"curies":[{"name":"wp","href":"https:\/\/api.w.org\/{rel}","templated":true}]}}

Inmigración: encuentros y desencuentros

<div class="wp-block-columns fcm-page-migration-columns is-layout-flex wp-container-core-columns-is-layout-9d6595d7 wp-block-columns-is-layout-flex"><div class="wp-block-column is-layout-flow wp-block-column-is-layout-flow" style="flex-basis:66.66%"><figure class="wp-block-image size-full"><img width="135" height="100" src="https://fcm.local/wp-content/uploads/thmb_thmb_mesainmigrac_135.jpg" class="wp-image-14085" alt="Inmigración: encuentros y desencuentros" loading="eager" decoding="async" /></figure>
<p>El 23 de noviembre de 2006, tuvo lugar la mesa redonda <em>Inmigración: encuentros y desencuentros</em>, en la que participaron Nicolás Castellano, Juan José Domínguez, Juan Medina y Juan Manuel Pardellas. El encuentro fue moderado por el periodista José Antonio Cabrera.</p>
<p>Nicolás Castellano<strong> </strong>es Licenciado en Periodismo por la Facultad de Ciencias de la Información de la Universidad Complutense de Madrid. Comenzó su carrera profesional en el diario <em>Canarias 7</em>, luego colaboró con el periódico digital <em>La Estrella Digital</em> durante más de dos años. Fue redactor del programa <em>La Noche Mágica</em> de la Televisión autonómica de Canarias, hasta que en julio de 2000 entra en la redacción de la <em>Cadena Ser</em> donde realiza labores de redacción y edición de informativos y de programas especiales. </p>
<p>Durante los últimos seis años, Castellano se ha especializado en el fenómeno de la inmigración, realizando reportajes de diversa índole en Gran Canaria, Lanzarote y sobre todo Fuerteventura. También en las costas de la salida de las barquillas desde el Sáhara Occidental, Mauritania, Argelia y Senegal hacia el archipiélago canario. En 2006 ha sido enviado especial de la Cadena Ser a Nuadibú, Nuakchot, Sant Luis, Dakar y Casamance para los informativos nacionales y para la realización de varios programas especiales como el <em>Hoy por Hoy</em> de Carlos Francino desde la bahía de Dakar. Desde el mes de septiembre de 2005 es el Jefe de Informativos de la <em>Cadena Ser</em> en Las Palmas.</p>
<p>Juan José Domínguez Navarro es Titulado como Director de Actividades de Ocio y Tiempo Libre por las Comunidades Autónomas de Castilla la Mancha y Castilla y León. Ha ocupado el cargo de Director Comercial de empresas del ramo Sociosanitario desde <st1:metricconverter>1998 a</st1:metricconverter> finales de 2004, siendo el responsable de la coordinación con los Organismos Públicos, a través de las correspondientes Áreas de servicios sociales, de la concertación y seguimiento de los centros.<strong></strong></p>
<p>En la actualidad, Domínguez es el presidente de la Asociación Mundo Nuevo, especializada en la gestión de centros, pisos y residencias de acogida a menores, incluyendo menores inmigrantes, que cuenta con varios centros en Canarias.<strong></strong></p>
<p>Juan Medina<strong> </strong>es fotógrafo de la agencia Reuters con base en la isla de Fuerteventura. En los últimos años ha trabajado con especial interés sobre los movimientos migratorios, tanto en la llegada de personas a las islas así como también en Argelia, Sahara, Mauritania, Senegal y Malí.</p>
<p>Su trabajo ha sido publicado en numerosos medios de comunicación, como <em>The Observer, La Vanguardia Magazine, El País Semanal, Der Spiegel, Stern, </em>o<em> Focus</em>, entre otros. Participó y expuso en la Bienal de Fotografía de Tenerife, en los Encuentros Internacionales de Fotoperiodismo de Gijón, Oleiros, Vitoria y Visa pour l’image de Perpignan, como también en Milán, París y Madrid. </p>
<p>Medina ha sido galardonado con diversos premios, entre los que caben citar el 3º premio World Press Photo en noticias de actualidad 2005, el 1º Premio FotoPrés 2005, y el Premio Care International 2005 en el festival de fotoperiodismo Visa pour l’Image (Perpignan, Francia).</p>
<p>Juan Manuel Pardellas<strong> </strong>tiene una amplia experiencia radiofónica, con programas en RNE, Radio Club Tenerife, Radio Cadena Española, Antena 3 Radio y Radio Isla. Formó parte del equipo fundacional del periódico <em>La Gaceta de Canarias </em>y también trabajó en la agencia de noticias <em>Ideapress</em>. Durante seis años, fue director de comunicación de la Vicepresidencia del Gobierno de Canarias y de la Consejería de Turismo y Transportes.</p>
<p>En la actualidad, es corresponsal para Canarias del diario <em>El País </em>y Delegado para la provincia de Santa Cruz de Tenerife del periódico <em>Canarias 7</em>. Gracias a los reportajes recogidos en el libro <em>Héroes de ébano</em>, Juan Manuel Pardellas fue invitado a pronunciar la conferencia <em>Los nombres propios de la inmigración </em>en el Congreso Mundial de Migraciones Humanas e Inmigración del Fórum de Barcelona.</p>
<p>José Antonio Cabrera es Licenciado en Ciencias de la Información por la Universidad Complutense de Madrid. A lo largo de su trayectoria profesional ha sido redactor y director de diversos medios de comunicación en Lanzarote, y en la actualidad es Director de Comunicación de la Consejería de Educación, Cultura y Deportes del Gobierno de Canarias.</p>
<p>La mesa redonda convocó a diversos profesionales, vinculados estrechamente al debate sobre la inmigración, que han manifestado una especial sensibilidad humanitaria hacia este problema, y son buenos conocedores tanto de la práctica de la inmigración como de los conflictos que genera y la generan.</p>
<p>La mesa redonda pretendió arrojar una mirada compleja sobre la inmigración, más allá de los habituales enfoques relacionados con el control de las fronteras. Profundizó en las causas y en las posibilidades de una gestión integral de los flujos migratorios, eludiendo contribuir a  crear alarma social con planteamientos tremendistas y llamadas al miedo. </p>
<p>En este sentido, más allá de la instrumentalización política que está sufriendo este fenómeno, se reflexionó sobre el drama que sufren los propios inmigrantes, verdaderas víctimas de estos procesos, tanto durante el trayecto hacia el norte como, una vez allí, a la hora de integrarse en el mercado laboral, engrosando en muchos casos las cifras de la economía sumergida.</p></div><div class="wp-block-column is-layout-flow wp-block-column-is-layout-flow" style="flex-basis:33.33%"><div class="wp-block-group detail-panel detail-media wp-block-group-"><div class="wp-block-group__inner-container is-layout-flow wp-block-group-is-layout-flow"><p><a href="https://fcmanrique.org/wp-content/uploads/thmb_mesainmigrac_640.jpg"></a></p></div></div></div></div>
