{"id":14025,"date":"2006-09-06T00:00:00","date_gmt":"2006-09-06T00:00:00","guid":{"rendered":"https:\/\/fcmanrique.org\/fcm-actividad\/islas-y-cultura-del-territorio\/"},"modified":"2026-04-23T23:19:19","modified_gmt":"2026-04-23T23:19:19","slug":"islas-y-cultura-del-territorio","status":"publish","type":"fcm_actividad","link":"https:\/\/ludiccc.ddns.net\/de\/fcm-actividad\/islas-y-cultura-del-territorio\/","title":{"rendered":"Curso \u00abIslas y cultura del territorio\u00bb"},"content":{"rendered":"<div class=\"wp-block-columns fcm-page-migration-columns is-layout-flex wp-container-core-columns-is-layout-9d6595d7 wp-block-columns-is-layout-flex\"><div class=\"wp-block-column is-layout-flow wp-block-column-is-layout-flow\" style=\"flex-basis:66.66%\"><figure class=\"wp-block-image size-full\"><img fetchpriority=\"high\" width=\"400\" height=\"340\" src=\"https:\/\/fcm.local\/wp-content\/uploads\/fc-manrique-curso-islas-y-cultura-del-territorio.jpg\" class=\"wp-image-24749\" alt=\"Curso \u00abIslas y cultura del territorio\u00bb\" loading=\"eager\" decoding=\"async\" srcset=\"https:\/\/fcm.local\/wp-content\/uploads\/fc-manrique-curso-islas-y-cultura-del-territorio.jpg 400w, https:\/\/fcm.local\/wp-content\/uploads\/fc-manrique-curso-islas-y-cultura-del-territorio-300x255.jpg 300w, https:\/\/fcm.local\/wp-content\/uploads\/fc-manrique-curso-islas-y-cultura-del-territorio-289x246.jpg 289w\" sizes=\"(max-width: 400px) 100vw, 400px\" \/><\/figure>\n<p>Este curso se celebr\u00f3 los d\u00edas 6, 7 y 8 de septiembre, en la sede de la Fundaci\u00f3n C\u00e9sar Manrique (FCM), y fue dirigido por <strong>Fernando Parra<\/strong>, ec\u00f3logo y t\u00e9cnico en planificaci\u00f3n ambiental. <\/p>\n<p>Con el concurso de diversas disciplinas, que a menudo se presentan insuficientemente conectadas entre s\u00ed, como la geograf\u00eda, la ecolog\u00eda, el urbanismo o la antropolog\u00eda, y con una voluntad m\u00e1s transversal, cuando no hostil a las fronteras acad\u00e9micas, se pretende abordar el tema de una nueva cultura del territorio, con especial aplicaci\u00f3n para las islas y los sistemas insularizados.<\/p>\n<p>Este planeta, el \u00fanico del que disponemos, puede ser cabalmente entendido en su funcionamiento actual global f\u00edsico-ecol\u00f3gico sin osos pardos o ballenas azules, sin sequoyas o hayas, pero no sin bacterias \u2014los organismos m\u00e1s exitosos que nunca hayan existido, hasta el punto de ser capaces de ingresar en el sistema la energ\u00eda electromagn\u00e9tica, de procesarla, consumirla y cerrar los ciclos de materiales implicados\u2014 ni sin el hombre, el animal m\u00e1s capacitado para transformar radicalmente el espacio.<\/p>\n<p>Los paisajes de las islas est\u00e1n frecuentemente incluidos en Espacios Naturales Protegidos; pero esos paisajes que protegemos o pretendemos proteger son resultado de determinadas condiciones litol\u00f3gicas, clim\u00e1ticas, edafol\u00f3gicas, biogeogr\u00e1ficas y, sobre todo, de la secular interacci\u00f3n del hombre con dicho entorno. Dig\u00e1moslo una vez m\u00e1s: los paisajes \u201cnaturales\u201d de las islas, incluidos los de la alta monta\u00f1a volc\u00e1nica tienen un componente antropog\u00e9nico. La conclusi\u00f3n primera es obvia: si pretendemos mantener esos paisajes justo como los encontramos y por lo que los apreciamos, debemos preservar igualmente sus condiciones de mantenimiento, su fisiolog\u00eda y no s\u00f3lo su anatom\u00eda, esto es, los usos tradicionales; en caso contrario, esos \u00e1mbitos \u201cevolucionar\u00e1n\u201d en sentidos insospechados, pero siempre distintos de los actuales.<\/p>\n<p>De la misma manera, tambi\u00e9n se reflexionar\u00e1 en este curso sobre los cascos hist\u00f3ricos, los cuales se preservan no creando parques tem\u00e1ticos transitados por mir\u00edadas de turistas y desprovistos de su anterior vida, sino protegiendo y fomentando las actividades urbanas que les dieron origen. <\/p>\n<p>En el curso, <strong>Fernando Parra<\/strong> abord\u00f3 <em>La cultura del territorio y la insularidad como descriptor de la fragilidad<\/em>; <strong>\u00c1ngel Mart\u00edn Vicente<\/strong>, profesor titular de Ecolog\u00eda de la Universidad de Sevilla, habl\u00f3 sobre <em>Los \u00e1mbitos insulares: paisaje, ecolog\u00eda y evoluci\u00f3n<\/em>; <strong>Luis Cruz Pizarro<\/strong>, profesor titular de Ecolog\u00eda de la Universidad de Granada, particip\u00f3 con la ponencia <em>Lagos de alta monta\u00f1a: sistemas insularizados de detecci\u00f3n r\u00e1pida de cambios globales<\/em>; <strong>F\u00e9lix de Az\u00faa<\/strong>, catedr\u00e1tico de Est\u00e9tica de la E.T.S. de Arquitectura de la Universidad de Barcelona, trat\u00f3 <em>La conservaci\u00f3n de los cascos hist\u00f3ricos: \u00bfislas propaganda?<\/em>; <strong>Fernando Roch,<\/strong> catedr\u00e1tico de Urbanismo de la E.T.S. de Arquitectura de la Universidad Polit\u00e9cnica de Madrid, abord\u00f3 <em>Los centros hist\u00f3ricos como islas urbanas<\/em>; <strong>Roc\u00edo Fern\u00e1ndez Ales<\/strong>, profesora titular de Ecolog\u00eda de la Universidad de Sevilla, disert\u00f3 sobre <em>Atracci\u00f3n y fragilidad insulares; turismo <\/em>versus<em> ecolog\u00eda; <\/em>y <strong>Antonio P\u00e9rez,<\/strong> antrop\u00f3logo, intervino con la charla <em>\u00bfEs la insularidad una instituci\u00f3n? Una aproximaci\u00f3n antropol\u00f3gica<\/em>. <\/p><\/div><div class=\"wp-block-column is-layout-flow wp-block-column-is-layout-flow\" style=\"flex-basis:33.33%\"><div class=\"wp-block-group detail-panel detail-media wp-block-group-\"><div class=\"wp-block-group__inner-container is-layout-flow wp-block-group-is-layout-flow\"><p><a href=\"https:\/\/fcmanrique.org\/wp-content\/uploads\/thmb_islasycultura1_640.jpg\"><\/a><\/p><\/div><\/div>\n<div class=\"wp-block-group detail-panel detail-media wp-block-group-\"><div class=\"wp-block-group__inner-container is-layout-flow wp-block-group-is-layout-flow\"><ul class=\"wp-block-list\"><li><a href=\"\/recursos\/actividad\/ponencia%20FParra.pdf\" class=\"fcm-pdf-download-link\">Ponencia de Fernando Parra<\/a><\/li><li><a href=\"\/recursos\/actividad\/ponencia%20APerez.pdf\" class=\"fcm-pdf-download-link\">Ponencia de Antonio P\u00e9rez<\/a><\/li><li><a href=\"\/recursos\/actividad\/dipticoislasycultura.pdf\" class=\"fcm-pdf-download-link\">D\u00edptico del curso<\/a><\/li><\/ul><\/div><\/div><\/div><\/div>","protected":false},"featured_media":24749,"parent":0,"template":"","meta":{"_acf_changed":false,"ngg_post_thumbnail":0,"footnotes":""},"actividad_tipo":[35],"actividad_lugar":[46],"actividad_departamento":[29],"actividad_ciclo":[],"class_list":["post-14025","fcm_actividad","type-fcm_actividad","status-publish","has-post-thumbnail","hentry","actividad_tipo-cursos-y-talleres","actividad_lugar-lugar-fcm","actividad_departamento-departamento-de-territorio-y-medio-ambiente"],"acf":[],"_links":{"self":[{"href":"https:\/\/ludiccc.ddns.net\/de\/wp-json\/wp\/v2\/fcm_actividad\/14025","targetHints":{"allow":["GET"]}}],"collection":[{"href":"https:\/\/ludiccc.ddns.net\/de\/wp-json\/wp\/v2\/fcm_actividad"}],"about":[{"href":"https:\/\/ludiccc.ddns.net\/de\/wp-json\/wp\/v2\/types\/fcm_actividad"}],"version-history":[{"count":5,"href":"https:\/\/ludiccc.ddns.net\/de\/wp-json\/wp\/v2\/fcm_actividad\/14025\/revisions"}],"predecessor-version":[{"id":26969,"href":"https:\/\/ludiccc.ddns.net\/de\/wp-json\/wp\/v2\/fcm_actividad\/14025\/revisions\/26969"}],"wp:featuredmedia":[{"embeddable":true,"href":"https:\/\/ludiccc.ddns.net\/de\/wp-json\/wp\/v2\/media\/24749"}],"wp:attachment":[{"href":"https:\/\/ludiccc.ddns.net\/de\/wp-json\/wp\/v2\/media?parent=14025"}],"wp:term":[{"taxonomy":"actividad_tipo","embeddable":true,"href":"https:\/\/ludiccc.ddns.net\/de\/wp-json\/wp\/v2\/actividad_tipo?post=14025"},{"taxonomy":"actividad_lugar","embeddable":true,"href":"https:\/\/ludiccc.ddns.net\/de\/wp-json\/wp\/v2\/actividad_lugar?post=14025"},{"taxonomy":"actividad_departamento","embeddable":true,"href":"https:\/\/ludiccc.ddns.net\/de\/wp-json\/wp\/v2\/actividad_departamento?post=14025"},{"taxonomy":"actividad_ciclo","embeddable":true,"href":"https:\/\/ludiccc.ddns.net\/de\/wp-json\/wp\/v2\/actividad_ciclo?post=14025"}],"curies":[{"name":"wp","href":"https:\/\/api.w.org\/{rel}","templated":true}]}}

<div class="wp-block-columns fcm-page-migration-columns is-layout-flex wp-container-core-columns-is-layout-9d6595d7 wp-block-columns-is-layout-flex"><div class="wp-block-column is-layout-flow wp-block-column-is-layout-flow" style="flex-basis:66.66%"><figure class="wp-block-image size-full"><img fetchpriority="high" width="400" height="340" src="https://fcm.local/wp-content/uploads/fc-manrique-curso-islas-y-cultura-del-territorio.jpg" class="wp-image-24749" alt="Curso «Islas y cultura del territorio»" loading="eager" decoding="async" srcset="https://fcm.local/wp-content/uploads/fc-manrique-curso-islas-y-cultura-del-territorio.jpg 400w, https://fcm.local/wp-content/uploads/fc-manrique-curso-islas-y-cultura-del-territorio-300x255.jpg 300w, https://fcm.local/wp-content/uploads/fc-manrique-curso-islas-y-cultura-del-territorio-289x246.jpg 289w" sizes="(max-width: 400px) 100vw, 400px" /></figure>
<p>Este curso se celebró los días 6, 7 y 8 de septiembre, en la sede de la Fundación César Manrique (FCM), y fue dirigido por <strong>Fernando Parra</strong>, ecólogo y técnico en planificación ambiental. </p>
<p>Con el concurso de diversas disciplinas, que a menudo se presentan insuficientemente conectadas entre sí, como la geografía, la ecología, el urbanismo o la antropología, y con una voluntad más transversal, cuando no hostil a las fronteras académicas, se pretende abordar el tema de una nueva cultura del territorio, con especial aplicación para las islas y los sistemas insularizados.</p>
<p>Este planeta, el único del que disponemos, puede ser cabalmente entendido en su funcionamiento actual global físico-ecológico sin osos pardos o ballenas azules, sin sequoyas o hayas, pero no sin bacterias —los organismos más exitosos que nunca hayan existido, hasta el punto de ser capaces de ingresar en el sistema la energía electromagnética, de procesarla, consumirla y cerrar los ciclos de materiales implicados— ni sin el hombre, el animal más capacitado para transformar radicalmente el espacio.</p>
<p>Los paisajes de las islas están frecuentemente incluidos en Espacios Naturales Protegidos; pero esos paisajes que protegemos o pretendemos proteger son resultado de determinadas condiciones litológicas, climáticas, edafológicas, biogeográficas y, sobre todo, de la secular interacción del hombre con dicho entorno. Digámoslo una vez más: los paisajes “naturales” de las islas, incluidos los de la alta montaña volcánica tienen un componente antropogénico. La conclusión primera es obvia: si pretendemos mantener esos paisajes justo como los encontramos y por lo que los apreciamos, debemos preservar igualmente sus condiciones de mantenimiento, su fisiología y no sólo su anatomía, esto es, los usos tradicionales; en caso contrario, esos ámbitos “evolucionarán” en sentidos insospechados, pero siempre distintos de los actuales.</p>
<p>De la misma manera, también se reflexionará en este curso sobre los cascos históricos, los cuales se preservan no creando parques temáticos transitados por miríadas de turistas y desprovistos de su anterior vida, sino protegiendo y fomentando las actividades urbanas que les dieron origen. </p>
<p>En el curso, <strong>Fernando Parra</strong> abordó <em>La cultura del territorio y la insularidad como descriptor de la fragilidad</em>; <strong>Ángel Martín Vicente</strong>, profesor titular de Ecología de la Universidad de Sevilla, habló sobre <em>Los ámbitos insulares: paisaje, ecología y evolución</em>; <strong>Luis Cruz Pizarro</strong>, profesor titular de Ecología de la Universidad de Granada, participó con la ponencia <em>Lagos de alta montaña: sistemas insularizados de detección rápida de cambios globales</em>; <strong>Félix de Azúa</strong>, catedrático de Estética de la E.T.S. de Arquitectura de la Universidad de Barcelona, trató <em>La conservación de los cascos históricos: ¿islas propaganda?</em>; <strong>Fernando Roch,</strong> catedrático de Urbanismo de la E.T.S. de Arquitectura de la Universidad Politécnica de Madrid, abordó <em>Los centros históricos como islas urbanas</em>; <strong>Rocío Fernández Ales</strong>, profesora titular de Ecología de la Universidad de Sevilla, disertó sobre <em>Atracción y fragilidad insulares; turismo </em>versus<em> ecología; </em>y <strong>Antonio Pérez,</strong> antropólogo, intervino con la charla <em>¿Es la insularidad una institución? Una aproximación antropológica</em>. </p></div><div class="wp-block-column is-layout-flow wp-block-column-is-layout-flow" style="flex-basis:33.33%"><div class="wp-block-group detail-panel detail-media wp-block-group-"><div class="wp-block-group__inner-container is-layout-flow wp-block-group-is-layout-flow"><p><a href="https://fcmanrique.org/wp-content/uploads/thmb_islasycultura1_640.jpg"></a></p></div></div>
<div class="wp-block-group detail-panel detail-media wp-block-group-"><div class="wp-block-group__inner-container is-layout-flow wp-block-group-is-layout-flow"><ul class="wp-block-list"><li><a href="/recursos/actividad/ponencia%20FParra.pdf" class="fcm-pdf-download-link">Ponencia de Fernando Parra</a></li><li><a href="/recursos/actividad/ponencia%20APerez.pdf" class="fcm-pdf-download-link">Ponencia de Antonio Pérez</a></li><li><a href="/recursos/actividad/dipticoislasycultura.pdf" class="fcm-pdf-download-link">Díptico del curso</a></li></ul></div></div></div></div>
