{"id":14022,"date":"2003-10-29T00:00:00","date_gmt":"2003-10-29T00:00:00","guid":{"rendered":"https:\/\/fcmanrique.org\/fcm-actividad\/que-educacion-para-que-sociedad\/"},"modified":"2026-04-23T23:19:30","modified_gmt":"2026-04-23T23:19:30","slug":"que-educacion-para-que-sociedad","status":"publish","type":"fcm_actividad","link":"https:\/\/ludiccc.ddns.net\/de\/fcm-actividad\/que-educacion-para-que-sociedad\/","title":{"rendered":"\u00bfQu\u00e9 educaci\u00f3n para qu\u00e9 sociedad?"},"content":{"rendered":"<div class=\"wp-block-columns fcm-page-migration-columns is-layout-flex wp-container-core-columns-is-layout-9d6595d7 wp-block-columns-is-layout-flex\"><div class=\"wp-block-column is-layout-flow wp-block-column-is-layout-flow\" style=\"flex-basis:66.66%\"><figure class=\"wp-block-image size-full\"><img width=\"135\" height=\"100\" src=\"https:\/\/fcm.local\/wp-content\/uploads\/thmb_thmb_queeducacion_135x100.jpg\" class=\"wp-image-14023\" alt=\"\u00bfQu\u00e9 educaci\u00f3n para qu\u00e9 sociedad?\" loading=\"eager\" decoding=\"async\" \/><\/figure>\n<p>La FCM celebr\u00f3 entre el 29 y el 31 de octubre de 2003 el seminario-taller <em>\u00bfQu\u00e9 educaci\u00f3n para qu\u00e9 sociedad?<\/em>, dirigido e impartido por Joan Subirats, catedr\u00e1tico de Ciencias Pol\u00edticas de la Universidad Aut\u00f3noma de Barcelona. <\/p>\n<p>El seminario fue presentado por el director de Actividades Fundacionales de la FCM. El director Joan Subirats realiz\u00f3 una presentaci\u00f3n del seminario-taller con la ponencia <em>El papel de la educaci\u00f3n en el nuevo contexto econ\u00f3mico, social y familiar. La perspectiva del seminario-taller. Educaci\u00f3n y exclusi\u00f3n. Educaci\u00f3n y escuela<\/em>. <\/p>\n<p>El seminario plante\u00f3 los problemas de la educaci\u00f3n hoy, en la sociedad, a trav\u00e9s de la relaci\u00f3n con la comunidad, las transformaciones sociales y las nuevas din\u00e1micas educativas. Se analiz\u00f3 el papel de los municipios en el sistema educativo, los proyectos educativos de la ciudad, las nuevas formas de participaci\u00f3n de padres y alumnos en el sistema educativo, o la perspectiva del trabajo en red entre profesionales.<\/p>\n<p>En la primera jornada, Joan Subirats abord\u00f3 el papel de la educaci\u00f3n y de las pol\u00edticas educativas. La segunda, fue dedicada al papel de la escuela y de sus profesionales, proyect\u00e1ndose la pel\u00edcula de Bertrand Tavernier, <em>Hoy empieza todo<\/em>, ocup\u00e1ndose asimismo de los d\u00e9ficits de las pol\u00edticas tradicionales y nuevas v\u00edas de respuesta. La \u00faltima jornada estuvo reservada a las conclusiones, pregunt\u00e1ndose por el papel de la educaci\u00f3n en las nuevas din\u00e1micas sociales. El seminario, para la FCM, ha pretendido hacer frente a la afirmaci\u00f3n de que \u201csi no trabajamos para construir una sociedad inclusiva y una educaci\u00f3n que busque la igualdad, aceptando la autonom\u00eda y la diversidad, el mercado acabar\u00e1 decidiendo por nosotros, y tendremos una sociedad segmentada y una educaci\u00f3n segregadora\u201d.<\/p><\/div><div class=\"wp-block-column is-layout-flow wp-block-column-is-layout-flow\" style=\"flex-basis:33.33%\"><div class=\"wp-block-group detail-panel detail-media wp-block-group-\"><div class=\"wp-block-group__inner-container is-layout-flow wp-block-group-is-layout-flow\"><p><a href=\"https:\/\/fcmanrique.org\/wp-content\/uploads\/thmb_cursoqueeducacion_241.jpg\"><\/a><\/p><\/div><\/div><\/div><\/div>","protected":false},"featured_media":14023,"parent":0,"template":"","meta":{"_acf_changed":false,"ngg_post_thumbnail":0,"footnotes":""},"actividad_tipo":[35],"actividad_lugar":[46],"actividad_departamento":[32],"actividad_ciclo":[],"class_list":["post-14022","fcm_actividad","type-fcm_actividad","status-publish","has-post-thumbnail","hentry","actividad_tipo-cursos-y-talleres","actividad_lugar-lugar-fcm","actividad_departamento-departamento-pedagogico"],"acf":[],"_links":{"self":[{"href":"https:\/\/ludiccc.ddns.net\/de\/wp-json\/wp\/v2\/fcm_actividad\/14022","targetHints":{"allow":["GET"]}}],"collection":[{"href":"https:\/\/ludiccc.ddns.net\/de\/wp-json\/wp\/v2\/fcm_actividad"}],"about":[{"href":"https:\/\/ludiccc.ddns.net\/de\/wp-json\/wp\/v2\/types\/fcm_actividad"}],"version-history":[{"count":1,"href":"https:\/\/ludiccc.ddns.net\/de\/wp-json\/wp\/v2\/fcm_actividad\/14022\/revisions"}],"predecessor-version":[{"id":27092,"href":"https:\/\/ludiccc.ddns.net\/de\/wp-json\/wp\/v2\/fcm_actividad\/14022\/revisions\/27092"}],"wp:featuredmedia":[{"embeddable":true,"href":"https:\/\/ludiccc.ddns.net\/de\/wp-json\/wp\/v2\/media\/14023"}],"wp:attachment":[{"href":"https:\/\/ludiccc.ddns.net\/de\/wp-json\/wp\/v2\/media?parent=14022"}],"wp:term":[{"taxonomy":"actividad_tipo","embeddable":true,"href":"https:\/\/ludiccc.ddns.net\/de\/wp-json\/wp\/v2\/actividad_tipo?post=14022"},{"taxonomy":"actividad_lugar","embeddable":true,"href":"https:\/\/ludiccc.ddns.net\/de\/wp-json\/wp\/v2\/actividad_lugar?post=14022"},{"taxonomy":"actividad_departamento","embeddable":true,"href":"https:\/\/ludiccc.ddns.net\/de\/wp-json\/wp\/v2\/actividad_departamento?post=14022"},{"taxonomy":"actividad_ciclo","embeddable":true,"href":"https:\/\/ludiccc.ddns.net\/de\/wp-json\/wp\/v2\/actividad_ciclo?post=14022"}],"curies":[{"name":"wp","href":"https:\/\/api.w.org\/{rel}","templated":true}]}}

¿Qué educación para qué sociedad?

<div class="wp-block-columns fcm-page-migration-columns is-layout-flex wp-container-core-columns-is-layout-9d6595d7 wp-block-columns-is-layout-flex"><div class="wp-block-column is-layout-flow wp-block-column-is-layout-flow" style="flex-basis:66.66%"><figure class="wp-block-image size-full"><img width="135" height="100" src="https://fcm.local/wp-content/uploads/thmb_thmb_queeducacion_135x100.jpg" class="wp-image-14023" alt="¿Qué educación para qué sociedad?" loading="eager" decoding="async" /></figure>
<p>La FCM celebró entre el 29 y el 31 de octubre de 2003 el seminario-taller <em>¿Qué educación para qué sociedad?</em>, dirigido e impartido por Joan Subirats, catedrático de Ciencias Políticas de la Universidad Autónoma de Barcelona. </p>
<p>El seminario fue presentado por el director de Actividades Fundacionales de la FCM. El director Joan Subirats realizó una presentación del seminario-taller con la ponencia <em>El papel de la educación en el nuevo contexto económico, social y familiar. La perspectiva del seminario-taller. Educación y exclusión. Educación y escuela</em>. </p>
<p>El seminario planteó los problemas de la educación hoy, en la sociedad, a través de la relación con la comunidad, las transformaciones sociales y las nuevas dinámicas educativas. Se analizó el papel de los municipios en el sistema educativo, los proyectos educativos de la ciudad, las nuevas formas de participación de padres y alumnos en el sistema educativo, o la perspectiva del trabajo en red entre profesionales.</p>
<p>En la primera jornada, Joan Subirats abordó el papel de la educación y de las políticas educativas. La segunda, fue dedicada al papel de la escuela y de sus profesionales, proyectándose la película de Bertrand Tavernier, <em>Hoy empieza todo</em>, ocupándose asimismo de los déficits de las políticas tradicionales y nuevas vías de respuesta. La última jornada estuvo reservada a las conclusiones, preguntándose por el papel de la educación en las nuevas dinámicas sociales. El seminario, para la FCM, ha pretendido hacer frente a la afirmación de que “si no trabajamos para construir una sociedad inclusiva y una educación que busque la igualdad, aceptando la autonomía y la diversidad, el mercado acabará decidiendo por nosotros, y tendremos una sociedad segmentada y una educación segregadora”.</p></div><div class="wp-block-column is-layout-flow wp-block-column-is-layout-flow" style="flex-basis:33.33%"><div class="wp-block-group detail-panel detail-media wp-block-group-"><div class="wp-block-group__inner-container is-layout-flow wp-block-group-is-layout-flow"><p><a href="https://fcmanrique.org/wp-content/uploads/thmb_cursoqueeducacion_241.jpg"></a></p></div></div></div></div>
