{"id":14018,"date":"2005-03-03T00:00:00","date_gmt":"2005-03-03T00:00:00","guid":{"rendered":"https:\/\/fcmanrique.org\/fcm-actividad\/sami-nair-choque-de-las-civilizacio\/"},"modified":"2026-04-23T23:19:30","modified_gmt":"2026-04-23T23:19:30","slug":"sami-nair-choque-de-las-civilizacio","status":"publish","type":"fcm_actividad","link":"https:\/\/ludiccc.ddns.net\/de\/fcm-actividad\/sami-nair-choque-de-las-civilizacio\/","title":{"rendered":"Sami Na\u00efr. <em>Choque de las civilizaciones o di\u00e1logo para la modernidad<\/em>"},"content":{"rendered":"<div class=\"wp-block-columns fcm-page-migration-columns is-layout-flex wp-container-core-columns-is-layout-9d6595d7 wp-block-columns-is-layout-flex\"><div class=\"wp-block-column is-layout-flow wp-block-column-is-layout-flow\" style=\"flex-basis:66.66%\"><figure class=\"wp-block-image size-full\"><img width=\"135\" height=\"100\" src=\"https:\/\/fcm.local\/wp-content\/uploads\/thmb_thmb_saminairconfinaug_135.jpg\" class=\"wp-image-14019\" alt=\"Sami Na\u00efr. Choque de las civilizaciones o di\u00e1logo para la modernidad\" loading=\"eager\" decoding=\"async\" \/><\/figure>\n<p>Sami Na\u00efr es fil\u00f3sofo y soci\u00f3logo. Es tambi\u00e9n catedr\u00e1tico de Ciencias Pol\u00edticas en la Universidad de Par\u00eds VIII y profesor de Ciencias Pol\u00edticas de la Universidad Carlos III de Madrid. Durante los a\u00f1os setenta y ochenta, dirigi\u00f3, con Simone de Beauvoir, la revista <em>Les Temps Modernes<\/em>. Adem\u00e1s de su actividad acad\u00e9mica, Sami Na\u00efr ha ocupado puestos de responsabilidad pol\u00edtica. Fue delegado interministerial para las pol\u00edticas de codesarrollo y migraciones internacionales bajo el gobierno de Lionel Jospin, y eurodiputado. <\/p>\n<p>Es colaborador habitual en distintos diarios, <em>El Pa\u00eds<\/em>, <em>Le Monde<\/em>, <em>Lib\u00e9ration <\/em>o <em>El Clar\u00edn<\/em>. Sami Na\u00efr est\u00e1 considerado como uno de los grandes especialistas europeos en migraciones, codesarrollo y pol\u00edtica mediterr\u00e1nea. <\/p>\n<p>Entre su obra publicada destaca<em>: Le regard des vainqueurs, les enjeux francais de l\u2019immigration <\/em>(1992); <em>Le diff\u00e9rend m\u00e9diterran\u00e9en <\/em>(1992); <em>Mediterr\u00e1neo hoy. <\/em><em>Entre el di\u00e1logo y el rechazo <\/em>(1995); <em>En el nombre de Dios <\/em>(1995); <em>Le d\u00e9placement du monde <\/em>\u2014en colaboraci\u00f3n con Javier de Lucas\u2014 (1996); <em>Politique de civilisation <\/em>\u2014en colaboraci\u00f3n con Edgar Morin\u2014 (1997); <em>Las heridas abiertas <\/em>(1998); <em>El peaje de la vida <\/em>\u2014en colaboraci\u00f3n con Juan Goytisolo\u2014 (2000); <em>La inmigraci\u00f3n explicada a mi hija <\/em>(2001); <em>Una historia que no acaba <\/em>(2001); y <em>El Imperio frente a la diversidad del mundo <\/em>(2003). <\/p>\n<p>Sami Na\u00efr inaugur\u00f3 con su conferencia <em>Choque de civilizaciones o di\u00e1logo para la modernidad <\/em>el per\u00edodo de actividades culturales de la FCM durante el a\u00f1o 2005. La conferencia se celebr\u00f3 el 3 de marzo. <\/p>\n<p>Su participaci\u00f3n abri\u00f3 un ciclo de tres intervenciones en el que se trat\u00f3 de analizar las relaciones entre Oriente y Occidente y la situaci\u00f3n de conflicto permanente en Oriente Medio. Adem\u00e1s de Sami Na\u00efr, participaron \u2014con sendas conferencias dictadas en el espacio de reflexi\u00f3n <em>Fronteras y Direcciones de Progreso<\/em> del Departamento de Medio Ambiente\u2014 el director del Instituto Cervantes de Am\u00e1n (Jordania), Carlos Varona, y la polit\u00f3loga y especialista en el mundo \u00e1rabe, Gema Mart\u00edn Mu\u00f1oz. <\/p>\n<p>Sami Na\u00efr expuso el significado de la expresi\u00f3n \u201cchoque de las culturas y de las civilizaciones\u201d, su funci\u00f3n pol\u00edtica y las estrategias desplegadas, fundamentalmente a partir de la postura de guerra de Estados Unidos en el mundo \u00e1rabe y Oriente Medio.<\/p>\n<p>El profesor Na\u00efr se pregunt\u00f3 por el camino para replantear los problemas que enemistan y describi\u00f3 tres condiciones indispensables: tolerancia, educaci\u00f3n para la tolerancia, y educaci\u00f3n para la diversidad a trav\u00e9s del encuentro, asumiendo incluso el riesgo de la confrontaci\u00f3n con el otro. La propuesta es un di\u00e1logo para llegar a un n\u00facleo de valores comunes dentro de una cultura de la modernidad. Su conferencia finaliz\u00f3 con un interesante debate, donde se reflexion\u00f3 sobre el papel de la econom\u00eda y de los procesos migratorios en este choque de civilizaciones<\/p><\/div><div class=\"wp-block-column is-layout-flow wp-block-column-is-layout-flow\" style=\"flex-basis:33.33%\"><div class=\"wp-block-group detail-panel detail-media wp-block-group-\"><div class=\"wp-block-group__inner-container is-layout-flow wp-block-group-is-layout-flow\"><p><a href=\"https:\/\/fcmanrique.org\/wp-content\/uploads\/thmb_saminairconfinaug_640.jpg\"><\/a><\/p><\/div><\/div><\/div><\/div>","protected":false},"featured_media":14019,"parent":0,"template":"","meta":{"_acf_changed":false,"ngg_post_thumbnail":0,"footnotes":""},"actividad_tipo":[34],"actividad_lugar":[46],"actividad_departamento":[31],"actividad_ciclo":[75],"class_list":["post-14018","fcm_actividad","type-fcm_actividad","status-publish","has-post-thumbnail","hentry","actividad_tipo-conferencias","actividad_lugar-lugar-fcm","actividad_departamento-departamento-de-programas-culturales","actividad_ciclo-conferencias-inaugurales"],"acf":[],"_links":{"self":[{"href":"https:\/\/ludiccc.ddns.net\/de\/wp-json\/wp\/v2\/fcm_actividad\/14018","targetHints":{"allow":["GET"]}}],"collection":[{"href":"https:\/\/ludiccc.ddns.net\/de\/wp-json\/wp\/v2\/fcm_actividad"}],"about":[{"href":"https:\/\/ludiccc.ddns.net\/de\/wp-json\/wp\/v2\/types\/fcm_actividad"}],"version-history":[{"count":1,"href":"https:\/\/ludiccc.ddns.net\/de\/wp-json\/wp\/v2\/fcm_actividad\/14018\/revisions"}],"predecessor-version":[{"id":27063,"href":"https:\/\/ludiccc.ddns.net\/de\/wp-json\/wp\/v2\/fcm_actividad\/14018\/revisions\/27063"}],"wp:featuredmedia":[{"embeddable":true,"href":"https:\/\/ludiccc.ddns.net\/de\/wp-json\/wp\/v2\/media\/14019"}],"wp:attachment":[{"href":"https:\/\/ludiccc.ddns.net\/de\/wp-json\/wp\/v2\/media?parent=14018"}],"wp:term":[{"taxonomy":"actividad_tipo","embeddable":true,"href":"https:\/\/ludiccc.ddns.net\/de\/wp-json\/wp\/v2\/actividad_tipo?post=14018"},{"taxonomy":"actividad_lugar","embeddable":true,"href":"https:\/\/ludiccc.ddns.net\/de\/wp-json\/wp\/v2\/actividad_lugar?post=14018"},{"taxonomy":"actividad_departamento","embeddable":true,"href":"https:\/\/ludiccc.ddns.net\/de\/wp-json\/wp\/v2\/actividad_departamento?post=14018"},{"taxonomy":"actividad_ciclo","embeddable":true,"href":"https:\/\/ludiccc.ddns.net\/de\/wp-json\/wp\/v2\/actividad_ciclo?post=14018"}],"curies":[{"name":"wp","href":"https:\/\/api.w.org\/{rel}","templated":true}]}}

Sami Naïr. <em>Choque de las civilizaciones o diálogo para la modernidad</em>

<div class="wp-block-columns fcm-page-migration-columns is-layout-flex wp-container-core-columns-is-layout-9d6595d7 wp-block-columns-is-layout-flex"><div class="wp-block-column is-layout-flow wp-block-column-is-layout-flow" style="flex-basis:66.66%"><figure class="wp-block-image size-full"><img width="135" height="100" src="https://fcm.local/wp-content/uploads/thmb_thmb_saminairconfinaug_135.jpg" class="wp-image-14019" alt="Sami Naïr. Choque de las civilizaciones o diálogo para la modernidad" loading="eager" decoding="async" /></figure>
<p>Sami Naïr es filósofo y sociólogo. Es también catedrático de Ciencias Políticas en la Universidad de París VIII y profesor de Ciencias Políticas de la Universidad Carlos III de Madrid. Durante los años setenta y ochenta, dirigió, con Simone de Beauvoir, la revista <em>Les Temps Modernes</em>. Además de su actividad académica, Sami Naïr ha ocupado puestos de responsabilidad política. Fue delegado interministerial para las políticas de codesarrollo y migraciones internacionales bajo el gobierno de Lionel Jospin, y eurodiputado. </p>
<p>Es colaborador habitual en distintos diarios, <em>El País</em>, <em>Le Monde</em>, <em>Libération </em>o <em>El Clarín</em>. Sami Naïr está considerado como uno de los grandes especialistas europeos en migraciones, codesarrollo y política mediterránea. </p>
<p>Entre su obra publicada destaca<em>: Le regard des vainqueurs, les enjeux francais de l’immigration </em>(1992); <em>Le différend méditerranéen </em>(1992); <em>Mediterráneo hoy. </em><em>Entre el diálogo y el rechazo </em>(1995); <em>En el nombre de Dios </em>(1995); <em>Le déplacement du monde </em>—en colaboración con Javier de Lucas— (1996); <em>Politique de civilisation </em>—en colaboración con Edgar Morin— (1997); <em>Las heridas abiertas </em>(1998); <em>El peaje de la vida </em>—en colaboración con Juan Goytisolo— (2000); <em>La inmigración explicada a mi hija </em>(2001); <em>Una historia que no acaba </em>(2001); y <em>El Imperio frente a la diversidad del mundo </em>(2003). </p>
<p>Sami Naïr inauguró con su conferencia <em>Choque de civilizaciones o diálogo para la modernidad </em>el período de actividades culturales de la FCM durante el año 2005. La conferencia se celebró el 3 de marzo. </p>
<p>Su participación abrió un ciclo de tres intervenciones en el que se trató de analizar las relaciones entre Oriente y Occidente y la situación de conflicto permanente en Oriente Medio. Además de Sami Naïr, participaron —con sendas conferencias dictadas en el espacio de reflexión <em>Fronteras y Direcciones de Progreso</em> del Departamento de Medio Ambiente— el director del Instituto Cervantes de Amán (Jordania), Carlos Varona, y la politóloga y especialista en el mundo árabe, Gema Martín Muñoz. </p>
<p>Sami Naïr expuso el significado de la expresión “choque de las culturas y de las civilizaciones”, su función política y las estrategias desplegadas, fundamentalmente a partir de la postura de guerra de Estados Unidos en el mundo árabe y Oriente Medio.</p>
<p>El profesor Naïr se preguntó por el camino para replantear los problemas que enemistan y describió tres condiciones indispensables: tolerancia, educación para la tolerancia, y educación para la diversidad a través del encuentro, asumiendo incluso el riesgo de la confrontación con el otro. La propuesta es un diálogo para llegar a un núcleo de valores comunes dentro de una cultura de la modernidad. Su conferencia finalizó con un interesante debate, donde se reflexionó sobre el papel de la economía y de los procesos migratorios en este choque de civilizaciones</p></div><div class="wp-block-column is-layout-flow wp-block-column-is-layout-flow" style="flex-basis:33.33%"><div class="wp-block-group detail-panel detail-media wp-block-group-"><div class="wp-block-group__inner-container is-layout-flow wp-block-group-is-layout-flow"><p><a href="https://fcmanrique.org/wp-content/uploads/thmb_saminairconfinaug_640.jpg"></a></p></div></div></div></div>
